{"text_format":"3","workbook":"xlsx","n_sheets":8,"sheets":["Full - No scour (R)","5m No scour (R) ","Introduction","1. CF tool","2. Relative CFs per turbine","3. Absolute CFs per turbine","4. Seabed in OWF (rel & abs)","5. Reference richness"],"not_rendered":{"charts":22},"read":"whole","date_system":"1900"}

{"sheet":"Full - No scour (R)","index":0,"n_rows":50,"n_cols":24,"rows_kept":50,"hidden":true,"merged":[[4,1,4,3],[4,4,4,11],[4,13,4,15],[4,16,4,23]]}
[]
[]
[{"$nulls":13},"Adjusted to be = 0 if <0"]
[]
[null,"PREDICTED richness at structure w/o scour at different ages",null,null,"PREDICTED richness at structure w/o scour within different species groups at different ages",{"$nulls":8},"PREDICTED richness at structure and scour  at different ages",null,null,"PREDICTED richness at structure and scour  within different species groups at different ages"]
[null,"Age [year number]","Richness","Aliens","Sponges","Cnidarians","All_worms","Snails_etc","Arthropods","Sea_mats_etc","Starfish_etc","Squirts_fish_lancelets",null,"Age [year number]","Richness","Aliens","Sponges","Cnidarians","All_worms","Snails_etc","Arthropods","Sea_mats_etc","Starfish_etc","Squirts_fish_lancelets"]
[null,1,{"$nulls":11},1,{"$f":"IF(C7<0,0,C7)","v":0},0,0,0,0,0,0,0,0,0]
[null,2,{"$nulls":11},2,{"$f":"IF(C8<0,0,C8)","v":0},0,0,0,0,0,0,0,0,0]
[null,3,{"$nulls":11},3,0,0,0,0,0,0,0,0,0,0]
[null,4,{"$nulls":11},4,0,0,0,0,0,0,0,0,0,0]
[null,5,{"$nulls":11},5,0,0,0,0,0,0,0,0,0,0]
[null,6,{"$nulls":11},6,0,0,0,0,0,0,0,0,0,0]
[null,7,{"$nulls":11},7,0,0,0,0,0,0,0,0,0,0]
[null,8,{"$nulls":11},8,0,0,0,0,0,0,0,0,0,0]
[null,9,{"$nulls":11},9,0,0,0,0,0,0,0,0,0,0]
[null,10,{"$nulls":11},10,0,0,0,0,0,0,0,0,0,0]
[null,11,{"$nulls":11},11,0,0,0,0,0,0,0,0,0,0]
[null,12,{"$nulls":11},12,0,0,0,0,0,0,0,0,0,0]
[null,13,{"$nulls":11},13,0,0,0,0,0,0,0,0,0,0]
[null,14,{"$nulls":11},14,0,0,0,0,0,0,0,0,0,0]
[null,15,{"$nulls":11},15,0,0,0,0,0,0,0,0,0,0]
[null,16,{"$nulls":11},16,0,0,0,0,0,0,0,0,0,0]
[null,17,{"$nulls":11},17,0,0,0,0,0,0,0,0,0,0]
[null,18,{"$nulls":11},18,0,0,0,0,0,0,0,0,0,0]
[null,19,{"$nulls":11},19,0,0,0,0,0,0,0,0,0,0]
[null,20,{"$nulls":11},20,0,0,0,0,0,0,0,0,0,0]
[null,21,{"$nulls":11},21,0,0,0,0,0,0,0,0,0,0]
[null,22,{"$nulls":11},22,0,0,0,0,0,0,0,0,0,0]
[null,23,{"$nulls":11},23,0,0,0,0,0,0,0,0,0,0]
[null,24,{"$nulls":11},24,0,0,0,0,0,0,0,0,0,0]
[null,25,{"$nulls":11},25,0,0,0,0,0,0,0,0,0,0]
[null,26,{"$nulls":11},26,0,0,0,0,0,0,0,0,0,0]
[null,27,{"$nulls":11},27,0,0,0,0,0,{"$f":"IF(H33<0,0,H33)","v":0},0,0,0,0]
[null,28,{"$nulls":11},28,{"$f":"IF(C34<0,0,C34)","v":0},0,{"$f":"IF(E34<0,0,E34)","v":0},{"$f":"IF(F34<0,0,F34)","v":0},0,0,0,0,0,0]
[null,29,{"$nulls":11},29,0,0,0,0,0,0,0,0,0,0]
[null,30,{"$nulls":11},30,0,0,0,0,0,0,0,0,0,0]
[null,31,{"$nulls":11},31,0,0,0,0,0,0,0,0,0,0]
[null,32,{"$nulls":11},32,0,0,0,0,0,0,0,0,0,0]
[null,33,{"$nulls":11},33,0,0,0,0,0,0,0,0,0,0]
[null,34,{"$nulls":11},34,0,0,0,0,0,0,0,0,0,0]
[null,35,{"$nulls":11},35,0,0,0,0,0,0,0,0,0,0]
[null,36,{"$nulls":11},36,0,0,0,0,0,0,0,0,0,0]
[null,37,{"$nulls":11},37,0,0,0,0,0,0,0,0,0,0]
[null,38,{"$nulls":11},38,0,0,0,0,0,0,0,0,0,0]
[null,39,{"$nulls":11},39,0,0,0,0,0,0,0,0,0,0]
[null,40,{"$nulls":11},40,0,0,0,0,0,0,0,0,0,0]
[null,41,{"$nulls":11},41,0,0,0,0,0,0,0,0,0,0]
[null,42,{"$nulls":11},42,0,0,0,0,0,0,0,0,0,0]
[null,43,{"$nulls":11},43,0,0,0,0,0,0,0,0,0,0]
[null,44,{"$nulls":11},44,0,0,0,0,0,0,0,0,0,0]

{"sheet":"5m No scour (R) ","index":1,"n_rows":50,"n_cols":24,"rows_kept":50,"hidden":true,"merged":[[4,1,4,3],[4,4,4,11],[4,13,4,15],[4,16,4,23]]}
[]
[]
[{"$nulls":13},"Adjusted to be = 0 if <0"]
[]
[null,"PREDICTED richness at bottom 5m of structure w/o scour at different ages",null,null,"PREDICTED richness at bottom 5m of structure w/o scour within different species groups at different ages",{"$nulls":8},"PREDICTED richness at structure and scour  at different ages",null,null,"PREDICTED richness at structure and scour  within different species groups at different ages"]
[null,"Age [year number]","Richness","Aliens","Sponges","Cnidarians","All_worms","Snails_etc","Arthropods","Sea_mats_etc","Starfish_etc","Squirts_fish_lancelets",null,"Age [year number]","Richness","Aliens","Sponges","Cnidarians","All_worms","Snails_etc","Arthropods","Sea_mats_etc","Starfish_etc","Squirts_fish_lancelets"]
[null,1,{"$nulls":11},1,{"$f":"IF(C7<0,0,C7)","v":0},0,0,0,0,0,0,0,0,0]
[null,2,{"$nulls":11},2,{"$f":"IF(C8<0,0,C8)","v":0},0,0,0,0,0,0,0,0,0]
[null,3,{"$nulls":11},3,0,0,0,0,0,0,0,0,0,0]
[null,4,{"$nulls":11},4,0,0,0,0,0,0,0,0,0,0]
[null,5,{"$nulls":11},5,0,0,0,0,0,0,0,0,0,0]
[null,6,{"$nulls":11},6,0,0,0,0,0,0,0,0,0,0]
[null,7,{"$nulls":11},7,0,0,0,0,0,0,0,0,0,0]
[null,8,{"$nulls":11},8,0,0,0,0,0,0,0,0,0,0]
[null,9,{"$nulls":11},9,0,0,0,0,0,0,0,0,0,0]
[null,10,{"$nulls":11},10,0,0,0,0,0,0,0,0,0,0]
[null,11,{"$nulls":11},11,0,0,0,0,0,0,0,0,0,0]
[null,12,{"$nulls":11},12,0,0,0,0,0,0,0,0,0,0]
[null,13,{"$nulls":11},13,0,0,0,0,0,0,0,0,0,0]
[null,14,{"$nulls":11},14,0,0,0,0,0,0,0,0,0,0]
[null,15,{"$nulls":11},15,0,0,0,0,0,0,0,0,0,0]
[null,16,{"$nulls":11},16,0,0,0,0,0,0,0,0,0,0]
[null,17,{"$nulls":11},17,0,0,0,0,0,0,0,0,0,0]
[null,18,{"$nulls":11},18,0,0,0,0,0,0,0,0,0,0]
[null,19,{"$nulls":11},19,0,0,0,0,0,0,0,0,0,0]
[null,20,{"$nulls":11},20,0,0,0,0,0,0,0,0,0,0]
[null,21,{"$nulls":11},21,0,0,0,0,0,0,0,0,0,0]
[null,22,{"$nulls":11},22,0,0,0,0,0,0,0,0,0,0]
[null,23,{"$nulls":11},23,0,0,0,0,0,0,0,0,0,0]
[null,24,{"$nulls":11},24,0,0,0,0,0,0,0,0,0,0]
[null,25,{"$nulls":11},25,0,0,0,0,0,0,0,0,0,0]
[null,26,{"$nulls":11},26,0,0,0,0,0,0,0,0,0,0]
[null,27,{"$nulls":11},27,0,0,0,0,0,{"$f":"IF(H33<0,0,H33)","v":0},0,0,0,0]
[null,28,{"$nulls":11},28,{"$f":"IF(C34<0,0,C34)","v":0},0,{"$f":"IF(E34<0,0,E34)","v":0},{"$f":"IF(F34<0,0,F34)","v":0},0,0,0,0,0,0]
[null,29,{"$nulls":11},29,0,0,0,0,0,0,0,0,0,0]
[null,30,{"$nulls":11},30,0,0,0,0,0,0,0,0,0,0]
[null,31,{"$nulls":11},31,0,0,0,0,0,0,0,0,0,0]
[null,32,{"$nulls":11},32,0,0,0,0,0,0,0,0,0,0]
[null,33,{"$nulls":11},33,0,0,0,0,0,0,0,0,0,0]
[null,34,{"$nulls":11},34,0,0,0,0,0,0,0,0,0,0]
[null,35,{"$nulls":11},35,0,0,0,0,0,0,0,0,0,0]
[null,36,{"$nulls":11},36,0,0,0,0,0,0,0,0,0,0]
[null,37,{"$nulls":11},37,0,0,0,0,0,0,0,0,0,0]
[null,38,{"$nulls":11},38,0,0,0,0,0,0,0,0,0,0]
[null,39,{"$nulls":11},39,0,0,0,0,0,0,0,0,0,0]
[null,40,{"$nulls":11},40,0,0,0,0,0,0,0,0,0,0]
[null,41,{"$nulls":11},41,0,0,0,0,0,0,0,0,0,0]
[null,42,{"$nulls":11},42,0,0,0,0,0,0,0,0,0,0]
[null,43,{"$nulls":11},43,0,0,0,0,0,0,0,0,0,0]
[null,44,{"$nulls":11},44,0,0,0,0,0,0,0,0,0,0]

{"sheet":"Introduction","index":2,"n_rows":23,"n_cols":2,"rows_kept":23,"merged":[[11,0,21,21]]}
["Supplementary Information 2"]
["Benefits and impacts of offshore wind farms on benthic marine biodiversity in a life cycle assessment context"]
[]
["Authors:","Liv Stranddorf (a,b,c), Francesca Verones (d), Stig Irving Olsen (a,c)"]
["Affiliations:","(a) Section for Quantitative Sustainability Assessment, Department of Environmental and Resource Engineering, Bygningstorvet, Building 115, Technical University of Denmark (DTU), 2800 Kgs. Lyngby, Denmark"]
[null,"(b) Environment and Sustainability Unit, Vattenfall Vindkraft, 6000 Kolding, Denmark"]
[null,"(c) Centre for Absolute Sustainability Assessment, Technical University of Denmark (DTU), 2800 Kgs. Lyngby, Denmark"]
[null,"(d) Industrial Ecology Programme, Department of Energy and Process Engineering, Norwegian University of Science and Technology (NTNU), 7491 Trondheim, Norway "]
[]
[]
["Introduction to Supplementary Information"]
["The Supplementary Information (SI) consists of two files: a pdf file (referenced in the manuscript as SI1) and this spreadsheet (referenced in the manuscript as SI2). This spreadsheet contains the developed Characterization Factors (CFs) for assessing impacts on benthic marine biodiversity from the construction and decommissioning of Offshore Wind Farms (OWFs) in the North Sea. The relative CFs (expressed in PDF.year) in tab 1, and the absolute CFs (expressed in the unit species.year) in tab 2. The methodological development is explained in the article, section 2.5. \n\nThe tabs in the spreadsheet contain the following:\n1. CF tool: A tool for calculating the relative (PDF.year/OWF) and absolute (species.year/OWF) impacts on benthic marine biodiversity from habitat changes associated with OWF construction and decommissioning in the North Sea.\n2. Relative CFs per turbine: The relative impacts (PDF.year) on species richness within each species group associated with construction, decommissioning, and the whole lifetime of a turbine structure.\n3. Absolue CFs per turbine: The absolute impacts (species.year) on species richness within each species group associated with construction, decommissioning, and the whole lifetime of a turbine structure.\n4. Seabed in OWF (rel & abs): The relative impacts on species (PDF.year) and the absolute impacts (species.year) from changes in the seabed within OWFs in relation to the construction and decommissioning of OWFs.\n5. Reference richness: The species richness on the reference seabed (also representing the seabed within the OWF) and the richness on the full turbine structure over the lifetime spanning from 1 to 25 years."]
{"$rows_empty":10}
["Abbreviations: OWF = Offshore Wind Farm, PDF = Potentially Disappeared Fraction of species. \n"]

{"sheet":"1. CF tool","index":3,"n_rows":112,"n_cols":12,"rows_kept":112,"merged":[[2,0,18,10],[22,0,22,2],[23,5,23,6]]}
["Application of Characterization Factors (CFs) for impacts of habitat changes associated with an OWF"]
[]
["This sheet presents a tool for calculating the relative (PDF.year/OWF) and absolute impacts (species.year/OWF) impacts on benthic marine biodiversiy from habitat changes associated with Offshore Wind Farm (OWF) construction and decommissioning in the North Sea. Additionally, it includes the impacts of the habitat changes occurring throughout the entire lifetime of an OWF, i.e., the construction and decommissioning. The modeling approach is explained in the connected research article, section 2.5. \n\nThe tool is applicable for OWFs in the North Sea with structure ages of 1-25 years. \n\nIn order to apply the tool you should indicate the following in the inventory box:\n1) The (expected) lifetime of the OWF (between 1-25 years)\n2) The number of wind turbines in the considered OWF\n3) The total area of the considered OWF\n4) The footprint area of one turbine structure, including the foundation and scour protection\n5) The relevant scenario for habitat change occurring on the turbine footprint associated with construction (construction on sandy or rocky seabed)\n6) The relevant scenario for habitat change occurring on the seabed within the OWF in relation to construction (maintain sandy seabed, maintain rocky seabed, or remove rocks)\n7) The relevant scenario for habitat change occurring on the turbine footprint associated with decommissioning (full removal, leaving scour protection, or leaving scour protection and 5 m of foundation)\n8) The relevant scenario for habitat change occurring on the seabed within the OWF in relation to construction (maintain sandy seabed, maintain rocky seabed, or remove rocks)\n\nAbbreviations: OWF = Offshore Wind Farm, PDF = Potentially Disappeared Fraction of species. "]
{"$rows_empty":18}
["Color scale ",{"$nulls":4},"Aliens","All other species "]
["The cells are colored according to what is interpreted as a positive, neutral or negative impact. The coloring is different for alien species compared to all other species groups, as and increas of alien species is not considered positive like an increase in the other species groups are in LCA.",{"$nulls":3},"Positive","Decrease in PDF.year or species.year (positive numbers)","Increase in PDF.year or species.year (negative numbers)"]
[{"$nulls":4},"No impact","Constant number of species"]
[{"$nulls":4},"Negative","Increase in PDF.year or species.year (negative numbers)","Decrease in PDF.year or species.year (positive numbers)"]
[]
[]
["Inventory box"]
[]
[null,"Wind farm measures"]
[null,"1) Age of wind farm when decommissioning",null,"years"]
[null,"2) Number of turbines",null,"-"]
[null,"3) Area of wind farm",null,"km2"]
[null,"4) Footprint area per turbine incl. scour protection",null,"m2"]
[null,"Habitat changes when constructing"]
[null,"5) Turbine footprint","Choose from dropdown"]
[null,"6) Seabed within wind farm ","Choose from dropdown"]
[null,"Habitat changes when decommissioing"]
[null,"7) Turbine footprint","Choose from dropdown"]
[null,"8) Seabed within wind farm ","Choose from dropdown"]
[]
[]
["Relative impacts"]
[]
[]
[null,"Construction","Total","Porifera","Cnidaria","Worms","Mollusca","Arthropoda","Bryozoa","Echinodermata","Chordata","Aliens"]
[null,"Turbine footprint [PDF.year/turbines]",{"$f":"IF(OR($C$31=\"\", $C$32=\"\", $C$33=\"\", $C$34=\"\",$C$35=\"Choose from dropdown\", $C$36=\"Choose from dropdown\", $C$38=\"Choose from dropdown\", $C$39=\"Choose from dropdown\"), \"\",\n    IF($C$36=\"Construction on sandy seabed\",\n        INDEX('2. Relative CFs per turbine'!B21:B45, MATCH($C$31, '2. Relative CFs per turbine'!$A$21:$A$45, 0)),\n        IF($C$36=\"Construction on rocky seabed\",\n            INDEX('2. Relative CFs per turbine'!N21:N45, MATCH($C$31, '2. Relative CFs per turbine'!$M$21:$M$45, 0)),\n            \"\"\n        )\n    )\n)","v":""},{"$f":"IF(OR($C$31=\"\", $C$32=\"\", $C$33=\"\", $C$34=\"\",$C$35=\"Choose from dropdown\", $C$36=\"Choose from dropdown\", $C$38=\"Choose from dropdown\", $C$39=\"Choose from dropdown\"), \"\",\n    IF($C$36=\"Construction on sandy seabed\",\n        INDEX('2. Relative CFs per turbine'!C21:C45, MATCH($C$31, '2. Relative CFs per turbine'!$A$21:$A$45, 0)),\n        IF($C$36=\"Construction on rocky seabed\",\n            INDEX('2. Relative CFs per turbine'!O21:O45, MATCH($C$31, '2. Relative CFs per turbine'!$M$21:$M$45, 0)),\n            \"\"\n        )\n    )\n)","v":""},{"$f":"IF(OR($C$31=\"\", $C$32=\"\", $C$33=\"\", $C$34=\"\",$C$35=\"Choose from dropdown\", $C$36=\"Choose from dropdown\", $C$38=\"Choose from dropdown\", $C$39=\"Choose from dropdown\"), \"\",\n    IF($C$36=\"Construction on sandy seabed\",\n        INDEX('2. Relative CFs per turbine'!D21:D45, MATCH($C$31, '2. Relative CFs per turbine'!$A$21:$A$45, 0)),\n        IF($C$36=\"Construction on rocky seabed\",\n            INDEX('2. Relative CFs per turbine'!P21:P45, MATCH($C$31, '2. Relative CFs per turbine'!$M$21:$M$45, 0)),\n            \"\"\n        )\n    )\n)","v":""},{"$f":"IF(OR($C$31=\"\", $C$32=\"\", $C$33=\"\", $C$34=\"\",$C$35=\"Choose from dropdown\", $C$36=\"Choose from dropdown\", $C$38=\"Choose from dropdown\", $C$39=\"Choose from dropdown\"), \"\",\n    IF($C$36=\"Construction on sandy seabed\",\n        INDEX('2. Relative CFs per turbine'!E21:E45, MATCH($C$31, '2. Relative CFs per turbine'!$A$21:$A$45, 0)),\n        IF($C$36=\"Construction on rocky seabed\",\n            INDEX('2. Relative CFs per turbine'!Q21:Q45, MATCH($C$31, '2. Relative CFs per turbine'!$M$21:$M$45, 0)),\n            \"\"\n        )\n    )\n)","v":""},{"$f":"IF(OR($C$31=\"\", $C$32=\"\", $C$33=\"\", $C$34=\"\",$C$35=\"Choose from dropdown\", $C$36=\"Choose from dropdown\", $C$38=\"Choose from dropdown\", $C$39=\"Choose from dropdown\"), \"\",\n    IF($C$36=\"Construction on sandy seabed\",\n        INDEX('2. Relative CFs per turbine'!F21:F45, MATCH($C$31, '2. Relative CFs per turbine'!$A$21:$A$45, 0)),\n        IF($C$36=\"Construction on rocky seabed\",\n            INDEX('2. Relative CFs per turbine'!R21:R45, MATCH($C$31, '2. Relative CFs per turbine'!$M$21:$M$45, 0)),\n            \"\"\n        )\n    )\n)","v":""},{"$f":"IF(OR($C$31=\"\", $C$32=\"\", $C$33=\"\", $C$34=\"\",$C$35=\"Choose from dropdown\", $C$36=\"Choose from dropdown\", $C$38=\"Choose from dropdown\", $C$39=\"Choose from dropdown\"), \"\",\n    IF($C$36=\"Construction on sandy seabed\",\n        INDEX('2. Relative CFs per turbine'!G21:G45, MATCH($C$31, '2. Relative CFs per turbine'!$A$21:$A$45, 0)),\n        IF($C$36=\"Construction on rocky seabed\",\n            INDEX('2. Relative CFs per turbine'!S21:S45, MATCH($C$31, '2. Relative CFs per turbine'!$M$21:$M$45, 0)),\n            \"\"\n        )\n    )\n)","v":""},{"$f":"IF(OR($C$31=\"\", $C$32=\"\", $C$33=\"\", $C$34=\"\",$C$35=\"Choose from dropdown\", $C$36=\"Choose from dropdown\", $C$38=\"Choose from dropdown\", $C$39=\"Choose from dropdown\"), \"\",\n    IF($C$36=\"Construction on sandy seabed\",\n        INDEX('2. Relative CFs per turbine'!H21:H45, MATCH($C$31, '2. Relative CFs per turbine'!$A$21:$A$45, 0)),\n        IF($C$36=\"Construction on rocky seabed\",\n            INDEX('2. Relative CFs per turbine'!T21:T45, MATCH($C$31, '2. Relative CFs per turbine'!$M$21:$M$45, 0)),\n            \"\"\n        )\n    )\n)","v":""},{"$f":"IF(OR($C$31=\"\", $C$32=\"\", $C$33=\"\", $C$34=\"\",$C$35=\"Choose from dropdown\", $C$36=\"Choose from dropdown\", $C$38=\"Choose from dropdown\", $C$39=\"Choose from dropdown\"), \"\",\n    IF($C$36=\"Construction on sandy seabed\",\n        INDEX('2. Relative CFs per turbine'!I21:I45, MATCH($C$31, '2. Relative CFs per turbine'!$A$21:$A$45, 0)),\n        IF($C$36=\"Construction on rocky seabed\",\n            INDEX('2. Relative CFs per turbine'!U21:U45, MATCH($C$31, '2. Relative CFs per turbine'!$M$21:$M$45, 0)),\n            \"\"\n        )\n    )\n)","v":""},{"$f":"IF(OR($C$31=\"\", $C$32=\"\", $C$33=\"\", $C$34=\"\",$C$35=\"Choose from dropdown\", $C$36=\"Choose from dropdown\", $C$38=\"Choose from dropdown\", $C$39=\"Choose from dropdown\"), \"\",\n    IF($C$36=\"Construction on sandy seabed\",\n        INDEX('2. Relative CFs per turbine'!J21:J45, MATCH($C$31, '2. Relative CFs per turbine'!$A$21:$A$45, 0)),\n        IF($C$36=\"Construction on rocky seabed\",\n            INDEX('2. Relative CFs per turbine'!V21:V45, MATCH($C$31, '2. Relative CFs per turbine'!$M$21:$M$45, 0)),\n            \"\"\n        )\n    )\n)","v":""},{"$f":"IF(OR($C$31=\"\", $C$32=\"\", $C$33=\"\", $C$34=\"\",$C$35=\"Choose from dropdown\", $C$36=\"Choose from dropdown\", $C$38=\"Choose from dropdown\", $C$39=\"Choose from dropdown\"), \"\",\n    IF($C$36=\"Construction on sandy seabed\",\n        INDEX('2. Relative CFs per turbine'!K21:K45, MATCH($C$31, '2. Relative CFs per turbine'!$A$21:$A$45, 0)),\n        IF($C$36=\"Construction on rocky seabed\",\n            INDEX('2. Relative CFs per turbine'!W21:W45, MATCH($C$31, '2. Relative CFs per turbine'!$M$21:$M$45, 0)),\n            \"\"\n        )\n    )\n)","v":""}]
[null,"Seabed within wind farm [PDF.year/seabed]",{"$f":"IF(OR($C$31=\"\", $C$32=\"\", $C$33=\"\", $C$34=\"\",$C$35=\"Choose from dropdown\", $C$36=\"Choose from dropdown\", $C$38=\"Choose from dropdown\", $C$39=\"Choose from dropdown\"), \"\",\nIF($C$37=\"Remove rocks\", INDEX('4. Seabed in OWF (rel & abs)'!N22:N46, MATCH($C$31, '4. Seabed in OWF (rel & abs)'!$A$22:$A$46, 0)), 0))","v":""},{"$f":"IF(OR($C$31=\"\", $C$32=\"\", $C$33=\"\", $C$34=\"\",$C$35=\"Choose from dropdown\", $C$36=\"Choose from dropdown\", $C$38=\"Choose from dropdown\", $C$39=\"Choose from dropdown\"), \"\",\nIF($C$37=\"Remove rocks\", INDEX('4. Seabed in OWF (rel & abs)'!O22:O46, MATCH($C$31, '4. Seabed in OWF (rel & abs)'!$A$22:$A$46, 0)), 0))","v":""},{"$f":"IF(OR($C$31=\"\", $C$32=\"\", $C$33=\"\", $C$34=\"\",$C$35=\"Choose from dropdown\", $C$36=\"Choose from dropdown\", $C$38=\"Choose from dropdown\", $C$39=\"Choose from dropdown\"), \"\",\nIF($C$37=\"Remove rocks\", INDEX('4. Seabed in OWF (rel & abs)'!P22:P46, MATCH($C$31, '4. Seabed in OWF (rel & abs)'!$A$22:$A$46, 0)), 0))","v":""},{"$f":"IF(OR($C$31=\"\", $C$32=\"\", $C$33=\"\", $C$34=\"\",$C$35=\"Choose from dropdown\", $C$36=\"Choose from dropdown\", $C$38=\"Choose from dropdown\", $C$39=\"Choose from dropdown\"), \"\",\nIF($C$37=\"Remove rocks\", INDEX('4. Seabed in OWF (rel & abs)'!Q22:Q46, MATCH($C$31, '4. Seabed in OWF (rel & abs)'!$A$22:$A$46, 0)), 0))","v":""},{"$f":"IF(OR($C$31=\"\", $C$32=\"\", $C$33=\"\", $C$34=\"\",$C$35=\"Choose from dropdown\", $C$36=\"Choose from dropdown\", $C$38=\"Choose from dropdown\", $C$39=\"Choose from dropdown\"), \"\",\nIF($C$37=\"Remove rocks\", INDEX('4. Seabed in OWF (rel & abs)'!R22:R46, MATCH($C$31, '4. Seabed in OWF (rel & abs)'!$A$22:$A$46, 0)), 0))","v":""},{"$f":"IF(OR($C$31=\"\", $C$32=\"\", $C$33=\"\", $C$34=\"\",$C$35=\"Choose from dropdown\", $C$36=\"Choose from dropdown\", $C$38=\"Choose from dropdown\", $C$39=\"Choose from dropdown\"), \"\",\nIF($C$37=\"Remove rocks\", INDEX('4. Seabed in OWF (rel & abs)'!S22:S46, MATCH($C$31, '4. Seabed in OWF (rel & abs)'!$A$22:$A$46, 0)), 0))","v":""},{"$f":"IF(OR($C$31=\"\", $C$32=\"\", $C$33=\"\", $C$34=\"\",$C$35=\"Choose from dropdown\", $C$36=\"Choose from dropdown\", $C$38=\"Choose from dropdown\", $C$39=\"Choose from dropdown\"), \"\",\nIF($C$37=\"Remove rocks\", INDEX('4. Seabed in OWF (rel & abs)'!T22:T46, MATCH($C$31, '4. Seabed in OWF (rel & abs)'!$A$22:$A$46, 0)), 0))","v":""},{"$f":"IF(OR($C$31=\"\", $C$32=\"\", $C$33=\"\", $C$34=\"\",$C$35=\"Choose from dropdown\", $C$36=\"Choose from dropdown\", $C$38=\"Choose from dropdown\", $C$39=\"Choose from dropdown\"), \"\",\nIF($C$37=\"Remove rocks\", INDEX('4. Seabed in OWF (rel & abs)'!U22:U46, MATCH($C$31, '4. Seabed in OWF (rel & abs)'!$A$22:$A$46, 0)), 0))","v":""},{"$f":"IF(OR($C$31=\"\", $C$32=\"\", $C$33=\"\", $C$34=\"\",$C$35=\"Choose from dropdown\", $C$36=\"Choose from dropdown\", $C$38=\"Choose from dropdown\", $C$39=\"Choose from dropdown\"), \"\",\nIF($C$37=\"Remove rocks\", INDEX('4. Seabed in OWF (rel & abs)'!V22:V46, MATCH($C$31, '4. Seabed in OWF (rel & abs)'!$A$22:$A$46, 0)), 0))","v":""},{"$f":"IF(OR($C$31=\"\", $C$32=\"\", $C$33=\"\", $C$34=\"\",$C$35=\"Choose from dropdown\", $C$36=\"Choose from dropdown\", $C$38=\"Choose from dropdown\", $C$39=\"Choose from dropdown\"), \"\",\nIF($C$37=\"Remove rocks\", INDEX('4. Seabed in OWF (rel & abs)'!W22:W46, MATCH($C$31, '4. Seabed in OWF (rel & abs)'!$A$22:$A$46, 0)), 0))","v":""}]
[null,"Weighted wind farm impact [PDF.year/OWF]",{"$f":"IF(OR($C$31=\"\", $C$32=\"\", $C$33=\"\", $C$34=\"\",$C$35=\"Choose from dropdown\", $C$36=\"Choose from dropdown\", $C$38=\"Choose from dropdown\", $C$39=\"Choose from dropdown\"), \"\",\n    ((C47*$C$32*$C$34)+(C48*($C$33*10^6-$C$32*$C$34)))/($C$33*10^6)\n)","v":""},"","","","","","","","",""]
[]
[null,"Decommissioning (1 year after)","Total","Porifera","Cnidaria","Worms","Mollusca","Arthropoda","Bryozoa","Echinodermata","Chordata","Aliens"]
[null,"Turbine footprint [PDF.year/turbines]",{"$f":"IF(OR($C$31=\"\", $C$32=\"\", $C$33=\"\", $C$34=\"\",$C$35=\"Choose from dropdown\", $C$36=\"Choose from dropdown\", $C$38=\"Choose from dropdown\", $C$39=\"Choose from dropdown\"), \"\",\n    IF($C$39=\"Full removal\",\n        INDEX('2. Relative CFs per turbine'!B54:B78, MATCH($C$31, '2. Relative CFs per turbine'!$A$54:$A$78, 0)),\n        IF($C$39=\"Leaving scour protection\",\n            INDEX('2. Relative CFs per turbine'!N54:N78, MATCH($C$31, '2. Relative CFs per turbine'!$M$54:$M$78, 0)),\n            IF($C$39=\"Leaving scour protection and 5 m of foundation\",\n                INDEX('2. Relative CFs per turbine'!Z54:Z78, MATCH($C$31, '2. Relative CFs per turbine'!$Y$54:$Y$78, 0)),\n                \"\"\n            )\n        )\n    )\n)","v":""},{"$f":"IF(OR($C$31=\"\", $C$32=\"\", $C$33=\"\", $C$34=\"\",$C$35=\"Choose from dropdown\", $C$36=\"Choose from dropdown\", $C$38=\"Choose from dropdown\", $C$39=\"Choose from dropdown\"), \"\",\n    IF($C$39=\"Full removal\",\n        INDEX('2. Relative CFs per turbine'!C54:C78, MATCH($C$31, '2. Relative CFs per turbine'!$A$54:$A$78, 0)),\n        IF($C$39=\"Leaving scour protection\",\n            INDEX('2. Relative CFs per turbine'!O54:O78, MATCH($C$31, '2. Relative CFs per turbine'!$M$54:$M$78, 0)),\n            IF($C$39=\"Leaving scour protection and 5 m of foundation\",\n                INDEX('2. Relative CFs per turbine'!AA54:AA78, MATCH($C$31, '2. Relative CFs per turbine'!$Y$54:$Y$78, 0)),\n                \"\"\n            )\n        )\n    )\n)","v":""},{"$f":"IF(OR($C$31=\"\", $C$32=\"\", $C$33=\"\", $C$34=\"\",$C$35=\"Choose from dropdown\", $C$36=\"Choose from dropdown\", $C$38=\"Choose from dropdown\", $C$39=\"Choose from dropdown\"), \"\",\n    IF($C$39=\"Full removal\",\n        INDEX('2. Relative CFs per turbine'!D54:D78, MATCH($C$31, '2. Relative CFs per turbine'!$A$54:$A$78, 0)),\n        IF($C$39=\"Leaving scour protection\",\n            INDEX('2. Relative CFs per turbine'!P54:P78, MATCH($C$31, '2. Relative CFs per turbine'!$M$54:$M$78, 0)),\n            IF($C$39=\"Leaving scour protection and 5 m of foundation\",\n                INDEX('2. Relative CFs per turbine'!AB54:AB78, MATCH($C$31, '2. Relative CFs per turbine'!$Y$54:$Y$78, 0)),\n                \"\"\n            )\n        )\n    )\n)","v":""},{"$f":"IF(OR($C$31=\"\", $C$32=\"\", $C$33=\"\", $C$34=\"\",$C$35=\"Choose from dropdown\", $C$36=\"Choose from dropdown\", $C$38=\"Choose from dropdown\", $C$39=\"Choose from dropdown\"), \"\",\n    IF($C$39=\"Full removal\",\n        INDEX('2. Relative CFs per turbine'!E54:E78, MATCH($C$31, '2. Relative CFs per turbine'!$A$54:$A$78, 0)),\n        IF($C$39=\"Leaving scour protection\",\n            INDEX('2. Relative CFs per turbine'!Q54:Q78, MATCH($C$31, '2. Relative CFs per turbine'!$M$54:$M$78, 0)),\n            IF($C$39=\"Leaving scour protection and 5 m of foundation\",\n                INDEX('2. Relative CFs per turbine'!AC54:AC78, MATCH($C$31, '2. Relative CFs per turbine'!$Y$54:$Y$78, 0)),\n                \"\"\n            )\n        )\n    )\n)","v":""},{"$f":"IF(OR($C$31=\"\", $C$32=\"\", $C$33=\"\", $C$34=\"\",$C$35=\"Choose from dropdown\", $C$36=\"Choose from dropdown\", $C$38=\"Choose from dropdown\", $C$39=\"Choose from dropdown\"), \"\",\n    IF($C$39=\"Full removal\",\n        INDEX('2. Relative CFs per turbine'!F54:F78, MATCH($C$31, '2. Relative CFs per turbine'!$A$54:$A$78, 0)),\n        IF($C$39=\"Leaving scour protection\",\n            INDEX('2. Relative CFs per turbine'!R54:R78, MATCH($C$31, '2. Relative CFs per turbine'!$M$54:$M$78, 0)),\n            IF($C$39=\"Leaving scour protection and 5 m of foundation\",\n                INDEX('2. Relative CFs per turbine'!AD54:AD78, MATCH($C$31, '2. Relative CFs per turbine'!$Y$54:$Y$78, 0)),\n                \"\"\n            )\n        )\n    )\n)","v":""},{"$f":"IF(OR($C$31=\"\", $C$32=\"\", $C$33=\"\", $C$34=\"\",$C$35=\"Choose from dropdown\", $C$36=\"Choose from dropdown\", $C$38=\"Choose from dropdown\", $C$39=\"Choose from dropdown\"), \"\",\n    IF($C$39=\"Full removal\",\n        INDEX('2. Relative CFs per turbine'!G54:G78, MATCH($C$31, '2. Relative CFs per turbine'!$A$54:$A$78, 0)),\n        IF($C$39=\"Leaving scour protection\",\n            INDEX('2. Relative CFs per turbine'!S54:S78, MATCH($C$31, '2. Relative CFs per turbine'!$M$54:$M$78, 0)),\n            IF($C$39=\"Leaving scour protection and 5 m of foundation\",\n                INDEX('2. Relative CFs per turbine'!AE54:AE78, MATCH($C$31, '2. Relative CFs per turbine'!$Y$54:$Y$78, 0)),\n                \"\"\n            )\n        )\n    )\n)","v":""},{"$f":"IF(OR($C$31=\"\", $C$32=\"\", $C$33=\"\", $C$34=\"\",$C$35=\"Choose from dropdown\", $C$36=\"Choose from dropdown\", $C$38=\"Choose from dropdown\", $C$39=\"Choose from dropdown\"), \"\",\n    IF($C$39=\"Full removal\",\n        INDEX('2. Relative CFs per turbine'!H54:H78, MATCH($C$31, '2. Relative CFs per turbine'!$A$54:$A$78, 0)),\n        IF($C$39=\"Leaving scour protection\",\n            INDEX('2. Relative CFs per turbine'!T54:T78, MATCH($C$31, '2. Relative CFs per turbine'!$M$54:$M$78, 0)),\n            IF($C$39=\"Leaving scour protection and 5 m of foundation\",\n                INDEX('2. Relative CFs per turbine'!AF54:AF78, MATCH($C$31, '2. Relative CFs per turbine'!$Y$54:$Y$78, 0)),\n                \"\"\n            )\n        )\n    )\n)","v":""},{"$f":"IF(OR($C$31=\"\", $C$32=\"\", $C$33=\"\", $C$34=\"\",$C$35=\"Choose from dropdown\", $C$36=\"Choose from dropdown\", $C$38=\"Choose from dropdown\", $C$39=\"Choose from dropdown\"), \"\",\n    IF($C$39=\"Full removal\",\n        INDEX('2. Relative CFs per turbine'!I54:I78, MATCH($C$31, '2. Relative CFs per turbine'!$A$54:$A$78, 0)),\n        IF($C$39=\"Leaving scour protection\",\n            INDEX('2. Relative CFs per turbine'!U54:U78, MATCH($C$31, '2. Relative CFs per turbine'!$M$54:$M$78, 0)),\n            IF($C$39=\"Leaving scour protection and 5 m of foundation\",\n                INDEX('2. Relative CFs per turbine'!AG54:AG78, MATCH($C$31, '2. Relative CFs per turbine'!$Y$54:$Y$78, 0)),\n                \"\"\n            )\n        )\n    )\n)","v":""},{"$f":"IF(OR($C$31=\"\", $C$32=\"\", $C$33=\"\", $C$34=\"\",$C$35=\"Choose from dropdown\", $C$36=\"Choose from dropdown\", $C$38=\"Choose from dropdown\", $C$39=\"Choose from dropdown\"), \"\",\n    IF($C$39=\"Full removal\",\n        INDEX('2. Relative CFs per turbine'!J54:J78, MATCH($C$31, '2. Relative CFs per turbine'!$A$54:$A$78, 0)),\n        IF($C$39=\"Leaving scour protection\",\n            INDEX('2. Relative CFs per turbine'!V54:V78, MATCH($C$31, '2. Relative CFs per turbine'!$M$54:$M$78, 0)),\n            IF($C$39=\"Leaving scour protection and 5 m of foundation\",\n                INDEX('2. Relative CFs per turbine'!AH54:AH78, MATCH($C$31, '2. Relative CFs per turbine'!$Y$54:$Y$78, 0)),\n                \"\"\n            )\n        )\n    )\n)","v":""},{"$f":"IF(OR($C$31=\"\", $C$32=\"\", $C$33=\"\", $C$34=\"\",$C$35=\"Choose from dropdown\", $C$36=\"Choose from dropdown\", $C$38=\"Choose from dropdown\", $C$39=\"Choose from dropdown\"), \"\",\n    IF($C$39=\"Full removal\",\n        INDEX('2. Relative CFs per turbine'!K54:K78, MATCH($C$31, '2. Relative CFs per turbine'!$A$54:$A$78, 0)),\n        IF($C$39=\"Leaving scour protection\",\n            INDEX('2. Relative CFs per turbine'!W54:W78, MATCH($C$31, '2. Relative CFs per turbine'!$M$54:$M$78, 0)),\n            IF($C$39=\"Leaving scour protection and 5 m of foundation\",\n                INDEX('2. Relative CFs per turbine'!AI54:AI78, MATCH($C$31, '2. Relative CFs per turbine'!$Y$54:$Y$78, 0)),\n                \"\"\n            )\n        )\n    )\n)","v":""}]
[null,"Seabed within wind farm [PDF.year/seabed]",{"$f":"IF(OR($C$31=\"\", $C$32=\"\", $C$33=\"\", $C$34=\"\",$C$35=\"Choose from dropdown\", $C$36=\"Choose from dropdown\", $C$38=\"Choose from dropdown\", $C$39=\"Choose from dropdown\"), \"\",\nIF($C$40=\"Remove rocks\",INDEX('4. Seabed in OWF (rel & abs)'!B55:B55,0),0))","v":""},{"$f":"IF(OR($C$31=\"\", $C$32=\"\", $C$33=\"\", $C$34=\"\",$C$35=\"Choose from dropdown\", $C$36=\"Choose from dropdown\", $C$38=\"Choose from dropdown\", $C$39=\"Choose from dropdown\"), \"\",\nIF($C$40=\"Remove rocks\",INDEX('4. Seabed in OWF (rel & abs)'!C55:C55,0),0))","v":""},{"$f":"IF(OR($C$31=\"\", $C$32=\"\", $C$33=\"\", $C$34=\"\",$C$35=\"Choose from dropdown\", $C$36=\"Choose from dropdown\", $C$38=\"Choose from dropdown\", $C$39=\"Choose from dropdown\"), \"\",\nIF($C$40=\"Remove rocks\",INDEX('4. Seabed in OWF (rel & abs)'!D55:D55,0),0))","v":""},{"$f":"IF(OR($C$31=\"\", $C$32=\"\", $C$33=\"\", $C$34=\"\",$C$35=\"Choose from dropdown\", $C$36=\"Choose from dropdown\", $C$38=\"Choose from dropdown\", $C$39=\"Choose from dropdown\"), \"\",\nIF($C$40=\"Remove rocks\",INDEX('4. Seabed in OWF (rel & abs)'!E55:E55,0),0))","v":""},{"$f":"IF(OR($C$31=\"\", $C$32=\"\", $C$33=\"\", $C$34=\"\",$C$35=\"Choose from dropdown\", $C$36=\"Choose from dropdown\", $C$38=\"Choose from dropdown\", $C$39=\"Choose from dropdown\"), \"\",\nIF($C$40=\"Remove rocks\",INDEX('4. Seabed in OWF (rel & abs)'!F55:F55,0),0))","v":""},{"$f":"IF(OR($C$31=\"\", $C$32=\"\", $C$33=\"\", $C$34=\"\",$C$35=\"Choose from dropdown\", $C$36=\"Choose from dropdown\", $C$38=\"Choose from dropdown\", $C$39=\"Choose from dropdown\"), \"\",\nIF($C$40=\"Remove rocks\",INDEX('4. Seabed in OWF (rel & abs)'!G55:G55,0),0))","v":""},{"$f":"IF(OR($C$31=\"\", $C$32=\"\", $C$33=\"\", $C$34=\"\",$C$35=\"Choose from dropdown\", $C$36=\"Choose from dropdown\", $C$38=\"Choose from dropdown\", $C$39=\"Choose from dropdown\"), \"\",\nIF($C$40=\"Remove rocks\",INDEX('4. Seabed in OWF (rel & abs)'!H55:H55,0),0))","v":""},{"$f":"IF(OR($C$31=\"\", $C$32=\"\", $C$33=\"\", $C$34=\"\",$C$35=\"Choose from dropdown\", $C$36=\"Choose from dropdown\", $C$38=\"Choose from dropdown\", $C$39=\"Choose from dropdown\"), \"\",\nIF($C$40=\"Remove rocks\",INDEX('4. Seabed in OWF (rel & abs)'!I55:I55,0),0))","v":""},{"$f":"IF(OR($C$31=\"\", $C$32=\"\", $C$33=\"\", $C$34=\"\",$C$35=\"Choose from dropdown\", $C$36=\"Choose from dropdown\", $C$38=\"Choose from dropdown\", $C$39=\"Choose from dropdown\"), \"\",\nIF($C$40=\"Remove rocks\",INDEX('4. Seabed in OWF (rel & abs)'!J55:J55,0),0))","v":""},{"$f":"IF(OR($C$31=\"\", $C$32=\"\", $C$33=\"\", $C$34=\"\",$C$35=\"Choose from dropdown\", $C$36=\"Choose from dropdown\", $C$38=\"Choose from dropdown\", $C$39=\"Choose from dropdown\"), \"\",\nIF($C$40=\"Remove rocks\",INDEX('4. Seabed in OWF (rel & abs)'!K55:K55,0),0))","v":""}]
[null,"Weighted wind farm impact [PDF.year/OWF]",{"$f":"IF(OR($C$31=\"\", $C$32=\"\", $C$33=\"\", $C$34=\"\",$C$35=\"Choose from dropdown\", $C$36=\"Choose from dropdown\", $C$38=\"Choose from dropdown\", $C$39=\"Choose from dropdown\"), \"\",\n((C52*$C$32*$C$34)+(C53*($C$33*10^6-$C$32*$C$34)))/($C$33*10^6)\n)","v":""},"","","","","","","","",""]
[]
[null,"Decommissioning (25 year after)","Total","Porifera","Cnidaria","Worms","Mollusca","Arthropoda","Bryozoa","Echinodermata","Chordata","Aliens"]
[null,"Turbine footprint [PDF.year/turbines]",{"$f":"IF(OR($C$31=\"\", $C$32=\"\", $C$33=\"\", $C$34=\"\",$C$35=\"Choose from dropdown\", $C$36=\"Choose from dropdown\", $C$38=\"Choose from dropdown\", $C$39=\"Choose from dropdown\"), \"\",\nIF($C$39=\"Full removal\",\nINDEX('2. Relative CFs per turbine'!B85:B109,MATCH($C$31,'2. Relative CFs per turbine'!$A$85:$A$109,0)),\nIF($C$39=\"Leaving scour protection\",\nINDEX('2. Relative CFs per turbine'!N85:N109,MATCH($C$31,'2. Relative CFs per turbine'!$M$85:$M$109,0)),\nIF($C$39=\"Leaving scour protection and 5 m of foundation\",\nINDEX('2. Relative CFs per turbine'!Z85:Z109,MATCH($C$31,'2. Relative CFs per turbine'!$Y$85:$Y$109,0)),\n\"\"\n)\n)))","v":""},{"$f":"IF(OR($C$31=\"\", $C$32=\"\", $C$33=\"\", $C$34=\"\",$C$35=\"Choose from dropdown\", $C$36=\"Choose from dropdown\", $C$38=\"Choose from dropdown\", $C$39=\"Choose from dropdown\"), \"\",\nIF($C$39=\"Full removal\",\nINDEX('2. Relative CFs per turbine'!C85:C109,MATCH($C$31,'2. Relative CFs per turbine'!$A$85:$A$109,0)),\nIF($C$39=\"Leaving scour protection\",\nINDEX('2. Relative CFs per turbine'!O85:O109,MATCH($C$31,'2. Relative CFs per turbine'!$M$85:$M$109,0)),\nIF($C$39=\"Leaving scour protection and 5 m of foundation\",\nINDEX('2. Relative CFs per turbine'!AA85:AA109,MATCH($C$31,'2. Relative CFs per turbine'!$Y$85:$Y$109,0)),\n\"\"\n)\n)))","v":""},{"$f":"IF(OR($C$31=\"\", $C$32=\"\", $C$33=\"\", $C$34=\"\",$C$35=\"Choose from dropdown\", $C$36=\"Choose from dropdown\", $C$38=\"Choose from dropdown\", $C$39=\"Choose from dropdown\"), \"\",\nIF($C$39=\"Full removal\",\nINDEX('2. Relative CFs per turbine'!D85:D109,MATCH($C$31,'2. Relative CFs per turbine'!$A$85:$A$109,0)),\nIF($C$39=\"Leaving scour protection\",\nINDEX('2. Relative CFs per turbine'!P85:P109,MATCH($C$31,'2. Relative CFs per turbine'!$M$85:$M$109,0)),\nIF($C$39=\"Leaving scour protection and 5 m of foundation\",\nINDEX('2. Relative CFs per turbine'!AB85:AB109,MATCH($C$31,'2. Relative CFs per turbine'!$Y$85:$Y$109,0)),\n\"\"\n)\n)))","v":""},{"$f":"IF(OR($C$31=\"\", $C$32=\"\", $C$33=\"\", $C$34=\"\",$C$35=\"Choose from dropdown\", $C$36=\"Choose from dropdown\", $C$38=\"Choose from dropdown\", $C$39=\"Choose from dropdown\"), \"\",\nIF($C$39=\"Full removal\",\nINDEX('2. Relative CFs per turbine'!E85:E109,MATCH($C$31,'2. Relative CFs per turbine'!$A$85:$A$109,0)),\nIF($C$39=\"Leaving scour protection\",\nINDEX('2. Relative CFs per turbine'!Q85:Q109,MATCH($C$31,'2. Relative CFs per turbine'!$M$85:$M$109,0)),\nIF($C$39=\"Leaving scour protection and 5 m of foundation\",\nINDEX('2. Relative CFs per turbine'!AC85:AC109,MATCH($C$31,'2. Relative CFs per turbine'!$Y$85:$Y$109,0)),\n\"\"\n)\n)))","v":""},{"$f":"IF(OR($C$31=\"\", $C$32=\"\", $C$33=\"\", $C$34=\"\",$C$35=\"Choose from dropdown\", $C$36=\"Choose from dropdown\", $C$38=\"Choose from dropdown\", $C$39=\"Choose from dropdown\"), \"\",\nIF($C$39=\"Full removal\",\nINDEX('2. Relative CFs per turbine'!F85:F109,MATCH($C$31,'2. Relative CFs per turbine'!$A$85:$A$109,0)),\nIF($C$39=\"Leaving scour protection\",\nINDEX('2. Relative CFs per turbine'!R85:R109,MATCH($C$31,'2. Relative CFs per turbine'!$M$85:$M$109,0)),\nIF($C$39=\"Leaving scour protection and 5 m of foundation\",\nINDEX('2. Relative CFs per turbine'!AD85:AD109,MATCH($C$31,'2. Relative CFs per turbine'!$Y$85:$Y$109,0)),\n\"\"\n)\n)))","v":""},{"$f":"IF(OR($C$31=\"\", $C$32=\"\", $C$33=\"\", $C$34=\"\",$C$35=\"Choose from dropdown\", $C$36=\"Choose from dropdown\", $C$38=\"Choose from dropdown\", $C$39=\"Choose from dropdown\"), \"\",\nIF($C$39=\"Full removal\",\nINDEX('2. Relative CFs per turbine'!G85:G109,MATCH($C$31,'2. Relative CFs per turbine'!$A$85:$A$109,0)),\nIF($C$39=\"Leaving scour protection\",\nINDEX('2. Relative CFs per turbine'!S85:S109,MATCH($C$31,'2. Relative CFs per turbine'!$M$85:$M$109,0)),\nIF($C$39=\"Leaving scour protection and 5 m of foundation\",\nINDEX('2. Relative CFs per turbine'!AE85:AE109,MATCH($C$31,'2. Relative CFs per turbine'!$Y$85:$Y$109,0)),\n\"\"\n)\n)))","v":""},{"$f":"IF(OR($C$31=\"\", $C$32=\"\", $C$33=\"\", $C$34=\"\",$C$35=\"Choose from dropdown\", $C$36=\"Choose from dropdown\", $C$38=\"Choose from dropdown\", $C$39=\"Choose from dropdown\"), \"\",\nIF($C$39=\"Full removal\",\nINDEX('2. Relative CFs per turbine'!H85:H109,MATCH($C$31,'2. Relative CFs per turbine'!$A$85:$A$109,0)),\nIF($C$39=\"Leaving scour protection\",\nINDEX('2. Relative CFs per turbine'!T85:T109,MATCH($C$31,'2. Relative CFs per turbine'!$M$85:$M$109,0)),\nIF($C$39=\"Leaving scour protection and 5 m of foundation\",\nINDEX('2. Relative CFs per turbine'!AF85:AF109,MATCH($C$31,'2. Relative CFs per turbine'!$Y$85:$Y$109,0)),\n\"\"\n)\n)))","v":""},{"$f":"IF(OR($C$31=\"\", $C$32=\"\", $C$33=\"\", $C$34=\"\",$C$35=\"Choose from dropdown\", $C$36=\"Choose from dropdown\", $C$38=\"Choose from dropdown\", $C$39=\"Choose from dropdown\"), \"\",\nIF($C$39=\"Full removal\",\nINDEX('2. Relative CFs per turbine'!I85:I109,MATCH($C$31,'2. Relative CFs per turbine'!$A$85:$A$109,0)),\nIF($C$39=\"Leaving scour protection\",\nINDEX('2. Relative CFs per turbine'!U85:U109,MATCH($C$31,'2. Relative CFs per turbine'!$M$85:$M$109,0)),\nIF($C$39=\"Leaving scour protection and 5 m of foundation\",\nINDEX('2. Relative CFs per turbine'!AG85:AG109,MATCH($C$31,'2. Relative CFs per turbine'!$Y$85:$Y$109,0)),\n\"\"\n)\n)))","v":""},{"$f":"IF(OR($C$31=\"\", $C$32=\"\", $C$33=\"\", $C$34=\"\",$C$35=\"Choose from dropdown\", $C$36=\"Choose from dropdown\", $C$38=\"Choose from dropdown\", $C$39=\"Choose from dropdown\"), \"\",\nIF($C$39=\"Full removal\",\nINDEX('2. Relative CFs per turbine'!J85:J109,MATCH($C$31,'2. Relative CFs per turbine'!$A$85:$A$109,0)),\nIF($C$39=\"Leaving scour protection\",\nINDEX('2. Relative CFs per turbine'!V85:V109,MATCH($C$31,'2. Relative CFs per turbine'!$M$85:$M$109,0)),\nIF($C$39=\"Leaving scour protection and 5 m of foundation\",\nINDEX('2. Relative CFs per turbine'!AH85:AH109,MATCH($C$31,'2. Relative CFs per turbine'!$Y$85:$Y$109,0)),\n\"\"\n)\n)))","v":""},{"$f":"IF(OR($C$31=\"\", $C$32=\"\", $C$33=\"\", $C$34=\"\",$C$35=\"Choose from dropdown\", $C$36=\"Choose from dropdown\", $C$38=\"Choose from dropdown\", $C$39=\"Choose from dropdown\"), \"\",\nIF($C$39=\"Full removal\",\nINDEX('2. Relative CFs per turbine'!K85:K109,MATCH($C$31,'2. Relative CFs per turbine'!$A$85:$A$109,0)),\nIF($C$39=\"Leaving scour protection\",\nINDEX('2. Relative CFs per turbine'!W85:W109,MATCH($C$31,'2. Relative CFs per turbine'!$M$85:$M$109,0)),\nIF($C$39=\"Leaving scour protection and 5 m of foundation\",\nINDEX('2. Relative CFs per turbine'!AI85:AI109,MATCH($C$31,'2. Relative CFs per turbine'!$Y$85:$Y$109,0)),\n\"\"\n)\n)))","v":""}]
[null,"Seabed within wind farm [PDF.year/seabed]",{"$f":"IF(OR($C$31=\"\", $C$32=\"\", $C$33=\"\", $C$34=\"\",$C$35=\"Choose from dropdown\", $C$36=\"Choose from dropdown\", $C$38=\"Choose from dropdown\", $C$39=\"Choose from dropdown\"), \"\",\nIF($C$40=\"Remove rocks\",INDEX('4. Seabed in OWF (rel & abs)'!B62,0),0))","v":""},{"$f":"IF(OR($C$31=\"\", $C$32=\"\", $C$33=\"\", $C$34=\"\",$C$35=\"Choose from dropdown\", $C$36=\"Choose from dropdown\", $C$38=\"Choose from dropdown\", $C$39=\"Choose from dropdown\"), \"\",\nIF($C$40=\"Remove rocks\",INDEX('4. Seabed in OWF (rel & abs)'!C62,0),0))","v":""},{"$f":"IF(OR($C$31=\"\", $C$32=\"\", $C$33=\"\", $C$34=\"\",$C$35=\"Choose from dropdown\", $C$36=\"Choose from dropdown\", $C$38=\"Choose from dropdown\", $C$39=\"Choose from dropdown\"), \"\",\nIF($C$40=\"Remove rocks\",INDEX('4. Seabed in OWF (rel & abs)'!D62,0),0))","v":""},{"$f":"IF(OR($C$31=\"\", $C$32=\"\", $C$33=\"\", $C$34=\"\",$C$35=\"Choose from dropdown\", $C$36=\"Choose from dropdown\", $C$38=\"Choose from dropdown\", $C$39=\"Choose from dropdown\"), \"\",\nIF($C$40=\"Remove rocks\",INDEX('4. Seabed in OWF (rel & abs)'!E62,0),0))","v":""},{"$f":"IF(OR($C$31=\"\", $C$32=\"\", $C$33=\"\", $C$34=\"\",$C$35=\"Choose from dropdown\", $C$36=\"Choose from dropdown\", $C$38=\"Choose from dropdown\", $C$39=\"Choose from dropdown\"), \"\",\nIF($C$40=\"Remove rocks\",INDEX('4. Seabed in OWF (rel & abs)'!F62,0),0))","v":""},{"$f":"IF(OR($C$31=\"\", $C$32=\"\", $C$33=\"\", $C$34=\"\",$C$35=\"Choose from dropdown\", $C$36=\"Choose from dropdown\", $C$38=\"Choose from dropdown\", $C$39=\"Choose from dropdown\"), \"\",\nIF($C$40=\"Remove rocks\",INDEX('4. Seabed in OWF (rel & abs)'!G62,0),0))","v":""},{"$f":"IF(OR($C$31=\"\", $C$32=\"\", $C$33=\"\", $C$34=\"\",$C$35=\"Choose from dropdown\", $C$36=\"Choose from dropdown\", $C$38=\"Choose from dropdown\", $C$39=\"Choose from dropdown\"), \"\",\nIF($C$40=\"Remove rocks\",INDEX('4. Seabed in OWF (rel & abs)'!H62,0),0))","v":""},{"$f":"IF(OR($C$31=\"\", $C$32=\"\", $C$33=\"\", $C$34=\"\",$C$35=\"Choose from dropdown\", $C$36=\"Choose from dropdown\", $C$38=\"Choose from dropdown\", $C$39=\"Choose from dropdown\"), \"\",\nIF($C$40=\"Remove rocks\",INDEX('4. Seabed in OWF (rel & abs)'!I62,0),0))","v":""},{"$f":"IF(OR($C$31=\"\", $C$32=\"\", $C$33=\"\", $C$34=\"\",$C$35=\"Choose from dropdown\", $C$36=\"Choose from dropdown\", $C$38=\"Choose from dropdown\", $C$39=\"Choose from dropdown\"), \"\",\nIF($C$40=\"Remove rocks\",INDEX('4. Seabed in OWF (rel & abs)'!J62,0),0))","v":""},{"$f":"IF(OR($C$31=\"\", $C$32=\"\", $C$33=\"\", $C$34=\"\",$C$35=\"Choose from dropdown\", $C$36=\"Choose from dropdown\", $C$38=\"Choose from dropdown\", $C$39=\"Choose from dropdown\"), \"\",\nIF($C$40=\"Remove rocks\",INDEX('4. Seabed in OWF (rel & abs)'!K62,0),0))","v":""}]
[null,"Weighted wind farm impact [PDF.year/OWF]",{"$f":"IF(OR($C$31=\"\", $C$32=\"\", $C$33=\"\", $C$34=\"\",$C$35=\"Choose from dropdown\", $C$36=\"Choose from dropdown\", $C$38=\"Choose from dropdown\", $C$39=\"Choose from dropdown\"), \"\",\n((C57*$C$32*$C$34)+(C58*($C$33*10^6-$C$32*$C$34)))/($C$33*10^6))","v":""},"","","","","","","","",""]
[]
[null,"Lifetime (1 year after decom.)","Total","Porifera","Cnidaria","Worms","Mollusca","Arthropoda","Bryozoa","Echinodermata","Chordata","Aliens"]
[null,"Turbine footprint [PDF.year/turbines]",{"$f":"IF(OR($C$31=\"\", $C$32=\"\", $C$33=\"\", $C$34=\"\",$C$35=\"Choose from dropdown\", $C$36=\"Choose from dropdown\", $C$38=\"Choose from dropdown\", $C$39=\"Choose from dropdown\"), \"\",\nIF(AND($C$36=\"Construction on sandy seabed\", $C$39=\"Leaving scour protection\"),\n    INDEX('2. Relative CFs per turbine'!N116:N140, MATCH($C$31, '2. Relative CFs per turbine'!$M$116:$M$140, 0)),\n    IF(AND($C$36=\"Construction on sandy seabed\", $C$39=\"Leaving scour protection and 5 m of foundation\"),\n        INDEX('2. Relative CFs per turbine'!Z116:Z140, MATCH($C$31, '2. Relative CFs per turbine'!$Y$116:$Y$140, 0)),\n        IF(AND($C$36=\"Construction on rocky seabed\", $C$39=\"Full removal\"),\n            INDEX('2. Relative CFs per turbine'!B145:B169, MATCH($C$31, '2. Relative CFs per turbine'!$A$145:$A$169, 0)),\n            IF(AND($C$36=\"Construction on rocky seabed\", $C$39=\"Leaving scour protection\"),\n                INDEX('2. Relative CFs per turbine'!N145:N169, MATCH($C$31, '2. Relative CFs per turbine'!$M$145:$M$169, 0)),\n                IF(AND($C$36=\"Construction on rocky seabed\", $C$39=\"Leaving scour protection and 5 m of foundation\"),\n                    INDEX('2. Relative CFs per turbine'!Z145:Z169, MATCH($C$31, '2. Relative CFs per turbine'!$Y$145:$Y$169, 0)),\n                    0\n                )\n            )\n        )\n    )\n))","v":""},{"$f":"IF(OR($C$31=\"\", $C$32=\"\", $C$33=\"\", $C$34=\"\",$C$35=\"Choose from dropdown\", $C$36=\"Choose from dropdown\", $C$38=\"Choose from dropdown\", $C$39=\"Choose from dropdown\"), \"\",\nIF(AND($C$36=\"Construction on sandy seabed\", $C$39=\"Leaving scour protection\"),\n    INDEX('2. Relative CFs per turbine'!O116:O140, MATCH($C$31, '2. Relative CFs per turbine'!$M$116:$M$140, 0)),\n    IF(AND($C$36=\"Construction on sandy seabed\", $C$39=\"Leaving scour protection and 5 m of foundation\"),\n        INDEX('2. Relative CFs per turbine'!AA116:AA140, MATCH($C$31, '2. Relative CFs per turbine'!$Y$116:$Y$140, 0)),\n        IF(AND($C$36=\"Construction on rocky seabed\", $C$39=\"Full removal\"),\n            INDEX('2. Relative CFs per turbine'!C145:C169, MATCH($C$31, '2. Relative CFs per turbine'!$A$145:$A$169, 0)),\n            IF(AND($C$36=\"Construction on rocky seabed\", $C$39=\"Leaving scour protection\"),\n                INDEX('2. Relative CFs per turbine'!O145:O169, MATCH($C$31, '2. Relative CFs per turbine'!$M$145:$M$169, 0)),\n                IF(AND($C$36=\"Construction on rocky seabed\", $C$39=\"Leaving scour protection and 5 m of foundation\"),\n                    INDEX('2. Relative CFs per turbine'!AA145:AA169, MATCH($C$31, '2. Relative CFs per turbine'!$Y$145:$Y$169, 0)),\n                    0\n                )\n            )\n        )\n    )\n))","v":""},{"$f":"IF(OR($C$31=\"\", $C$32=\"\", $C$33=\"\", $C$34=\"\",$C$35=\"Choose from dropdown\", $C$36=\"Choose from dropdown\", $C$38=\"Choose from dropdown\", $C$39=\"Choose from dropdown\"), \"\",\nIF(AND($C$36=\"Construction on sandy seabed\", $C$39=\"Leaving scour protection\"),\n    INDEX('2. Relative CFs per turbine'!P116:P140, MATCH($C$31, '2. Relative CFs per turbine'!$M$116:$M$140, 0)),\n    IF(AND($C$36=\"Construction on sandy seabed\", $C$39=\"Leaving scour protection and 5 m of foundation\"),\n        INDEX('2. Relative CFs per turbine'!AB116:AB140, MATCH($C$31, '2. Relative CFs per turbine'!$Y$116:$Y$140, 0)),\n        IF(AND($C$36=\"Construction on rocky seabed\", $C$39=\"Full removal\"),\n            INDEX('2. Relative CFs per turbine'!D145:D169, MATCH($C$31, '2. Relative CFs per turbine'!$A$145:$A$169, 0)),\n            IF(AND($C$36=\"Construction on rocky seabed\", $C$39=\"Leaving scour protection\"),\n                INDEX('2. Relative CFs per turbine'!P145:P169, MATCH($C$31, '2. Relative CFs per turbine'!$M$145:$M$169, 0)),\n                IF(AND($C$36=\"Construction on rocky seabed\", $C$39=\"Leaving scour protection and 5 m of foundation\"),\n                    INDEX('2. Relative CFs per turbine'!AB145:AB169, MATCH($C$31, '2. Relative CFs per turbine'!$Y$145:$Y$169, 0)),\n                    0\n                )\n            )\n        )\n    )\n))","v":""},{"$f":"IF(OR($C$31=\"\", $C$32=\"\", $C$33=\"\", $C$34=\"\",$C$35=\"Choose from dropdown\", $C$36=\"Choose from dropdown\", $C$38=\"Choose from dropdown\", $C$39=\"Choose from dropdown\"), \"\",\nIF(AND($C$36=\"Construction on sandy seabed\", $C$39=\"Leaving scour protection\"),\n    INDEX('2. Relative CFs per turbine'!Q116:Q140, MATCH($C$31, '2. Relative CFs per turbine'!$M$116:$M$140, 0)),\n    IF(AND($C$36=\"Construction on sandy seabed\", $C$39=\"Leaving scour protection and 5 m of foundation\"),\n        INDEX('2. Relative CFs per turbine'!AC116:AC140, MATCH($C$31, '2. Relative CFs per turbine'!$Y$116:$Y$140, 0)),\n        IF(AND($C$36=\"Construction on rocky seabed\", $C$39=\"Full removal\"),\n            INDEX('2. Relative CFs per turbine'!E145:E169, MATCH($C$31, '2. Relative CFs per turbine'!$A$145:$A$169, 0)),\n            IF(AND($C$36=\"Construction on rocky seabed\", $C$39=\"Leaving scour protection\"),\n                INDEX('2. Relative CFs per turbine'!Q145:Q169, MATCH($C$31, '2. Relative CFs per turbine'!$M$145:$M$169, 0)),\n                IF(AND($C$36=\"Construction on rocky seabed\", $C$39=\"Leaving scour protection and 5 m of foundation\"),\n                    INDEX('2. Relative CFs per turbine'!AC145:AC169, MATCH($C$31, '2. Relative CFs per turbine'!$Y$145:$Y$169, 0)),\n                    0\n                )\n            )\n        )\n    )\n))","v":""},{"$f":"IF(OR($C$31=\"\", $C$32=\"\", $C$33=\"\", $C$34=\"\",$C$35=\"Choose from dropdown\", $C$36=\"Choose from dropdown\", $C$38=\"Choose from dropdown\", $C$39=\"Choose from dropdown\"), \"\",\nIF(AND($C$36=\"Construction on sandy seabed\", $C$39=\"Leaving scour protection\"),\n    INDEX('2. Relative CFs per turbine'!R116:R140, MATCH($C$31, '2. Relative CFs per turbine'!$M$116:$M$140, 0)),\n    IF(AND($C$36=\"Construction on sandy seabed\", $C$39=\"Leaving scour protection and 5 m of foundation\"),\n        INDEX('2. Relative CFs per turbine'!AD116:AD140, MATCH($C$31, '2. Relative CFs per turbine'!$Y$116:$Y$140, 0)),\n        IF(AND($C$36=\"Construction on rocky seabed\", $C$39=\"Full removal\"),\n            INDEX('2. Relative CFs per turbine'!F145:F169, MATCH($C$31, '2. Relative CFs per turbine'!$A$145:$A$169, 0)),\n            IF(AND($C$36=\"Construction on rocky seabed\", $C$39=\"Leaving scour protection\"),\n                INDEX('2. Relative CFs per turbine'!R145:R169, MATCH($C$31, '2. Relative CFs per turbine'!$M$145:$M$169, 0)),\n                IF(AND($C$36=\"Construction on rocky seabed\", $C$39=\"Leaving scour protection and 5 m of foundation\"),\n                    INDEX('2. Relative CFs per turbine'!AD145:AD169, MATCH($C$31, '2. Relative CFs per turbine'!$Y$145:$Y$169, 0)),\n                    0\n                )\n            )\n        )\n    )\n))","v":""},{"$f":"IF(OR($C$31=\"\", $C$32=\"\", $C$33=\"\", $C$34=\"\",$C$35=\"Choose from dropdown\", $C$36=\"Choose from dropdown\", $C$38=\"Choose from dropdown\", $C$39=\"Choose from dropdown\"), \"\",\nIF(AND($C$36=\"Construction on sandy seabed\", $C$39=\"Leaving scour protection\"),\n    INDEX('2. Relative CFs per turbine'!S116:S140, MATCH($C$31, '2. Relative CFs per turbine'!$M$116:$M$140, 0)),\n    IF(AND($C$36=\"Construction on sandy seabed\", $C$39=\"Leaving scour protection and 5 m of foundation\"),\n        INDEX('2. Relative CFs per turbine'!AE116:AE140, MATCH($C$31, '2. Relative CFs per turbine'!$Y$116:$Y$140, 0)),\n        IF(AND($C$36=\"Construction on rocky seabed\", $C$39=\"Full removal\"),\n            INDEX('2. Relative CFs per turbine'!G145:G169, MATCH($C$31, '2. Relative CFs per turbine'!$A$145:$A$169, 0)),\n            IF(AND($C$36=\"Construction on rocky seabed\", $C$39=\"Leaving scour protection\"),\n                INDEX('2. Relative CFs per turbine'!S145:S169, MATCH($C$31, '2. Relative CFs per turbine'!$M$145:$M$169, 0)),\n                IF(AND($C$36=\"Construction on rocky seabed\", $C$39=\"Leaving scour protection and 5 m of foundation\"),\n                    INDEX('2. Relative CFs per turbine'!AE145:AE169, MATCH($C$31, '2. Relative CFs per turbine'!$Y$145:$Y$169, 0)),\n                    0\n                )\n            )\n        )\n    )\n))","v":""},{"$f":"IF(OR($C$31=\"\", $C$32=\"\", $C$33=\"\", $C$34=\"\",$C$35=\"Choose from dropdown\", $C$36=\"Choose from dropdown\", $C$38=\"Choose from dropdown\", $C$39=\"Choose from dropdown\"), \"\",\nIF(AND($C$36=\"Construction on sandy seabed\", $C$39=\"Leaving scour protection\"),\n    INDEX('2. Relative CFs per turbine'!T116:T140, MATCH($C$31, '2. Relative CFs per turbine'!$M$116:$M$140, 0)),\n    IF(AND($C$36=\"Construction on sandy seabed\", $C$39=\"Leaving scour protection and 5 m of foundation\"),\n        INDEX('2. Relative CFs per turbine'!AF116:AF140, MATCH($C$31, '2. Relative CFs per turbine'!$Y$116:$Y$140, 0)),\n        IF(AND($C$36=\"Construction on rocky seabed\", $C$39=\"Full removal\"),\n            INDEX('2. Relative CFs per turbine'!H145:H169, MATCH($C$31, '2. Relative CFs per turbine'!$A$145:$A$169, 0)),\n            IF(AND($C$36=\"Construction on rocky seabed\", $C$39=\"Leaving scour protection\"),\n                INDEX('2. Relative CFs per turbine'!T145:T169, MATCH($C$31, '2. Relative CFs per turbine'!$M$145:$M$169, 0)),\n                IF(AND($C$36=\"Construction on rocky seabed\", $C$39=\"Leaving scour protection and 5 m of foundation\"),\n                    INDEX('2. Relative CFs per turbine'!AF145:AF169, MATCH($C$31, '2. Relative CFs per turbine'!$Y$145:$Y$169, 0)),\n                    0\n                )\n            )\n        )\n    )\n))","v":""},{"$f":"IF(OR($C$31=\"\", $C$32=\"\", $C$33=\"\", $C$34=\"\",$C$35=\"Choose from dropdown\", $C$36=\"Choose from dropdown\", $C$38=\"Choose from dropdown\", $C$39=\"Choose from dropdown\"), \"\",\nIF(AND($C$36=\"Construction on sandy seabed\", $C$39=\"Leaving scour protection\"),\n    INDEX('2. Relative CFs per turbine'!U116:U140, MATCH($C$31, '2. Relative CFs per turbine'!$M$116:$M$140, 0)),\n    IF(AND($C$36=\"Construction on sandy seabed\", $C$39=\"Leaving scour protection and 5 m of foundation\"),\n        INDEX('2. Relative CFs per turbine'!AG116:AG140, MATCH($C$31, '2. Relative CFs per turbine'!$Y$116:$Y$140, 0)),\n        IF(AND($C$36=\"Construction on rocky seabed\", $C$39=\"Full removal\"),\n            INDEX('2. Relative CFs per turbine'!I145:I169, MATCH($C$31, '2. Relative CFs per turbine'!$A$145:$A$169, 0)),\n            IF(AND($C$36=\"Construction on rocky seabed\", $C$39=\"Leaving scour protection\"),\n                INDEX('2. Relative CFs per turbine'!U145:U169, MATCH($C$31, '2. Relative CFs per turbine'!$M$145:$M$169, 0)),\n                IF(AND($C$36=\"Construction on rocky seabed\", $C$39=\"Leaving scour protection and 5 m of foundation\"),\n                    INDEX('2. Relative CFs per turbine'!AG145:AG169, MATCH($C$31, '2. Relative CFs per turbine'!$Y$145:$Y$169, 0)),\n                    0\n                )\n            )\n        )\n    )\n))","v":""},{"$f":"IF(OR($C$31=\"\", $C$32=\"\", $C$33=\"\", $C$34=\"\",$C$35=\"Choose from dropdown\", $C$36=\"Choose from dropdown\", $C$38=\"Choose from dropdown\", $C$39=\"Choose from dropdown\"), \"\",\nIF(AND($C$36=\"Construction on sandy seabed\", $C$39=\"Leaving scour protection\"),\n    INDEX('2. Relative CFs per turbine'!V116:V140, MATCH($C$31, '2. Relative CFs per turbine'!$M$116:$M$140, 0)),\n    IF(AND($C$36=\"Construction on sandy seabed\", $C$39=\"Leaving scour protection and 5 m of foundation\"),\n        INDEX('2. Relative CFs per turbine'!AH116:AH140, MATCH($C$31, '2. Relative CFs per turbine'!$Y$116:$Y$140, 0)),\n        IF(AND($C$36=\"Construction on rocky seabed\", $C$39=\"Full removal\"),\n            INDEX('2. Relative CFs per turbine'!J145:J169, MATCH($C$31, '2. Relative CFs per turbine'!$A$145:$A$169, 0)),\n            IF(AND($C$36=\"Construction on rocky seabed\", $C$39=\"Leaving scour protection\"),\n                INDEX('2. Relative CFs per turbine'!V145:V169, MATCH($C$31, '2. Relative CFs per turbine'!$M$145:$M$169, 0)),\n                IF(AND($C$36=\"Construction on rocky seabed\", $C$39=\"Leaving scour protection and 5 m of foundation\"),\n                    INDEX('2. Relative CFs per turbine'!AH145:AH169, MATCH($C$31, '2. Relative CFs per turbine'!$Y$145:$Y$169, 0)),\n                    0\n                )\n            )\n        )\n    )\n))","v":""},{"$f":"IF(OR($C$31=\"\", $C$32=\"\", $C$33=\"\", $C$34=\"\",$C$35=\"Choose from dropdown\", $C$36=\"Choose from dropdown\", $C$38=\"Choose from dropdown\", $C$39=\"Choose from dropdown\"), \"\",\nIF(AND($C$36=\"Construction on sandy seabed\", $C$39=\"Leaving scour protection\"),\n    INDEX('2. Relative CFs per turbine'!W116:W140, MATCH($C$31, '2. Relative CFs per turbine'!$M$116:$M$140, 0)),\n    IF(AND($C$36=\"Construction on sandy seabed\", $C$39=\"Leaving scour protection and 5 m of foundation\"),\n        INDEX('2. Relative CFs per turbine'!AI116:AI140, MATCH($C$31, '2. Relative CFs per turbine'!$Y$116:$Y$140, 0)),\n        IF(AND($C$36=\"Construction on rocky seabed\", $C$39=\"Full removal\"),\n            INDEX('2. Relative CFs per turbine'!K145:K169, MATCH($C$31, '2. Relative CFs per turbine'!$A$145:$A$169, 0)),\n            IF(AND($C$36=\"Construction on rocky seabed\", $C$39=\"Leaving scour protection\"),\n                INDEX('2. Relative CFs per turbine'!W145:W169, MATCH($C$31, '2. Relative CFs per turbine'!$M$145:$M$169, 0)),\n                IF(AND($C$36=\"Construction on rocky seabed\", $C$39=\"Leaving scour protection and 5 m of foundation\"),\n                    INDEX('2. Relative CFs per turbine'!AI145:AI169, MATCH($C$31, '2. Relative CFs per turbine'!$Y$145:$Y$169, 0)),\n                    0\n                )\n            )\n        )\n    )\n))","v":""}]
[null,"Seabed within wind farm [PDF.year/seabed]",{"$f":"IF(OR($C$31=\"\", $C$32=\"\", $C$33=\"\", $C$34=\"\",$C$35=\"Choose from dropdown\", $C$36=\"Choose from dropdown\", $C$38=\"Choose from dropdown\", $C$39=\"Choose from dropdown\"), \"\",\nIF(AND($C$37=\"Maintain rocky seabed\", $C$40=\"Remove rocks\"),\n    '4. Seabed in OWF (rel & abs)'!B55,\n    IF($C$37=\"Remove rocks\",\n        INDEX('4. Seabed in OWF (rel & abs)'!$B$22:$B$46, MATCH($C$31, '4. Seabed in OWF (rel & abs)'!$A$22:$A$46, 0)) + '4. Seabed in OWF (rel & abs)'!B55,\n        0\n    )\n))","v":""},{"$f":"IF(OR($C$31=\"\", $C$32=\"\", $C$33=\"\", $C$34=\"\",$C$35=\"Choose from dropdown\", $C$36=\"Choose from dropdown\", $C$38=\"Choose from dropdown\", $C$39=\"Choose from dropdown\"), \"\",\nIF(AND($C$37=\"Maintain rocky seabed\", $C$40=\"Remove rocks\"),\n    '4. Seabed in OWF (rel & abs)'!C55,\n    IF($C$37=\"Remove rocks\",\n        INDEX('4. Seabed in OWF (rel & abs)'!$B$22:$B$46, MATCH($C$31, '4. Seabed in OWF (rel & abs)'!$A$22:$A$46, 0)) + '4. Seabed in OWF (rel & abs)'!C55,\n        0\n    )\n))","v":""},{"$f":"IF(OR($C$31=\"\", $C$32=\"\", $C$33=\"\", $C$34=\"\",$C$35=\"Choose from dropdown\", $C$36=\"Choose from dropdown\", $C$38=\"Choose from dropdown\", $C$39=\"Choose from dropdown\"), \"\",\nIF(AND($C$37=\"Maintain rocky seabed\", $C$40=\"Remove rocks\"),\n    '4. Seabed in OWF (rel & abs)'!D55,\n    IF($C$37=\"Remove rocks\",\n        INDEX('4. Seabed in OWF (rel & abs)'!$B$22:$B$46, MATCH($C$31, '4. Seabed in OWF (rel & abs)'!$A$22:$A$46, 0)) + '4. Seabed in OWF (rel & abs)'!D55,\n        0\n    )\n))","v":""},{"$f":"IF(OR($C$31=\"\", $C$32=\"\", $C$33=\"\", $C$34=\"\",$C$35=\"Choose from dropdown\", $C$36=\"Choose from dropdown\", $C$38=\"Choose from dropdown\", $C$39=\"Choose from dropdown\"), \"\",\nIF(AND($C$37=\"Maintain rocky seabed\", $C$40=\"Remove rocks\"),\n    '4. Seabed in OWF (rel & abs)'!E55,\n    IF($C$37=\"Remove rocks\",\n        INDEX('4. Seabed in OWF (rel & abs)'!$B$22:$B$46, MATCH($C$31, '4. Seabed in OWF (rel & abs)'!$A$22:$A$46, 0)) + '4. Seabed in OWF (rel & abs)'!E55,\n        0\n    )\n))","v":""},{"$f":"IF(OR($C$31=\"\", $C$32=\"\", $C$33=\"\", $C$34=\"\",$C$35=\"Choose from dropdown\", $C$36=\"Choose from dropdown\", $C$38=\"Choose from dropdown\", $C$39=\"Choose from dropdown\"), \"\",\nIF(AND($C$37=\"Maintain rocky seabed\", $C$40=\"Remove rocks\"),\n    '4. Seabed in OWF (rel & abs)'!F55,\n    IF($C$37=\"Remove rocks\",\n        INDEX('4. Seabed in OWF (rel & abs)'!$B$22:$B$46, MATCH($C$31, '4. Seabed in OWF (rel & abs)'!$A$22:$A$46, 0)) + '4. Seabed in OWF (rel & abs)'!F55,\n        0\n    )\n))","v":""},{"$f":"IF(OR($C$31=\"\", $C$32=\"\", $C$33=\"\", $C$34=\"\",$C$35=\"Choose from dropdown\", $C$36=\"Choose from dropdown\", $C$38=\"Choose from dropdown\", $C$39=\"Choose from dropdown\"), \"\",\nIF(AND($C$37=\"Maintain rocky seabed\", $C$40=\"Remove rocks\"),\n    '4. Seabed in OWF (rel & abs)'!G55,\n    IF($C$37=\"Remove rocks\",\n        INDEX('4. Seabed in OWF (rel & abs)'!$B$22:$B$46, MATCH($C$31, '4. Seabed in OWF (rel & abs)'!$A$22:$A$46, 0)) + '4. Seabed in OWF (rel & abs)'!G55,\n        0\n    )\n))","v":""},{"$f":"IF(OR($C$31=\"\", $C$32=\"\", $C$33=\"\", $C$34=\"\",$C$35=\"Choose from dropdown\", $C$36=\"Choose from dropdown\", $C$38=\"Choose from dropdown\", $C$39=\"Choose from dropdown\"), \"\",\nIF(AND($C$37=\"Maintain rocky seabed\", $C$40=\"Remove rocks\"),\n    '4. Seabed in OWF (rel & abs)'!H55,\n    IF($C$37=\"Remove rocks\",\n        INDEX('4. Seabed in OWF (rel & abs)'!$B$22:$B$46, MATCH($C$31, '4. Seabed in OWF (rel & abs)'!$A$22:$A$46, 0)) + '4. Seabed in OWF (rel & abs)'!H55,\n        0\n    )\n))","v":""},{"$f":"IF(OR($C$31=\"\", $C$32=\"\", $C$33=\"\", $C$34=\"\",$C$35=\"Choose from dropdown\", $C$36=\"Choose from dropdown\", $C$38=\"Choose from dropdown\", $C$39=\"Choose from dropdown\"), \"\",\nIF(AND($C$37=\"Maintain rocky seabed\", $C$40=\"Remove rocks\"),\n    '4. Seabed in OWF (rel & abs)'!I55,\n    IF($C$37=\"Remove rocks\",\n        INDEX('4. Seabed in OWF (rel & abs)'!$B$22:$B$46, MATCH($C$31, '4. Seabed in OWF (rel & abs)'!$A$22:$A$46, 0)) + '4. Seabed in OWF (rel & abs)'!I55,\n        0\n    )\n))","v":""},{"$f":"IF(OR($C$31=\"\", $C$32=\"\", $C$33=\"\", $C$34=\"\",$C$35=\"Choose from dropdown\", $C$36=\"Choose from dropdown\", $C$38=\"Choose from dropdown\", $C$39=\"Choose from dropdown\"), \"\",\nIF(AND($C$37=\"Maintain rocky seabed\", $C$40=\"Remove rocks\"),\n    '4. Seabed in OWF (rel & abs)'!J55,\n    IF($C$37=\"Remove rocks\",\n        INDEX('4. Seabed in OWF (rel & abs)'!$B$22:$B$46, MATCH($C$31, '4. Seabed in OWF (rel & abs)'!$A$22:$A$46, 0)) + '4. Seabed in OWF (rel & abs)'!J55,\n        0\n    )\n))","v":""},{"$f":"IF(OR($C$31=\"\", $C$32=\"\", $C$33=\"\", $C$34=\"\",$C$35=\"Choose from dropdown\", $C$36=\"Choose from dropdown\", $C$38=\"Choose from dropdown\", $C$39=\"Choose from dropdown\"), \"\",\nIF(AND($C$37=\"Maintain rocky seabed\", $C$40=\"Remove rocks\"),\n    '4. Seabed in OWF (rel & abs)'!K55,\n    IF($C$37=\"Remove rocks\",\n        INDEX('4. Seabed in OWF (rel & abs)'!$B$22:$B$46, MATCH($C$31, '4. Seabed in OWF (rel & abs)'!$A$22:$A$46, 0)) + '4. Seabed in OWF (rel & abs)'!K55,\n        0\n    )\n))","v":""}]
[null,"Weighted wind farm impact [PDF.year/OWF]",{"$f":"IF(OR($C$31=\"\", $C$32=\"\", $C$33=\"\", $C$34=\"\",$C$35=\"Choose from dropdown\", $C$36=\"Choose from dropdown\", $C$38=\"Choose from dropdown\", $C$39=\"Choose from dropdown\"), \"\",\n((C62*$C$32*$C$34)+(C63*($C$33*10^6-$C$32*$C$34)))/($C$33*10^6))","v":""},"","","","","","","","",""]
[]
[null,"Lifetime (25 years after decom.)","Total","Porifera","Cnidaria","Worms","Mollusca","Arthropoda","Bryozoa","Echinodermata","Chordata","Aliens"]
[null,"Turbine footprint [PDF.year/turbines]",{"$f":"IF(OR($C$31=\"\", $C$32=\"\", $C$33=\"\", $C$34=\"\",$C$35=\"Choose from dropdown\", $C$36=\"Choose from dropdown\", $C$38=\"Choose from dropdown\", $C$39=\"Choose from dropdown\"), \"\",\nIF(AND($C$36=\"Construction on sandy seabed\", $C$39=\"Leaving scour protection\"),\n    INDEX('2. Relative CFs per turbine'!N176:N200, MATCH($C$31, '2. Relative CFs per turbine'!$M$176:$M$200, 0)),\n    IF(AND($C$36=\"Construction on sandy seabed\", $C$39=\"Leaving scour protection and 5 m of foundation\"),\n        INDEX('2. Relative CFs per turbine'!Z176:Z200, MATCH($C$31, '2. Relative CFs per turbine'!$Y$176:$Y$200, 0)),\n        IF(AND($C$36=\"Construction on rocky seabed\", $C$39=\"Full removal\"),\n            INDEX('2. Relative CFs per turbine'!B205:B229, MATCH($C$31, '2. Relative CFs per turbine'!$A$205:$A$229, 0)),\n            IF(AND($C$36=\"Construction on rocky seabed\", $C$39=\"Leaving scour protection\"),\n                INDEX('2. Relative CFs per turbine'!N205:N229, MATCH($C$31, '2. Relative CFs per turbine'!$M$205:$M$229, 0)),\n                IF(AND($C$36=\"Construction on rocky seabed\", $C$39=\"Leaving scour protection and 5 m of foundation\"),\n                    INDEX('2. Relative CFs per turbine'!Z205:Z229, MATCH($C$31, '2. Relative CFs per turbine'!$Y$205:$Y$229, 0)),\n                    0\n                )\n            )\n        )\n    )\n))","v":""},{"$f":"IF(OR($C$31=\"\", $C$32=\"\", $C$33=\"\", $C$34=\"\",$C$35=\"Choose from dropdown\", $C$36=\"Choose from dropdown\", $C$38=\"Choose from dropdown\", $C$39=\"Choose from dropdown\"), \"\",\nIF(AND($C$36=\"Construction on sandy seabed\", $C$39=\"Leaving scour protection\"),\n    INDEX('2. Relative CFs per turbine'!O176:O200, MATCH($C$31, '2. Relative CFs per turbine'!$M$176:$M$200, 0)),\n    IF(AND($C$36=\"Construction on sandy seabed\", $C$39=\"Leaving scour protection and 5 m of foundation\"),\n        INDEX('2. Relative CFs per turbine'!AA176:AA200, MATCH($C$31, '2. Relative CFs per turbine'!$Y$176:$Y$200, 0)),\n        IF(AND($C$36=\"Construction on rocky seabed\", $C$39=\"Full removal\"),\n            INDEX('2. Relative CFs per turbine'!C205:C229, MATCH($C$31, '2. Relative CFs per turbine'!$A$205:$A$229, 0)),\n            IF(AND($C$36=\"Construction on rocky seabed\", $C$39=\"Leaving scour protection\"),\n                INDEX('2. Relative CFs per turbine'!O205:O229, MATCH($C$31, '2. Relative CFs per turbine'!$M$205:$M$229, 0)),\n                IF(AND($C$36=\"Construction on rocky seabed\", $C$39=\"Leaving scour protection and 5 m of foundation\"),\n                    INDEX('2. Relative CFs per turbine'!AA205:AA229, MATCH($C$31, '2. Relative CFs per turbine'!$Y$205:$Y$229, 0)),\n                    0\n                )\n            )\n        )\n    )\n))","v":""},{"$f":"IF(OR($C$31=\"\", $C$32=\"\", $C$33=\"\", $C$34=\"\",$C$35=\"Choose from dropdown\", $C$36=\"Choose from dropdown\", $C$38=\"Choose from dropdown\", $C$39=\"Choose from dropdown\"), \"\",\nIF(AND($C$36=\"Construction on sandy seabed\", $C$39=\"Leaving scour protection\"),\n    INDEX('2. Relative CFs per turbine'!P176:P200, MATCH($C$31, '2. Relative CFs per turbine'!$M$176:$M$200, 0)),\n    IF(AND($C$36=\"Construction on sandy seabed\", $C$39=\"Leaving scour protection and 5 m of foundation\"),\n        INDEX('2. Relative CFs per turbine'!AB176:AB200, MATCH($C$31, '2. Relative CFs per turbine'!$Y$176:$Y$200, 0)),\n        IF(AND($C$36=\"Construction on rocky seabed\", $C$39=\"Full removal\"),\n            INDEX('2. Relative CFs per turbine'!D205:D229, MATCH($C$31, '2. Relative CFs per turbine'!$A$205:$A$229, 0)),\n            IF(AND($C$36=\"Construction on rocky seabed\", $C$39=\"Leaving scour protection\"),\n                INDEX('2. Relative CFs per turbine'!P205:P229, MATCH($C$31, '2. Relative CFs per turbine'!$M$205:$M$229, 0)),\n                IF(AND($C$36=\"Construction on rocky seabed\", $C$39=\"Leaving scour protection and 5 m of foundation\"),\n                    INDEX('2. Relative CFs per turbine'!AB205:AB229, MATCH($C$31, '2. Relative CFs per turbine'!$Y$205:$Y$229, 0)),\n                    0\n                )\n            )\n        )\n    )\n))","v":""},{"$f":"IF(OR($C$31=\"\", $C$32=\"\", $C$33=\"\", $C$34=\"\",$C$35=\"Choose from dropdown\", $C$36=\"Choose from dropdown\", $C$38=\"Choose from dropdown\", $C$39=\"Choose from dropdown\"), \"\",\nIF(AND($C$36=\"Construction on sandy seabed\", $C$39=\"Leaving scour protection\"),\n    INDEX('2. Relative CFs per turbine'!Q176:Q200, MATCH($C$31, '2. Relative CFs per turbine'!$M$176:$M$200, 0)),\n    IF(AND($C$36=\"Construction on sandy seabed\", $C$39=\"Leaving scour protection and 5 m of foundation\"),\n        INDEX('2. Relative CFs per turbine'!AC176:AC200, MATCH($C$31, '2. Relative CFs per turbine'!$Y$176:$Y$200, 0)),\n        IF(AND($C$36=\"Construction on rocky seabed\", $C$39=\"Full removal\"),\n            INDEX('2. Relative CFs per turbine'!E205:E229, MATCH($C$31, '2. Relative CFs per turbine'!$A$205:$A$229, 0)),\n            IF(AND($C$36=\"Construction on rocky seabed\", $C$39=\"Leaving scour protection\"),\n                INDEX('2. Relative CFs per turbine'!Q205:Q229, MATCH($C$31, '2. Relative CFs per turbine'!$M$205:$M$229, 0)),\n                IF(AND($C$36=\"Construction on rocky seabed\", $C$39=\"Leaving scour protection and 5 m of foundation\"),\n                    INDEX('2. Relative CFs per turbine'!AC205:AC229, MATCH($C$31, '2. Relative CFs per turbine'!$Y$205:$Y$229, 0)),\n                    0\n                )\n            )\n        )\n    )\n))","v":""},{"$f":"IF(OR($C$31=\"\", $C$32=\"\", $C$33=\"\", $C$34=\"\",$C$35=\"Choose from dropdown\", $C$36=\"Choose from dropdown\", $C$38=\"Choose from dropdown\", $C$39=\"Choose from dropdown\"), \"\",\nIF(AND($C$36=\"Construction on sandy seabed\", $C$39=\"Leaving scour protection\"),\n    INDEX('2. Relative CFs per turbine'!R176:R200, MATCH($C$31, '2. Relative CFs per turbine'!$M$176:$M$200, 0)),\n    IF(AND($C$36=\"Construction on sandy seabed\", $C$39=\"Leaving scour protection and 5 m of foundation\"),\n        INDEX('2. Relative CFs per turbine'!AD176:AD200, MATCH($C$31, '2. Relative CFs per turbine'!$Y$176:$Y$200, 0)),\n        IF(AND($C$36=\"Construction on rocky seabed\", $C$39=\"Full removal\"),\n            INDEX('2. Relative CFs per turbine'!F205:F229, MATCH($C$31, '2. Relative CFs per turbine'!$A$205:$A$229, 0)),\n            IF(AND($C$36=\"Construction on rocky seabed\", $C$39=\"Leaving scour protection\"),\n                INDEX('2. Relative CFs per turbine'!R205:R229, MATCH($C$31, '2. Relative CFs per turbine'!$M$205:$M$229, 0)),\n                IF(AND($C$36=\"Construction on rocky seabed\", $C$39=\"Leaving scour protection and 5 m of foundation\"),\n                    INDEX('2. Relative CFs per turbine'!AD205:AD229, MATCH($C$31, '2. Relative CFs per turbine'!$Y$205:$Y$229, 0)),\n                    0\n                )\n            )\n        )\n    )\n))","v":""},{"$f":"IF(OR($C$31=\"\", $C$32=\"\", $C$33=\"\", $C$34=\"\",$C$35=\"Choose from dropdown\", $C$36=\"Choose from dropdown\", $C$38=\"Choose from dropdown\", $C$39=\"Choose from dropdown\"), \"\",\nIF(AND($C$36=\"Construction on sandy seabed\", $C$39=\"Leaving scour protection\"),\n    INDEX('2. Relative CFs per turbine'!S176:S200, MATCH($C$31, '2. Relative CFs per turbine'!$M$176:$M$200, 0)),\n    IF(AND($C$36=\"Construction on sandy seabed\", $C$39=\"Leaving scour protection and 5 m of foundation\"),\n        INDEX('2. Relative CFs per turbine'!AE176:AE200, MATCH($C$31, '2. Relative CFs per turbine'!$Y$176:$Y$200, 0)),\n        IF(AND($C$36=\"Construction on rocky seabed\", $C$39=\"Full removal\"),\n            INDEX('2. Relative CFs per turbine'!G205:G229, MATCH($C$31, '2. Relative CFs per turbine'!$A$205:$A$229, 0)),\n            IF(AND($C$36=\"Construction on rocky seabed\", $C$39=\"Leaving scour protection\"),\n                INDEX('2. Relative CFs per turbine'!S205:S229, MATCH($C$31, '2. Relative CFs per turbine'!$M$205:$M$229, 0)),\n                IF(AND($C$36=\"Construction on rocky seabed\", $C$39=\"Leaving scour protection and 5 m of foundation\"),\n                    INDEX('2. Relative CFs per turbine'!AE205:AE229, MATCH($C$31, '2. Relative CFs per turbine'!$Y$205:$Y$229, 0)),\n                    0\n                )\n            )\n        )\n    )\n))","v":""},{"$f":"IF(OR($C$31=\"\", $C$32=\"\", $C$33=\"\", $C$34=\"\",$C$35=\"Choose from dropdown\", $C$36=\"Choose from dropdown\", $C$38=\"Choose from dropdown\", $C$39=\"Choose from dropdown\"), \"\",\nIF(AND($C$36=\"Construction on sandy seabed\", $C$39=\"Leaving scour protection\"),\n    INDEX('2. Relative CFs per turbine'!T176:T200, MATCH($C$31, '2. Relative CFs per turbine'!$M$176:$M$200, 0)),\n    IF(AND($C$36=\"Construction on sandy seabed\", $C$39=\"Leaving scour protection and 5 m of foundation\"),\n        INDEX('2. Relative CFs per turbine'!AF176:AF200, MATCH($C$31, '2. Relative CFs per turbine'!$Y$176:$Y$200, 0)),\n        IF(AND($C$36=\"Construction on rocky seabed\", $C$39=\"Full removal\"),\n            INDEX('2. Relative CFs per turbine'!H205:H229, MATCH($C$31, '2. Relative CFs per turbine'!$A$205:$A$229, 0)),\n            IF(AND($C$36=\"Construction on rocky seabed\", $C$39=\"Leaving scour protection\"),\n                INDEX('2. Relative CFs per turbine'!T205:T229, MATCH($C$31, '2. Relative CFs per turbine'!$M$205:$M$229, 0)),\n                IF(AND($C$36=\"Construction on rocky seabed\", $C$39=\"Leaving scour protection and 5 m of foundation\"),\n                    INDEX('2. Relative CFs per turbine'!AF205:AF229, MATCH($C$31, '2. Relative CFs per turbine'!$Y$205:$Y$229, 0)),\n                    0\n                )\n            )\n        )\n    )\n))","v":""},{"$f":"IF(OR($C$31=\"\", $C$32=\"\", $C$33=\"\", $C$34=\"\",$C$35=\"Choose from dropdown\", $C$36=\"Choose from dropdown\", $C$38=\"Choose from dropdown\", $C$39=\"Choose from dropdown\"), \"\",\nIF(AND($C$36=\"Construction on sandy seabed\", $C$39=\"Leaving scour protection\"),\n    INDEX('2. Relative CFs per turbine'!U176:U200, MATCH($C$31, '2. Relative CFs per turbine'!$M$176:$M$200, 0)),\n    IF(AND($C$36=\"Construction on sandy seabed\", $C$39=\"Leaving scour protection and 5 m of foundation\"),\n        INDEX('2. Relative CFs per turbine'!AG176:AG200, MATCH($C$31, '2. Relative CFs per turbine'!$Y$176:$Y$200, 0)),\n        IF(AND($C$36=\"Construction on rocky seabed\", $C$39=\"Full removal\"),\n            INDEX('2. Relative CFs per turbine'!I205:I229, MATCH($C$31, '2. Relative CFs per turbine'!$A$205:$A$229, 0)),\n            IF(AND($C$36=\"Construction on rocky seabed\", $C$39=\"Leaving scour protection\"),\n                INDEX('2. Relative CFs per turbine'!U205:U229, MATCH($C$31, '2. Relative CFs per turbine'!$M$205:$M$229, 0)),\n                IF(AND($C$36=\"Construction on rocky seabed\", $C$39=\"Leaving scour protection and 5 m of foundation\"),\n                    INDEX('2. Relative CFs per turbine'!AG205:AG229, MATCH($C$31, '2. Relative CFs per turbine'!$Y$205:$Y$229, 0)),\n                    0\n                )\n            )\n        )\n    )\n))","v":""},{"$f":"IF(OR($C$31=\"\", $C$32=\"\", $C$33=\"\", $C$34=\"\",$C$35=\"Choose from dropdown\", $C$36=\"Choose from dropdown\", $C$38=\"Choose from dropdown\", $C$39=\"Choose from dropdown\"), \"\",\nIF(AND($C$36=\"Construction on sandy seabed\", $C$39=\"Leaving scour protection\"),\n    INDEX('2. Relative CFs per turbine'!V176:V200, MATCH($C$31, '2. Relative CFs per turbine'!$M$176:$M$200, 0)),\n    IF(AND($C$36=\"Construction on sandy seabed\", $C$39=\"Leaving scour protection and 5 m of foundation\"),\n        INDEX('2. Relative CFs per turbine'!AH176:AH200, MATCH($C$31, '2. Relative CFs per turbine'!$Y$176:$Y$200, 0)),\n        IF(AND($C$36=\"Construction on rocky seabed\", $C$39=\"Full removal\"),\n            INDEX('2. Relative CFs per turbine'!J205:J229, MATCH($C$31, '2. Relative CFs per turbine'!$A$205:$A$229, 0)),\n            IF(AND($C$36=\"Construction on rocky seabed\", $C$39=\"Leaving scour protection\"),\n                INDEX('2. Relative CFs per turbine'!V205:V229, MATCH($C$31, '2. Relative CFs per turbine'!$M$205:$M$229, 0)),\n                IF(AND($C$36=\"Construction on rocky seabed\", $C$39=\"Leaving scour protection and 5 m of foundation\"),\n                    INDEX('2. Relative CFs per turbine'!AH205:AH229, MATCH($C$31, '2. Relative CFs per turbine'!$Y$205:$Y$229, 0)),\n                    0\n                )\n            )\n        )\n    )\n))","v":""},{"$f":"IF(OR($C$31=\"\", $C$32=\"\", $C$33=\"\", $C$34=\"\",$C$35=\"Choose from dropdown\", $C$36=\"Choose from dropdown\", $C$38=\"Choose from dropdown\", $C$39=\"Choose from dropdown\"), \"\",\nIF(AND($C$36=\"Construction on sandy seabed\", $C$39=\"Leaving scour protection\"),\n    INDEX('2. Relative CFs per turbine'!W176:W200, MATCH($C$31, '2. Relative CFs per turbine'!$M$176:$M$200, 0)),\n    IF(AND($C$36=\"Construction on sandy seabed\", $C$39=\"Leaving scour protection and 5 m of foundation\"),\n        INDEX('2. Relative CFs per turbine'!AI176:AI200, MATCH($C$31, '2. Relative CFs per turbine'!$Y$176:$Y$200, 0)),\n        IF(AND($C$36=\"Construction on rocky seabed\", $C$39=\"Full removal\"),\n            INDEX('2. Relative CFs per turbine'!K205:K229, MATCH($C$31, '2. Relative CFs per turbine'!$A$205:$A$229, 0)),\n            IF(AND($C$36=\"Construction on rocky seabed\", $C$39=\"Leaving scour protection\"),\n                INDEX('2. Relative CFs per turbine'!W205:W229, MATCH($C$31, '2. Relative CFs per turbine'!$M$205:$M$229, 0)),\n                IF(AND($C$36=\"Construction on rocky seabed\", $C$39=\"Leaving scour protection and 5 m of foundation\"),\n                    INDEX('2. Relative CFs per turbine'!AI205:AI229, MATCH($C$31, '2. Relative CFs per turbine'!$Y$205:$Y$229, 0)),\n                    0\n                )\n            )\n        )\n    )\n))","v":""}]
[null,"Seabed within wind farm [PDF.year/seabed]",{"$f":"IF(OR($C$31=\"\", $C$32=\"\", $C$33=\"\", $C$34=\"\",$C$35=\"Choose from dropdown\", $C$36=\"Choose from dropdown\", $C$38=\"Choose from dropdown\", $C$39=\"Choose from dropdown\"), \"\",\nIF(AND($C$37=\"Maintain rocky seabed\", $C$40=\"Remove rocks\"),\n    '4. Seabed in OWF (rel & abs)'!B62,\n    IF($C$37=\"Remove rocks\",\n        INDEX('4. Seabed in OWF (rel & abs)'!$B$22:$B$46, MATCH($C$31, '4. Seabed in OWF (rel & abs)'!$A$22:$A$46, 0)) + '4. Seabed in OWF (rel & abs)'!B62,\n        0\n    )\n))","v":""},{"$f":"IF(OR($C$31=\"\", $C$32=\"\", $C$33=\"\", $C$34=\"\",$C$35=\"Choose from dropdown\", $C$36=\"Choose from dropdown\", $C$38=\"Choose from dropdown\", $C$39=\"Choose from dropdown\"), \"\",\nIF(AND($C$37=\"Maintain rocky seabed\", $C$40=\"Remove rocks\"),\n    '4. Seabed in OWF (rel & abs)'!C62,\n    IF($C$37=\"Remove rocks\",\n        INDEX('4. Seabed in OWF (rel & abs)'!$B$22:$B$46, MATCH($C$31, '4. Seabed in OWF (rel & abs)'!$A$22:$A$46, 0)) + '4. Seabed in OWF (rel & abs)'!C62,\n        0\n    )\n))","v":""},{"$f":"IF(OR($C$31=\"\", $C$32=\"\", $C$33=\"\", $C$34=\"\",$C$35=\"Choose from dropdown\", $C$36=\"Choose from dropdown\", $C$38=\"Choose from dropdown\", $C$39=\"Choose from dropdown\"), \"\",\nIF(AND($C$37=\"Maintain rocky seabed\", $C$40=\"Remove rocks\"),\n    '4. Seabed in OWF (rel & abs)'!D62,\n    IF($C$37=\"Remove rocks\",\n        INDEX('4. Seabed in OWF (rel & abs)'!$B$22:$B$46, MATCH($C$31, '4. Seabed in OWF (rel & abs)'!$A$22:$A$46, 0)) + '4. Seabed in OWF (rel & abs)'!D62,\n        0\n    )\n))","v":""},{"$f":"IF(OR($C$31=\"\", $C$32=\"\", $C$33=\"\", $C$34=\"\",$C$35=\"Choose from dropdown\", $C$36=\"Choose from dropdown\", $C$38=\"Choose from dropdown\", $C$39=\"Choose from dropdown\"), \"\",\nIF(AND($C$37=\"Maintain rocky seabed\", $C$40=\"Remove rocks\"),\n    '4. Seabed in OWF (rel & abs)'!E62,\n    IF($C$37=\"Remove rocks\",\n        INDEX('4. Seabed in OWF (rel & abs)'!$B$22:$B$46, MATCH($C$31, '4. Seabed in OWF (rel & abs)'!$A$22:$A$46, 0)) + '4. Seabed in OWF (rel & abs)'!E62,\n        0\n    )\n))","v":""},{"$f":"IF(OR($C$31=\"\", $C$32=\"\", $C$33=\"\", $C$34=\"\",$C$35=\"Choose from dropdown\", $C$36=\"Choose from dropdown\", $C$38=\"Choose from dropdown\", $C$39=\"Choose from dropdown\"), \"\",\nIF(AND($C$37=\"Maintain rocky seabed\", $C$40=\"Remove rocks\"),\n    '4. Seabed in OWF (rel & abs)'!F62,\n    IF($C$37=\"Remove rocks\",\n        INDEX('4. Seabed in OWF (rel & abs)'!$B$22:$B$46, MATCH($C$31, '4. Seabed in OWF (rel & abs)'!$A$22:$A$46, 0)) + '4. Seabed in OWF (rel & abs)'!F62,\n        0\n    )\n))","v":""},{"$f":"IF(OR($C$31=\"\", $C$32=\"\", $C$33=\"\", $C$34=\"\",$C$35=\"Choose from dropdown\", $C$36=\"Choose from dropdown\", $C$38=\"Choose from dropdown\", $C$39=\"Choose from dropdown\"), \"\",\nIF(AND($C$37=\"Maintain rocky seabed\", $C$40=\"Remove rocks\"),\n    '4. Seabed in OWF (rel & abs)'!G62,\n    IF($C$37=\"Remove rocks\",\n        INDEX('4. Seabed in OWF (rel & abs)'!$B$22:$B$46, MATCH($C$31, '4. Seabed in OWF (rel & abs)'!$A$22:$A$46, 0)) + '4. Seabed in OWF (rel & abs)'!G62,\n        0\n    )\n))","v":""},{"$f":"IF(OR($C$31=\"\", $C$32=\"\", $C$33=\"\", $C$34=\"\",$C$35=\"Choose from dropdown\", $C$36=\"Choose from dropdown\", $C$38=\"Choose from dropdown\", $C$39=\"Choose from dropdown\"), \"\",\nIF(AND($C$37=\"Maintain rocky seabed\", $C$40=\"Remove rocks\"),\n    '4. Seabed in OWF (rel & abs)'!H62,\n    IF($C$37=\"Remove rocks\",\n        INDEX('4. Seabed in OWF (rel & abs)'!$B$22:$B$46, MATCH($C$31, '4. Seabed in OWF (rel & abs)'!$A$22:$A$46, 0)) + '4. Seabed in OWF (rel & abs)'!H62,\n        0\n    )\n))","v":""},{"$f":"IF(OR($C$31=\"\", $C$32=\"\", $C$33=\"\", $C$34=\"\",$C$35=\"Choose from dropdown\", $C$36=\"Choose from dropdown\", $C$38=\"Choose from dropdown\", $C$39=\"Choose from dropdown\"), \"\",\nIF(AND($C$37=\"Maintain rocky seabed\", $C$40=\"Remove rocks\"),\n    '4. Seabed in OWF (rel & abs)'!I62,\n    IF($C$37=\"Remove rocks\",\n        INDEX('4. Seabed in OWF (rel & abs)'!$B$22:$B$46, MATCH($C$31, '4. Seabed in OWF (rel & abs)'!$A$22:$A$46, 0)) + '4. Seabed in OWF (rel & abs)'!I62,\n        0\n    )\n))","v":""},{"$f":"IF(OR($C$31=\"\", $C$32=\"\", $C$33=\"\", $C$34=\"\",$C$35=\"Choose from dropdown\", $C$36=\"Choose from dropdown\", $C$38=\"Choose from dropdown\", $C$39=\"Choose from dropdown\"), \"\",\nIF(AND($C$37=\"Maintain rocky seabed\", $C$40=\"Remove rocks\"),\n    '4. Seabed in OWF (rel & abs)'!J62,\n    IF($C$37=\"Remove rocks\",\n        INDEX('4. Seabed in OWF (rel & abs)'!$B$22:$B$46, MATCH($C$31, '4. Seabed in OWF (rel & abs)'!$A$22:$A$46, 0)) + '4. Seabed in OWF (rel & abs)'!J62,\n        0\n    )\n))","v":""},{"$f":"IF(OR($C$31=\"\", $C$32=\"\", $C$33=\"\", $C$34=\"\",$C$35=\"Choose from dropdown\", $C$36=\"Choose from dropdown\", $C$38=\"Choose from dropdown\", $C$39=\"Choose from dropdown\"), \"\",\nIF(AND($C$37=\"Maintain rocky seabed\", $C$40=\"Remove rocks\"),\n    '4. Seabed in OWF (rel & abs)'!K62,\n    IF($C$37=\"Remove rocks\",\n        INDEX('4. Seabed in OWF (rel & abs)'!$B$22:$B$46, MATCH($C$31, '4. Seabed in OWF (rel & abs)'!$A$22:$A$46, 0)) + '4. Seabed in OWF (rel & abs)'!K62,\n        0\n    )\n))","v":""}]
[null,"Weighted wind farm impact [PDF.year/OWF]",{"$f":"IF(OR($C$31=\"\", $C$32=\"\", $C$33=\"\", $C$34=\"\",$C$35=\"Choose from dropdown\", $C$36=\"Choose from dropdown\", $C$38=\"Choose from dropdown\", $C$39=\"Choose from dropdown\"), \"\",\n((C67*$C$32*$C$34)+(C68*($C$33*10^6-$C$32*$C$34)))/($C$33*10^6))","v":""},"","","","","","","","",""]
{"$rows_empty":34}
["Absolute impacts [species.year/OWF]"]
[]
[]
[null,"ABSOLUTE IMPACTS WEIGHTED FOR ENTIRE OWF","Total","Porifera","Cnidaria","Worms","Mollusca","Arthropoda","Bryozoa","Echinodermata","Chordata","Aliens"]
[null,"Construction",{"$f":"IF(OR($C$31=\"\", $C$32=\"\", $C$33=\"\", $C$34=\"\",$C$35=\"Choose from dropdown\", $C$36=\"Choose from dropdown\", $C$38=\"Choose from dropdown\", $C$39=\"Choose from dropdown\"), \"\",\nIF($C$36=\"Construction on sandy seabed\",'5. Reference richness'!B15*'1. CF tool'!C49,\nIF($C$36=\"Construction on rocky seabed\",'5. Reference richness'!B22*'1. CF tool'!C49,\n\"\"\n)))","v":""},{"$f":"IF(OR($C$31=\"\", $C$32=\"\", $C$33=\"\", $C$34=\"\",$C$35=\"Choose from dropdown\", $C$36=\"Choose from dropdown\", $C$38=\"Choose from dropdown\", $C$39=\"Choose from dropdown\"), \"\",\nIF($C$36=\"Construction on sandy seabed\",'5. Reference richness'!C15*'1. CF tool'!D49,\nIF($C$36=\"Construction on rocky seabed\",'5. Reference richness'!C22*'1. CF tool'!D49,\n\"\"\n)))","v":""},{"$f":"IF(OR($C$31=\"\", $C$32=\"\", $C$33=\"\", $C$34=\"\",$C$35=\"Choose from dropdown\", $C$36=\"Choose from dropdown\", $C$38=\"Choose from dropdown\", $C$39=\"Choose from dropdown\"), \"\",\nIF($C$36=\"Construction on sandy seabed\",'5. Reference richness'!D15*'1. CF tool'!E49,\nIF($C$36=\"Construction on rocky seabed\",'5. Reference richness'!D22*'1. CF tool'!E49,\n\"\"\n)))","v":""},{"$f":"IF(OR($C$31=\"\", $C$32=\"\", $C$33=\"\", $C$34=\"\",$C$35=\"Choose from dropdown\", $C$36=\"Choose from dropdown\", $C$38=\"Choose from dropdown\", $C$39=\"Choose from dropdown\"), \"\",\nIF($C$36=\"Construction on sandy seabed\",'5. Reference richness'!E15*'1. CF tool'!F49,\nIF($C$36=\"Construction on rocky seabed\",'5. Reference richness'!E22*'1. CF tool'!F49,\n\"\"\n)))","v":""},{"$f":"IF(OR($C$31=\"\", $C$32=\"\", $C$33=\"\", $C$34=\"\",$C$35=\"Choose from dropdown\", $C$36=\"Choose from dropdown\", $C$38=\"Choose from dropdown\", $C$39=\"Choose from dropdown\"), \"\",\nIF($C$36=\"Construction on sandy seabed\",'5. Reference richness'!F15*'1. CF tool'!G49,\nIF($C$36=\"Construction on rocky seabed\",'5. Reference richness'!F22*'1. CF tool'!G49,\n\"\"\n)))","v":""},{"$f":"IF(OR($C$31=\"\", $C$32=\"\", $C$33=\"\", $C$34=\"\",$C$35=\"Choose from dropdown\", $C$36=\"Choose from dropdown\", $C$38=\"Choose from dropdown\", $C$39=\"Choose from dropdown\"), \"\",\nIF($C$36=\"Construction on sandy seabed\",'5. Reference richness'!G15*'1. CF tool'!H49,\nIF($C$36=\"Construction on rocky seabed\",'5. Reference richness'!G22*'1. CF tool'!H49,\n\"\"\n)))","v":""},{"$f":"IF(OR($C$31=\"\", $C$32=\"\", $C$33=\"\", $C$34=\"\",$C$35=\"Choose from dropdown\", $C$36=\"Choose from dropdown\", $C$38=\"Choose from dropdown\", $C$39=\"Choose from dropdown\"), \"\",\nIF($C$36=\"Construction on sandy seabed\",'5. Reference richness'!H15*'1. CF tool'!I49,\nIF($C$36=\"Construction on rocky seabed\",'5. Reference richness'!H22*'1. CF tool'!I49,\n\"\"\n)))","v":""},{"$f":"IF(OR($C$31=\"\", $C$32=\"\", $C$33=\"\", $C$34=\"\",$C$35=\"Choose from dropdown\", $C$36=\"Choose from dropdown\", $C$38=\"Choose from dropdown\", $C$39=\"Choose from dropdown\"), \"\",\nIF($C$36=\"Construction on sandy seabed\",'5. Reference richness'!I15*'1. CF tool'!J49,\nIF($C$36=\"Construction on rocky seabed\",'5. Reference richness'!I22*'1. CF tool'!J49,\n\"\"\n)))","v":""},{"$f":"IF(OR($C$31=\"\", $C$32=\"\", $C$33=\"\", $C$34=\"\",$C$35=\"Choose from dropdown\", $C$36=\"Choose from dropdown\", $C$38=\"Choose from dropdown\", $C$39=\"Choose from dropdown\"), \"\",\nIF($C$36=\"Construction on sandy seabed\",'5. Reference richness'!J15*'1. CF tool'!K49,\nIF($C$36=\"Construction on rocky seabed\",'5. Reference richness'!J22*'1. CF tool'!K49,\n\"\"\n)))","v":""},{"$f":"IF(OR($C$31=\"\", $C$32=\"\", $C$33=\"\", $C$34=\"\",$C$35=\"Choose from dropdown\", $C$36=\"Choose from dropdown\", $C$38=\"Choose from dropdown\", $C$39=\"Choose from dropdown\"), \"\",\nIF($C$36=\"Construction on sandy seabed\",'5. Reference richness'!K15*'1. CF tool'!L49,\nIF($C$36=\"Construction on rocky seabed\",'5. Reference richness'!K22*'1. CF tool'!L49,\n\"\"\n)))","v":""}]
[null,"Decommissioning (1 year after)",{"$f":"IF(OR($C$31=\"\", $C$32=\"\", $C$33=\"\", $C$34=\"\",$C$35=\"Choose from dropdown\", $C$36=\"Choose from dropdown\", $C$38=\"Choose from dropdown\", $C$39=\"Choose from dropdown\"), \"\",\nINDEX('5. Reference richness'!B32:B57,MATCH($C$31,'5. Reference richness'!$A$32:$A$57,0))*C54)","v":""},{"$f":"IF(OR($C$31=\"\", $C$32=\"\", $C$33=\"\", $C$34=\"\",$C$35=\"Choose from dropdown\", $C$36=\"Choose from dropdown\", $C$38=\"Choose from dropdown\", $C$39=\"Choose from dropdown\"), \"\",\nINDEX('5. Reference richness'!C32:C57,MATCH($C$31,'5. Reference richness'!$A$32:$A$57,0))*D54)","v":""},{"$f":"IF(OR($C$31=\"\", $C$32=\"\", $C$33=\"\", $C$34=\"\",$C$35=\"Choose from dropdown\", $C$36=\"Choose from dropdown\", $C$38=\"Choose from dropdown\", $C$39=\"Choose from dropdown\"), \"\",\nINDEX('5. Reference richness'!D32:D57,MATCH($C$31,'5. Reference richness'!$A$32:$A$57,0))*E54)","v":""},{"$f":"IF(OR($C$31=\"\", $C$32=\"\", $C$33=\"\", $C$34=\"\",$C$35=\"Choose from dropdown\", $C$36=\"Choose from dropdown\", $C$38=\"Choose from dropdown\", $C$39=\"Choose from dropdown\"), \"\",\nINDEX('5. Reference richness'!E32:E57,MATCH($C$31,'5. Reference richness'!$A$32:$A$57,0))*F54)","v":""},{"$f":"IF(OR($C$31=\"\", $C$32=\"\", $C$33=\"\", $C$34=\"\",$C$35=\"Choose from dropdown\", $C$36=\"Choose from dropdown\", $C$38=\"Choose from dropdown\", $C$39=\"Choose from dropdown\"), \"\",\nINDEX('5. Reference richness'!F32:F57,MATCH($C$31,'5. Reference richness'!$A$32:$A$57,0))*G54)","v":""},{"$f":"IF(OR($C$31=\"\", $C$32=\"\", $C$33=\"\", $C$34=\"\",$C$35=\"Choose from dropdown\", $C$36=\"Choose from dropdown\", $C$38=\"Choose from dropdown\", $C$39=\"Choose from dropdown\"), \"\",\nINDEX('5. Reference richness'!G32:G57,MATCH($C$31,'5. Reference richness'!$A$32:$A$57,0))*H54)","v":""},{"$f":"IF(OR($C$31=\"\", $C$32=\"\", $C$33=\"\", $C$34=\"\",$C$35=\"Choose from dropdown\", $C$36=\"Choose from dropdown\", $C$38=\"Choose from dropdown\", $C$39=\"Choose from dropdown\"), \"\",\nINDEX('5. Reference richness'!H32:H57,MATCH($C$31,'5. Reference richness'!$A$32:$A$57,0))*I54)","v":""},{"$f":"IF(OR($C$31=\"\", $C$32=\"\", $C$33=\"\", $C$34=\"\",$C$35=\"Choose from dropdown\", $C$36=\"Choose from dropdown\", $C$38=\"Choose from dropdown\", $C$39=\"Choose from dropdown\"), \"\",\nINDEX('5. Reference richness'!I32:I57,MATCH($C$31,'5. Reference richness'!$A$32:$A$57,0))*J54)","v":""},{"$f":"IF(OR($C$31=\"\", $C$32=\"\", $C$33=\"\", $C$34=\"\",$C$35=\"Choose from dropdown\", $C$36=\"Choose from dropdown\", $C$38=\"Choose from dropdown\", $C$39=\"Choose from dropdown\"), \"\",\nINDEX('5. Reference richness'!J32:J57,MATCH($C$31,'5. Reference richness'!$A$32:$A$57,0))*K54)","v":""},{"$f":"IF(OR($C$31=\"\", $C$32=\"\", $C$33=\"\", $C$34=\"\",$C$35=\"Choose from dropdown\", $C$36=\"Choose from dropdown\", $C$38=\"Choose from dropdown\", $C$39=\"Choose from dropdown\"), \"\",\nINDEX('5. Reference richness'!K32:K57,MATCH($C$31,'5. Reference richness'!$A$32:$A$57,0))*L54)","v":""}]
[null,"Decommissioning (25 years after)",{"$f":"IF(OR($C$31=\"\", $C$32=\"\", $C$33=\"\", $C$34=\"\",$C$35=\"Choose from dropdown\", $C$36=\"Choose from dropdown\", $C$38=\"Choose from dropdown\", $C$39=\"Choose from dropdown\"), \"\",\nINDEX('5. Reference richness'!B32:B57,MATCH($C$31,'5. Reference richness'!$A$32:$A$57,0))*C59)","v":""},{"$f":"IF(OR($C$31=\"\", $C$32=\"\", $C$33=\"\", $C$34=\"\",$C$35=\"Choose from dropdown\", $C$36=\"Choose from dropdown\", $C$38=\"Choose from dropdown\", $C$39=\"Choose from dropdown\"), \"\",\nINDEX('5. Reference richness'!C32:C57,MATCH($C$31,'5. Reference richness'!$A$32:$A$57,0))*D59)","v":""},{"$f":"IF(OR($C$31=\"\", $C$32=\"\", $C$33=\"\", $C$34=\"\",$C$35=\"Choose from dropdown\", $C$36=\"Choose from dropdown\", $C$38=\"Choose from dropdown\", $C$39=\"Choose from dropdown\"), \"\",\nINDEX('5. Reference richness'!D32:D57,MATCH($C$31,'5. Reference richness'!$A$32:$A$57,0))*E59)","v":""},{"$f":"IF(OR($C$31=\"\", $C$32=\"\", $C$33=\"\", $C$34=\"\",$C$35=\"Choose from dropdown\", $C$36=\"Choose from dropdown\", $C$38=\"Choose from dropdown\", $C$39=\"Choose from dropdown\"), \"\",\nINDEX('5. Reference richness'!E32:E57,MATCH($C$31,'5. Reference richness'!$A$32:$A$57,0))*F59)","v":""},{"$f":"IF(OR($C$31=\"\", $C$32=\"\", $C$33=\"\", $C$34=\"\",$C$35=\"Choose from dropdown\", $C$36=\"Choose from dropdown\", $C$38=\"Choose from dropdown\", $C$39=\"Choose from dropdown\"), \"\",\nINDEX('5. Reference richness'!F32:F57,MATCH($C$31,'5. Reference richness'!$A$32:$A$57,0))*G59)","v":""},{"$f":"IF(OR($C$31=\"\", $C$32=\"\", $C$33=\"\", $C$34=\"\",$C$35=\"Choose from dropdown\", $C$36=\"Choose from dropdown\", $C$38=\"Choose from dropdown\", $C$39=\"Choose from dropdown\"), \"\",\nINDEX('5. Reference richness'!G32:G57,MATCH($C$31,'5. Reference richness'!$A$32:$A$57,0))*H59)","v":""},{"$f":"IF(OR($C$31=\"\", $C$32=\"\", $C$33=\"\", $C$34=\"\",$C$35=\"Choose from dropdown\", $C$36=\"Choose from dropdown\", $C$38=\"Choose from dropdown\", $C$39=\"Choose from dropdown\"), \"\",\nINDEX('5. Reference richness'!H32:H57,MATCH($C$31,'5. Reference richness'!$A$32:$A$57,0))*I59)","v":""},{"$f":"IF(OR($C$31=\"\", $C$32=\"\", $C$33=\"\", $C$34=\"\",$C$35=\"Choose from dropdown\", $C$36=\"Choose from dropdown\", $C$38=\"Choose from dropdown\", $C$39=\"Choose from dropdown\"), \"\",\nINDEX('5. Reference richness'!I32:I57,MATCH($C$31,'5. Reference richness'!$A$32:$A$57,0))*J59)","v":""},{"$f":"IF(OR($C$31=\"\", $C$32=\"\", $C$33=\"\", $C$34=\"\",$C$35=\"Choose from dropdown\", $C$36=\"Choose from dropdown\", $C$38=\"Choose from dropdown\", $C$39=\"Choose from dropdown\"), \"\",\nINDEX('5. Reference richness'!J32:J57,MATCH($C$31,'5. Reference richness'!$A$32:$A$57,0))*K59)","v":""},{"$f":"IF(OR($C$31=\"\", $C$32=\"\", $C$33=\"\", $C$34=\"\",$C$35=\"Choose from dropdown\", $C$36=\"Choose from dropdown\", $C$38=\"Choose from dropdown\", $C$39=\"Choose from dropdown\"), \"\",\nINDEX('5. Reference richness'!K32:K57,MATCH($C$31,'5. Reference richness'!$A$32:$A$57,0))*L59)","v":""}]
[null,"Lifetime impacts (1 year after decommissioning)",{"$f":"IF(OR($C$31=\"\", $C$32=\"\", $C$33=\"\", $C$34=\"\",$C$35=\"Choose from dropdown\", $C$36=\"Choose from dropdown\", $C$38=\"Choose from dropdown\", $C$39=\"Choose from dropdown\"), \"\",\nIF($C$36=\"Construction on sandy seabed\",'5. Reference richness'!B15*'1. CF tool'!C64,\nIF($C$36=\"Construction on rocky seabed\",'5. Reference richness'!B22*'1. CF tool'!C64,\n\"\"\n)))","v":""},{"$f":"IF(OR($C$31=\"\", $C$32=\"\", $C$33=\"\", $C$34=\"\",$C$35=\"Choose from dropdown\", $C$36=\"Choose from dropdown\", $C$38=\"Choose from dropdown\", $C$39=\"Choose from dropdown\"), \"\",\nIF($C$36=\"Construction on sandy seabed\",'5. Reference richness'!C15*'1. CF tool'!D64,\nIF($C$36=\"Construction on rocky seabed\",'5. Reference richness'!C22*'1. CF tool'!D64,\n\"\"\n)))","v":""},{"$f":"IF(OR($C$31=\"\", $C$32=\"\", $C$33=\"\", $C$34=\"\",$C$35=\"Choose from dropdown\", $C$36=\"Choose from dropdown\", $C$38=\"Choose from dropdown\", $C$39=\"Choose from dropdown\"), \"\",\nIF($C$36=\"Construction on sandy seabed\",'5. Reference richness'!D15*'1. CF tool'!E64,\nIF($C$36=\"Construction on rocky seabed\",'5. Reference richness'!D22*'1. CF tool'!E64,\n\"\"\n)))","v":""},{"$f":"IF(OR($C$31=\"\", $C$32=\"\", $C$33=\"\", $C$34=\"\",$C$35=\"Choose from dropdown\", $C$36=\"Choose from dropdown\", $C$38=\"Choose from dropdown\", $C$39=\"Choose from dropdown\"), \"\",\nIF($C$36=\"Construction on sandy seabed\",'5. Reference richness'!E15*'1. CF tool'!F64,\nIF($C$36=\"Construction on rocky seabed\",'5. Reference richness'!E22*'1. CF tool'!F64,\n\"\"\n)))","v":""},{"$f":"IF(OR($C$31=\"\", $C$32=\"\", $C$33=\"\", $C$34=\"\",$C$35=\"Choose from dropdown\", $C$36=\"Choose from dropdown\", $C$38=\"Choose from dropdown\", $C$39=\"Choose from dropdown\"), \"\",\nIF($C$36=\"Construction on sandy seabed\",'5. Reference richness'!F15*'1. CF tool'!G64,\nIF($C$36=\"Construction on rocky seabed\",'5. Reference richness'!F22*'1. CF tool'!G64,\n\"\"\n)))","v":""},{"$f":"IF(OR($C$31=\"\", $C$32=\"\", $C$33=\"\", $C$34=\"\",$C$35=\"Choose from dropdown\", $C$36=\"Choose from dropdown\", $C$38=\"Choose from dropdown\", $C$39=\"Choose from dropdown\"), \"\",\nIF($C$36=\"Construction on sandy seabed\",'5. Reference richness'!G15*'1. CF tool'!H64,\nIF($C$36=\"Construction on rocky seabed\",'5. Reference richness'!G22*'1. CF tool'!H64,\n\"\"\n)))","v":""},{"$f":"IF(OR($C$31=\"\", $C$32=\"\", $C$33=\"\", $C$34=\"\",$C$35=\"Choose from dropdown\", $C$36=\"Choose from dropdown\", $C$38=\"Choose from dropdown\", $C$39=\"Choose from dropdown\"), \"\",\nIF($C$36=\"Construction on sandy seabed\",'5. Reference richness'!H15*'1. CF tool'!I64,\nIF($C$36=\"Construction on rocky seabed\",'5. Reference richness'!H22*'1. CF tool'!I64,\n\"\"\n)))","v":""},{"$f":"IF(OR($C$31=\"\", $C$32=\"\", $C$33=\"\", $C$34=\"\",$C$35=\"Choose from dropdown\", $C$36=\"Choose from dropdown\", $C$38=\"Choose from dropdown\", $C$39=\"Choose from dropdown\"), \"\",\nIF($C$36=\"Construction on sandy seabed\",'5. Reference richness'!I15*'1. CF tool'!J64,\nIF($C$36=\"Construction on rocky seabed\",'5. Reference richness'!I22*'1. CF tool'!J64,\n\"\"\n)))","v":""},{"$f":"IF(OR($C$31=\"\", $C$32=\"\", $C$33=\"\", $C$34=\"\",$C$35=\"Choose from dropdown\", $C$36=\"Choose from dropdown\", $C$38=\"Choose from dropdown\", $C$39=\"Choose from dropdown\"), \"\",\nIF($C$36=\"Construction on sandy seabed\",'5. Reference richness'!J15*'1. CF tool'!K64,\nIF($C$36=\"Construction on rocky seabed\",'5. Reference richness'!J22*'1. CF tool'!K64,\n\"\"\n)))","v":""},{"$f":"IF(OR($C$31=\"\", $C$32=\"\", $C$33=\"\", $C$34=\"\",$C$35=\"Choose from dropdown\", $C$36=\"Choose from dropdown\", $C$38=\"Choose from dropdown\", $C$39=\"Choose from dropdown\"), \"\",\nIF($C$36=\"Construction on sandy seabed\",'5. Reference richness'!K15*'1. CF tool'!L64,\nIF($C$36=\"Construction on rocky seabed\",'5. Reference richness'!K22*'1. CF tool'!L64,\n\"\"\n)))","v":""}]
[null,"Lifetime impacts (25 years after decommissioning)",{"$f":"IF(OR($C$31=\"\", $C$32=\"\", $C$33=\"\", $C$34=\"\",$C$35=\"Choose from dropdown\", $C$36=\"Choose from dropdown\", $C$38=\"Choose from dropdown\", $C$39=\"Choose from dropdown\"), \"\",\nIF($C$36=\"Construction on sandy seabed\",'5. Reference richness'!B15*'1. CF tool'!C69,\nIF($C$36=\"Construction on rocky seabed\",'5. Reference richness'!B22*'1. CF tool'!C69,\n\"\"\n)))","v":""},{"$f":"IF(OR($C$31=\"\", $C$32=\"\", $C$33=\"\", $C$34=\"\",$C$35=\"Choose from dropdown\", $C$36=\"Choose from dropdown\", $C$38=\"Choose from dropdown\", $C$39=\"Choose from dropdown\"), \"\",\nIF($C$36=\"Construction on sandy seabed\",'5. Reference richness'!C15*'1. CF tool'!D69,\nIF($C$36=\"Construction on rocky seabed\",'5. Reference richness'!C22*'1. CF tool'!D69,\n\"\"\n)))","v":""},{"$f":"IF(OR($C$31=\"\", $C$32=\"\", $C$33=\"\", $C$34=\"\",$C$35=\"Choose from dropdown\", $C$36=\"Choose from dropdown\", $C$38=\"Choose from dropdown\", $C$39=\"Choose from dropdown\"), \"\",\nIF($C$36=\"Construction on sandy seabed\",'5. Reference richness'!D15*'1. CF tool'!E69,\nIF($C$36=\"Construction on rocky seabed\",'5. Reference richness'!D22*'1. CF tool'!E69,\n\"\"\n)))","v":""},{"$f":"IF(OR($C$31=\"\", $C$32=\"\", $C$33=\"\", $C$34=\"\",$C$35=\"Choose from dropdown\", $C$36=\"Choose from dropdown\", $C$38=\"Choose from dropdown\", $C$39=\"Choose from dropdown\"), \"\",\nIF($C$36=\"Construction on sandy seabed\",'5. Reference richness'!E15*'1. CF tool'!F69,\nIF($C$36=\"Construction on rocky seabed\",'5. Reference richness'!E22*'1. CF tool'!F69,\n\"\"\n)))","v":""},{"$f":"IF(OR($C$31=\"\", $C$32=\"\", $C$33=\"\", $C$34=\"\",$C$35=\"Choose from dropdown\", $C$36=\"Choose from dropdown\", $C$38=\"Choose from dropdown\", $C$39=\"Choose from dropdown\"), \"\",\nIF($C$36=\"Construction on sandy seabed\",'5. Reference richness'!F15*'1. CF tool'!G69,\nIF($C$36=\"Construction on rocky seabed\",'5. Reference richness'!F22*'1. CF tool'!G69,\n\"\"\n)))","v":""},{"$f":"IF(OR($C$31=\"\", $C$32=\"\", $C$33=\"\", $C$34=\"\",$C$35=\"Choose from dropdown\", $C$36=\"Choose from dropdown\", $C$38=\"Choose from dropdown\", $C$39=\"Choose from dropdown\"), \"\",\nIF($C$36=\"Construction on sandy seabed\",'5. Reference richness'!G15*'1. CF tool'!H69,\nIF($C$36=\"Construction on rocky seabed\",'5. Reference richness'!G22*'1. CF tool'!H69,\n\"\"\n)))","v":""},{"$f":"IF(OR($C$31=\"\", $C$32=\"\", $C$33=\"\", $C$34=\"\",$C$35=\"Choose from dropdown\", $C$36=\"Choose from dropdown\", $C$38=\"Choose from dropdown\", $C$39=\"Choose from dropdown\"), \"\",\nIF($C$36=\"Construction on sandy seabed\",'5. Reference richness'!H15*'1. CF tool'!I69,\nIF($C$36=\"Construction on rocky seabed\",'5. Reference richness'!H22*'1. CF tool'!I69,\n\"\"\n)))","v":""},{"$f":"IF(OR($C$31=\"\", $C$32=\"\", $C$33=\"\", $C$34=\"\",$C$35=\"Choose from dropdown\", $C$36=\"Choose from dropdown\", $C$38=\"Choose from dropdown\", $C$39=\"Choose from dropdown\"), \"\",\nIF($C$36=\"Construction on sandy seabed\",'5. Reference richness'!I15*'1. CF tool'!J69,\nIF($C$36=\"Construction on rocky seabed\",'5. Reference richness'!I22*'1. CF tool'!J69,\n\"\"\n)))","v":""},{"$f":"IF(OR($C$31=\"\", $C$32=\"\", $C$33=\"\", $C$34=\"\",$C$35=\"Choose from dropdown\", $C$36=\"Choose from dropdown\", $C$38=\"Choose from dropdown\", $C$39=\"Choose from dropdown\"), \"\",\nIF($C$36=\"Construction on sandy seabed\",'5. Reference richness'!J15*'1. CF tool'!K69,\nIF($C$36=\"Construction on rocky seabed\",'5. Reference richness'!J22*'1. CF tool'!K69,\n\"\"\n)))","v":""},{"$f":"IF(OR($C$31=\"\", $C$32=\"\", $C$33=\"\", $C$34=\"\",$C$35=\"Choose from dropdown\", $C$36=\"Choose from dropdown\", $C$38=\"Choose from dropdown\", $C$39=\"Choose from dropdown\"), \"\",\nIF($C$36=\"Construction on sandy seabed\",'5. Reference richness'!K15*'1. CF tool'!L69,\nIF($C$36=\"Construction on rocky seabed\",'5. Reference richness'!K22*'1. CF tool'!L69,\n\"\"\n)))","v":""}]

{"sheet":"2. Relative CFs per turbine","index":4,"n_rows":229,"n_cols":35,"rows_kept":229,"merged":[[2,0,5,10],[8,0,9,10],[13,1,13,2]]}
["Potentially Disappeared Fraction of species from habitat changes associated with the turbine structures [PDF.yr/turbine]"]
[]
["The factors for PDF presented in this sheet represent the relative impacts on species richness within each species group associated with construction, decommissioning, and the whole lifetime of a turbine structure in the North Sea. The PDFs are given for structure ages 1-25 years.\n\nUnit: PDF.year/turbine. Abbreviations: PDF = Potentially Disappeared Fraction of species. \n"]
[]
[]
[]
[]
["Color scale "]
["The cells are colored according to what is interpreted as a positive, neutral or negative impact. The coloring is different for alien species compared to all other species groups, as and increas of alien species is not considered positive like an increase in the other species groups are in LCA."]
[]
[]
[null,"Aliens","All other species "]
["Positive","Decrease in PDF.year (positive numbers)","Increase in PDF.year (negative numbers)"]
["No impact","Constant number of species"]
["Negative","Increase in PDF.year (negative numbers)","Decrease in PDF.year (positive numbers)"]
[]
["Relative CFs for construction impacts "]
["Scenario I-C: From sandy seabed to the full structure. ",{"$nulls":11},"Scenario II-C: From hard seabed to the full structure. "]
["Unit: PDF.year/structure",{"$nulls":11},"Unit: PDF.year/structure"]
["Age, t [yr]","TOTAL","Porifera","Cnidaria","Worms","Mollusca","Arthropoda","Bryozoa","Echinodermata","Chordata","Aliens",null,"Age, t [yr]","TOTAL","Porifera","Cnidaria","Worms","Mollusca","Arthropoda","Bryozoa","Echinodermata","Chordata","Aliens"]
[1,{"v":0.702634168546231,"d":"1"},null,{"v":0.333008795345808,"d":"0"},{"v":1.0071464260977,"d":"1"},{"v":0.766417132083525,"d":"1"},{"v":0.473299459112629,"d":"0"},{"v":-3.01056885545099,"d":"-3"},{"v":0.663007525533503,"d":"1"},{"v":-11.5302645838688,"d":"-12"},{"v":-11.2479394148023,"d":"-11"},null,1,{"v":0.444969359546612,"d":"0"},{"v":-1.34648672048988,"d":"-1"},{"v":0.671927090393669,"d":"1"},{"v":1.08780190612744,"d":"1"},{"v":-0.25057378217041,"d":"-0"},{"v":0.261859578516016,"d":"0"},{"v":0.42356806520086,"d":"0"},{"v":-2.09663206720128,"d":"-2"},{"v":0.67316044276494,"d":"1"},{"v":-0.0497048346697101,"d":"-0"}]
[2,{"v":1.33678251396442,"d":"1"},null,{"v":0.494940165350905,"d":"0"},{"v":1.96769148952408,"d":"2"},{"v":1.48018119804604,"d":"1"},{"v":0.8500732279083,"d":"1"},{"v":-6.39100140016321,"d":"-6"},{"v":1.282530878609,"d":"1"},{"v":-23.7670985987576,"d":"-24"},{"v":-23.6274904406206,"d":"-24"},null,2,{"v":0.762110548361908,"d":"1"},{"v":-2.97769642737296,"d":"-3"},{"v":1.25970634149374,"d":"1"},{"v":1.60305350322752,"d":"2"},{"v":-0.783045567516991,"d":"-1"},{"v":0.388443970842642,"d":"0"},{"v":0.793976279593266,"d":"1"},{"v":-4.59284125570876,"d":"-5"},{"v":1.32789072083187,"d":"1"},{"v":-0.196393997790317,"d":"-0"}]
[3,{"v":1.90469574541377,"d":"2"},null,{"v":0.495137590502968,"d":"0"},{"v":2.88447337841198,"d":"3"},{"v":2.14394629430194,"d":"2"},{"v":1.13266290613309,"d":"1"},{"v":-10.1373088169009,"d":"-10"},{"v":1.86071086140985,"d":"2"},{"v":-36.6584129806718,"d":"-37"},{"v":-37.0485532336455,"d":"-37"},null,3,{"v":0.955624494777143,"d":"1"},{"v":-4.86536736360537,"d":"-5"},{"v":1.76793353028804,"d":"2"},{"v":1.58062513412657,"d":"2"},{"v":-1.58320565213128,"d":"-2"},{"v":0.383034793931715,"d":"0"},{"v":1.11179794879038,"d":"1"},{"v":-7.46895568204489,"d":"-7"},{"v":1.96554952591066,"d":"2"},{"v":-0.432345517653219,"d":"-0"}]
[4,{"v":2.40862457205347,"d":"2"},null,{"v":0.342944551289669,"d":"0"},{"v":3.7603302808942,"d":"4"},{"v":2.76036651726559,"d":"3"},{"v":1.32341009353309,"d":"1"},{"v":-14.2455022884282,"d":"-14"},{"v":2.3996882761194,"d":"2"},{"v":-50.1521186656171,"d":"-50"},{"v":-51.4210279500674,"d":"-51"},null,4,{"v":1.02971212712357,"d":"1"},{"v":-6.98123777214327,"d":"-7"},{"v":2.20120443376443,"d":"2"},{"v":1.05538714165092,"d":"1"},{"v":-2.63684433210483,"d":"-3"},{"v":0.248913664735073,"d":"0"},{"v":1.37760637840535,"d":"1"},{"v":-10.7053034627321,"d":"-11"},{"v":2.58749554971121,"d":"3"},{"v":-0.749837422549815,"d":"-1"}]
[5,{"v":2.85081970304271,"d":"3"},null,{"v":0.0477045281986842,"d":"0"},{"v":4.59810038510357,"d":"5"},{"v":3.33209596335139,"d":"3"},{"v":1.42465638985437,"d":"1"},{"v":-18.7115929975094,"d":"-19"},{"v":2.901603924921,"d":"3"},{"v":-64.196126589599,"d":"-64"},{"v":-66.654814746077,"d":"-67"},null,5,{"v":0.988574373732445,"d":"1"},{"v":-9.2970458959428,"d":"-9"},{"v":2.56411482891073,"d":"3"},{"v":0.0622098686269237,"d":"0"},{"v":-3.92975190352917,"d":"-4"},{"v":-0.0106377997954439,"d":"-0"},{"v":1.59197487405135,"d":"2"},{"v":-14.282212714293,"d":"-14"},{"v":3.19508748394339,"d":"3"},{"v":-1.1411477407715,"d":"-1"}]
[6,{"v":3.23353184754068,"d":"3"},null,{"v":-0.381238998282313,"d":"-0"},{"v":5.40062187917291,"d":"5"},{"v":3.86178872897372,"d":"4"},{"v":1.43874339484301,"d":"1"},{"v":-23.5315921269086,"d":"-24"},{"v":3.36859860999803,"d":"3"},{"v":-78.738347688623,"d":"-79"},{"v":-82.6598137778648,"d":"-83"},null,6,{"v":0.836412162935021,"d":"1"},{"v":-11.7845299779601,"d":"-12"},{"v":2.8612604927148,"d":"3"},{"v":-1.36403634211909,"d":"-1"},{"v":-5.44771866249586,"d":"-5"},{"v":-0.392337982707999,"d":"-0"},{"v":1.75547674134153,"d":"2"},{"v":-18.1800115532498,"d":"-18"},{"v":3.78968402031708,"d":"4"},{"v":-1.59855450060969,"d":"-2"}]
[7,{"v":3.55901171470658,"d":"4"},null,{"v":-0.934542547665649,"d":"-1"},{"v":6.17073295123502,"d":"6"},{"v":4.35209891054697,"d":"4"},{"v":1.36801270824509,"d":"1"},{"v":-28.7015108593902,"d":"-29"},{"v":3.80281313353382,"d":"4"},{"v":-93.7266928986945,"d":"-94"},{"v":-99.3459252016213,"d":"-99"},null,7,{"v":0.577426423062552,"d":"1"},{"v":-14.4154282611513,"d":"-14"},{"v":3.09723720216446,"d":"3"},{"v":-3.18848114776079,"d":"-3"},{"v":-7.17653490509642,"d":"-7"},{"v":-0.892905267050753,"d":"-1"},{"v":1.86868528588904,"d":"2"},{"v":-22.3790280961252,"d":"-22"},{"v":4.37264385054218,"d":"4"},{"v":-2.11433573035576,"d":"-2"}]
[8,{"v":3.8295100136996,"d":"4"},null,{"v":-1.60286263946365,"d":"-2"},{"v":6.91127178942274,"d":"7"},{"v":4.80568060448551,"d":"5"},{"v":1.21480592980669,"d":"1"},{"v":-34.2173603777182,"d":"-34"},{"v":4.20638829771174,"d":"4"},{"v":-109.109073155819,"d":"-109"},{"v":-116.623049173537,"d":"-117"},null,8,{"v":0.215818082446293,"d":"0"},{"v":-17.1614789884727,"d":"-17"},{"v":3.27664073424755,"d":"3"},{"v":-5.37625420547184,"d":"-5"},{"v":-9.10199092742241,"d":"-9"},{"v":-1.50905803587187,"d":"-2"},{"v":1.93217381330706,"d":"2"},{"v":-26.8595904594415,"d":"-27"},{"v":4.94532566632856,"d":"5"},{"v":-2.68076945830112,"d":"-3"}]
[9,{"v":4.04727745367893,"d":"4"},null,{"v":-2.37685579318864,"d":"-2"},{"v":7.62507658186888,"d":"8"},{"v":5.22518790720374,"d":"5"},{"v":0.981464659273902,"d":"1"},{"v":-40.0751518646569,"d":"-40"},{"v":4.58146490471513,"d":"5"},{"v":-124.833399396003,"d":"-125"},{"v":-134.401085849803,"d":"-134"},null,9,{"v":-0.244211930582502,"d":"-0"},{"v":-19.9944204028802,"d":"-20"},{"v":3.40406686595193,"d":"3"},{"v":-7.89248517242589,"d":"-8"},{"v":-11.2098770255654,"d":"-11"},{"v":-2.23751467221951,"d":"-2"},{"v":1.94651562920872,"d":"2"},{"v":-31.6020267597213,"d":"-32"},{"v":5.50908815938611,"d":"6"},{"v":-3.29013371273716,"d":"-3"}]
[10,{"v":4.21456474380376,"d":"4"},null,{"v":-3.24717852835294,"d":"-3"},{"v":8.31498551670626,"d":"8"},{"v":5.61327491511603,"d":"6"},{"v":0.670330496392794,"d":"1"},{"v":-46.2708965029705,"d":"-46"},{"v":4.93018375672736,"d":"5"},{"v":-140.84758255525,"d":"-141"},{"v":-152.589935386609,"d":"-153"},null,10,{"v":-0.798462687692578,"d":"-1"},{"v":-22.8859907473301,"d":"-23"},{"v":3.48411137426542,"d":"3"},{"v":-10.7023037057966,"d":"-11"},{"v":-13.4859834956168,"d":"-13"},{"v":-3.07499355914183,"d":"-3"},{"v":1.91228403920721,"d":"2"},{"v":-36.586665113487,"d":"-37"},{"v":6.0652900214247,"d":"6"},{"v":-3.9347065219553,"d":"-4"}]
[11,{"v":4.3336225932333,"d":"4"},null,{"v":-4.20448736446888,"d":"-4"},{"v":8.98383678206769,"d":"9"},{"v":5.97259572463677,"d":"6"},{"v":0.283745040909449,"d":"0"},{"v":-52.8006054754231,"d":"-53"},{"v":5.25468565593179,"d":"5"},{"v":-157.099533569568,"d":"-157"},{"v":-171.099497940146,"d":"-171"},null,11,{"v":-1.44273326055268,"d":"-1"},{"v":-25.8079282647786,"d":"-26"},{"v":3.52137003617587,"d":"4"},{"v":-13.7708394627577,"d":"-14"},{"v":-15.9161006336683,"d":"-16"},{"v":-4.018213079687,"d":"-4"},{"v":1.83005234891566,"d":"2"},{"v":-41.793833637261,"d":"-42"},{"v":6.61528994415423,"d":"7"},{"v":-4.60676591424692,"d":"-5"}]
[12,{"v":4.40670171112672,"d":"4"},null,{"v":-5.23943882104879,"d":"-5"},{"v":9.634468566086,"d":"10"},{"v":6.30580443218035,"d":"6"},{"v":-0.175950107430052,"d":"-0"},{"v":-59.6602899647791,"d":"-60"},{"v":5.55711140451175,"d":"6"},{"v":-173.537163374961,"d":"-174"},{"v":-189.839673666604,"d":"-190"},null,12,{"v":-2.17282272083156,"d":"-2"},{"v":-28.7319711981817,"d":"-29"},{"v":3.52043862867112,"d":"4"},{"v":-17.0632221004827,"d":"-17"},{"v":-18.4860187358114,"d":"-18"},{"v":-5.06389161690317,"d":"-5"},{"v":1.70039386394725,"d":"2"},{"v":-47.2038604475658,"d":"-47"},{"v":7.16044661928456,"d":"7"},{"v":-5.29858991790342,"d":"-5"}]
[13,{"v":4.43605280664323,"d":"4"},null,{"v":-6.342689417605,"d":"-6"},{"v":10.269719056894,"d":"10"},{"v":6.61555513416114,"d":"7"},{"v":-0.70641334887963,"d":"-1"},{"v":-66.8459611538026,"d":"-67"},{"v":5.83960180465062,"d":"6"},{"v":-190.108382907434,"d":"-190"},{"v":-208.720362722175,"d":"-209"},null,13,{"v":-2.98453014019796,"d":"-3"},{"v":-31.6298577904956,"d":"-32"},{"v":3.48591292873901,"d":"3"},{"v":-20.5445812761454,"d":"-21"},{"v":-21.1815280981377,"d":"-21"},{"v":-6.20874755383852,"d":"-6"},{"v":1.52388188991513,"d":"2"},{"v":-52.7970736609239,"d":"-53"},{"v":7.7021187385256,"d":"8"},{"v":-6.00245656121621,"d":"-6"}]
[14,{"v":4.42392658894202,"d":"4"},null,{"v":-7.50489567364982,"d":"-8"},{"v":10.8924264426245,"d":"11"},{"v":6.90450192699355,"d":"7"},{"v":-1.3053030836932,"d":"-1"},{"v":-74.3536302252578,"d":"-74"},{"v":6.10429765853174,"d":"6"},{"v":-206.761103102994,"d":"-207"},{"v":-227.651465263048,"d":"-228"},null,14,{"v":-3.87365459032062,"d":"-4"},{"v":-34.4733262846765,"d":"-34"},{"v":3.42238871336737,"d":"3"},{"v":-24.1800466469195,"d":"-24"},{"v":-23.9884190167386,"d":"-24"},{"v":-7.4494992735412,"d":"-7"},{"v":1.30108973243245,"d":"1"},{"v":-58.5538013938577,"d":"-59"},{"v":8.24166499358721,"d":"8"},{"v":-6.71064387247667,"d":"-7"}]
[15,{"v":4.37257376718228,"d":"4"},null,{"v":-8.71671410869558,"d":"-9"},{"v":11.5054289114104,"d":"12"},{"v":7.17529890709194,"d":"7"},{"v":-1.97027771212469,"d":"-2"},{"v":-82.179308361909,"d":"-82"},{"v":6.35333976833847,"d":"6"},{"v":-223.443234897646,"d":"-223"},{"v":-246.542881445414,"d":"-247"},null,15,{"v":-4.83599514286829,"d":"-5"},{"v":-37.2341149236805,"d":"-37"},{"v":3.33446175954404,"d":"3"},{"v":-27.9347478699785,"d":"-28"},{"v":-26.8924817877057,"d":"-27"},{"v":-8.78286515905937,"d":"-9"},{"v":1.03259069711238,"d":"1"},{"v":-64.4543717628897,"d":"-64"},{"v":8.78044407617929,"d":"9"},{"v":-7.41542987997622,"d":"-7"}]
[16,{"v":4.28424505052319,"d":"4"},null,{"v":-9.96880124225461,"d":"-10"},{"v":12.1115646513844,"d":"12"},{"v":7.4306001708707,"d":"7"},{"v":-2.69899563442802,"d":"-3"},{"v":-90.3190067465203,"d":"-90"},{"v":6.58886893625417,"d":"7"},{"v":-240.102689227395,"d":"-240"},{"v":-265.304511425464,"d":"-265"},null,16,{"v":-5.86735086950972,"d":"-6"},{"v":-39.8839619504638,"d":"-40"},{"v":3.22672784425688,"d":"3"},{"v":-31.7738146024962,"d":"-32"},{"v":-29.8795067071307,"d":"-30"},{"v":-10.2055635934412,"d":"-10"},{"v":0.718958089568079,"d":"1"},{"v":-70.4791128845424,"d":"-70"},{"v":9.31981467801171,"d":"9"},{"v":-8.10909261200625,"d":"-8"}]
[17,{"v":4.16119114812396,"d":"4"},null,{"v":-11.2518135938392,"d":"-11"},{"v":12.7136718506793,"d":"13"},{"v":7.67305981474422,"d":"8"},{"v":-3.4891152508571,"d":"-3"},{"v":-98.7687365618559,"d":"-99"},{"v":6.81302596446219,"d":"7"},{"v":-256.687377028247,"d":"-257"},{"v":-283.846255359388,"d":"-284"},null,17,{"v":-6.96352084191366,"d":"-7"},{"v":-42.3946056079825,"d":"-42"},{"v":3.10378274449371,"d":"3"},{"v":-35.6623765016462,"d":"-36"},{"v":-32.9352840711049,"d":"-33"},{"v":-11.7143129597348,"d":"-12"},{"v":0.360765215412699,"d":"0"},{"v":-76.6083528753383,"d":"-77"},{"v":9.86113549079436,"d":"10"},{"v":-8.78391009685815,"d":"-9"}]
[18,{"v":4.00566276914379,"d":"4"},null,{"v":-12.5564076829618,"d":"-13"},{"v":13.3145886974281,"d":"13"},{"v":7.90533193512687,"d":"8"},{"v":-4.33829496166586,"d":"-4"},{"v":-107.52450899068,"d":"-108"},{"v":7.02795165514589,"d":"7"},{"v":-273.145209236208,"d":"-273"},{"v":-302.078013403377,"d":"-302"},null,18,{"v":-8.12030413174884,"d":"-8"},{"v":-44.7377841391927,"d":"-45"},{"v":2.97022223724237,"d":"3"},{"v":-39.5655632246021,"d":"-40"},{"v":-36.0456041757199,"d":"-36"},{"v":-13.3058316409884,"d":"-13"},{"v":-0.041414619740601,"d":"-0"},{"v":-82.8224198517996,"d":"-83"},{"v":10.4057652062371,"d":"10"},{"v":-9.43216036282333,"d":"-9"}]
[19,{"v":3.81991062274185,"d":"4"},null,{"v":-13.8732400291346,"d":"-14"},{"v":13.9171533797634,"d":"14"},{"v":8.13007062843306,"d":"8"},{"v":-5.24419316710821,"d":"-5"},{"v":-116.582335215757,"d":"-117"},{"v":7.23578681048862,"d":"7"},{"v":-289.424096787283,"d":"-289"},{"v":-319.909685713622,"d":"-320"},null,19,{"v":-9.33349981068401,"d":"-9"},{"v":-46.8852357870506,"d":"-47"},{"v":2.83064209949072,"d":"3"},{"v":-43.4485044285377,"d":"-43"},{"v":-39.1962573170673,"d":"-39"},{"v":-14.9768380202502,"d":"-15"},{"v":-0.487008110278659,"d":"-0"},{"v":-89.1016419304491,"d":"-89"},{"v":10.9550625160499,"d":"11"},{"v":-10.0461214381932,"d":"-10"}]
[20,{"v":3.60618541807734,"d":"4"},null,{"v":-15.1929671518699,"d":"-15"},{"v":14.5242040858182,"d":"15"},{"v":8.34992999107715,"d":"8"},{"v":-6.20446826743808,"d":"-6"},{"v":-125.938226419851,"d":"-126"},{"v":7.43867223267373,"d":"7"},{"v":-305.471950617477,"d":"-305"},{"v":-337.251172446312,"d":"-337"},null,20,{"v":-10.5989069503879,"d":"-11"},{"v":-48.8086987945124,"d":"-49"},{"v":2.68963810822657,"d":"3"},{"v":-47.2763297706266,"d":"-47"},{"v":-42.3730337912387,"d":"-42"},{"v":-16.7240504805683,"d":"-17"},{"v":-0.975441950588319,"d":"-1"},{"v":-95.426347227809,"d":"-95"},{"v":11.5103861119425,"d":"12"},{"v":-10.6180713512591,"d":"-11"}]
[21,{"v":3.36673786430946,"d":"3"},null,{"v":-16.5062455706802,"d":"-17"},{"v":15.1385790037252,"d":"15"},{"v":8.56756411947354,"d":"9"},{"v":-7.21677866290938,"d":"-7"},{"v":-135.588193785726,"d":"-136"},{"v":7.63874872388459,"d":"8"},{"v":-321.236681662796,"d":"-321"},{"v":-354.012373757639,"d":"-354"},null,21,{"v":-11.9123246225293,"d":"-12"},{"v":-50.4799114045342,"d":"-50"},{"v":2.55180604043779,"d":"3"},{"v":-51.0141689080425,"d":"-51"},{"v":-45.5617238943256,"d":"-46"},{"v":-18.5441874049908,"d":"-19"},{"v":-1.50614283505642,"d":"-2"},{"v":-101.776863860402,"d":"-102"},{"v":12.0730946856249,"d":"12"},{"v":-11.1402881303125,"d":"-11"}]
[22,{"v":3.10381867059741,"d":"3"},null,{"v":-17.8037318050777,"d":"-18"},{"v":15.7631163216173,"d":"16"},{"v":8.78562711003661,"d":"9"},{"v":-8.27878275377604,"d":"-8"},{"v":-145.528248496146,"d":"-146"},{"v":7.83815708630454,"d":"8"},{"v":-336.666200859246,"d":"-337"},{"v":-370.103189803792,"d":"-370"},null,22,{"v":-13.269551898777,"d":"-13"},{"v":-51.8706118600722,"d":"-52"},{"v":2.4217416731122,"d":"2"},{"v":-54.627151497959,"d":"-55"},{"v":-48.7481179224194,"d":"-49"},{"v":-20.4339671765659,"d":"-20"},{"v":-2.07853745806981,"d":"-2"},{"v":-108.13351994475,"d":"-108"},{"v":12.6445469288069,"d":"13"},{"v":-11.6050498036448,"d":"-12"}]
[23,{"v":2.81967854610036,"d":"3"},null,{"v":-19.0760823745747,"d":"-19"},{"v":16.4006542276273,"d":"16"},{"v":9.00677305918074,"d":"9"},{"v":-9.38813894029198,"d":"-9"},{"v":-155.754401733876,"d":"-156"},{"v":8.03903812211694,"d":"8"},{"v":-351.708419142833,"d":"-352"},{"v":-385.433520740963,"d":"-385"},null,23,{"v":-14.6663878507996,"d":"-15"},{"v":-52.9525384040824,"d":"-53"},{"v":2.30404078323764,"d":"2"},{"v":-58.0804071975498,"d":"-58"},{"v":-51.9180061716119,"d":"-52"},{"v":-22.3901081783419,"d":"-22"},{"v":-2.69205251401532,"d":"-3"},{"v":-114.476643597377,"d":"-114"},{"v":13.2261015331985,"d":"13"},{"v":-12.0046343995473,"d":"-12"}]
[24,{"v":2.51656819997752,"d":"3"},null,{"v":-20.3139537986836,"d":"-20"},{"v":17.0540309098879,"d":"17"},{"v":9.23365606332031,"d":"9"},{"v":-10.5425056227111,"d":"-11"},{"v":-166.26266468168,"d":"-166"},{"v":8.24353263350516,"d":"8"},{"v":-366.31124744956,"d":"-366"},{"v":-399.913266725343,"d":"-400"},null,24,{"v":-16.0986315502659,"d":"-16"},{"v":-53.6974292795211,"d":"-54"},{"v":2.20329914780196,"d":"2"},{"v":-61.3390656639885,"d":"-61"},{"v":-55.0571789379944,"d":"-55"},{"v":-24.4093287933668,"d":"-24"},{"v":-3.3461146972798,"d":"-3"},{"v":-120.786562934803,"d":"-121"},{"v":13.8191171905094,"d":"14"},{"v":-12.3313199463116,"d":"-12"}]
[25,{"v":2.19673834138807,"d":"2"},null,{"v":-21.5080025969167,"d":"-22"},{"v":17.7260845565321,"d":"18"},{"v":9.46893021886972,"d":"9"},{"v":-11.7395412012873,"d":"-12"},{"v":-177.049048522322,"d":"-177"},{"v":8.45378142265253,"d":"8"},{"v":-380.422596715435,"d":"-380"},{"v":-413.452327913121,"d":"-413"},null,25,{"v":-17.5620820688447,"d":"-18"},{"v":-54.0770227293444,"d":"-54"},{"v":2.12411254379299,"d":"2"},{"v":-64.3682565544489,"d":"-64"},{"v":-58.1514265176585,"d":"-58"},{"v":-26.4883474046887,"d":"-26"},{"v":-4.04015070225009,"d":"-4"},{"v":-127.043606073553,"d":"-127"},{"v":14.4249525924497,"d":"14"},{"v":-12.5773844722288,"d":"-13"}]
[]
[]
["Relative CFs for decommissioning impacts, considering 1 year after decommissioning"]
["Interpretation: the impacts of one PDF.year when decommissioning at age t. To look at the impacts over longer times, it should be multiplied by the number of years that the area is expected to be kept like that after decommissioning. "]
[]
["Scenario I-D: Full structure to sandy seabed",{"$nulls":11},"Scenario II-D: Full structure to scour protection",{"$nulls":11},"Scenario III-D: Full structure to scour protection + 5m of foundation"]
["Unit: PDF.year/structure",{"$nulls":11},"Unit: PDF.year/structure",{"$nulls":11},"Unit: PDF.year/structure"]
["Age, t [yr]","TOTAL","Porifera","Cnidaria","Worms","Mollusca","Arthropoda","Bryozoa","Echinodermata","Chordata","Aliens",null,"Age, t [yr]","TOTAL","Porifera","Cnidaria","Worms","Mollusca","Arthropoda","Bryozoa","Echinodermata","Chordata","Aliens",null,"Age, t [yr]","TOTAL","Porifera","Cnidaria","Worms","Mollusca","Arthropoda","Bryozoa","Echinodermata","Chordata","Aliens"]
[1,{"v":-2.01219461799219,"d":"-2.0"},{"v":1,"d":"1.0"},{"v":-0.326106646079798,"d":"-0.3"},{"v":-59.1421040276796,"d":"-59.1"},{"v":-2.84095746828218,"d":"-2.8"},{"v":-0.738061443355811,"d":"-0.7"},{"v":0.761687188149284,"d":"0.8"},{"v":-1.78480662149542,"d":"-1.8"},{"v":0.922433904982458,"d":"0.9"},{"v":0.922050154891072,"d":"0.9"},null,1,{"v":0.231195891655322,"d":"2.3E-01"},{"v":0.201136514650657,"d":"2.0E-01"},{"v":0.357137209550669,"d":"3.6E-01"},{"v":3.2553010987962,"d":"3.3E+00"},{"v":0.19,"d":"1.9E-01"},{"v":0.400697990377121,"d":"4.0E-01"},{"v":0.0219008209612363,"d":"2.2E-02"},{"v":0.199668578485763,"d":"2.0E-01"},{"v":0.556312448127307,"d":"5.6E-01"},{"v":0.105448764782785,"d":"1.1E-01"},null,1,{"v":0.2095709988839,"d":"2.1E-01"},{"v":0.467583348179163,"d":"4.7E-01"},{"v":0.337043069212634,"d":"3.4E-01"},{"v":3.2553010987962,"d":"3.3E+00"},{"v":0.0999999999999999,"d":"1.0E-01"},{"v":0.374599177981718,"d":"3.7E-01"},{"v":0.0107012068947465,"d":"1.1E-02"},{"v":0.199668577806674,"d":"2.0E-01"},{"v":0.523884585266091,"d":"5.2E-01"},{"v":0.0914670410667504,"d":"9.1E-02"}]
[2,{"v":-1.50410466727402,"d":"-1.5"},{"v":1,"d":"1.0"},{"v":-0.0863745447912823,"d":"-0.1"},{"v":-15.1787283016566,"d":"-15.2"},{"v":-2.20844186441721,"d":"-2.2"},{"v":-0.490960582307447,"d":"-0.5"},{"v":0.780895622532536,"d":"0.8"},{"v":-1.49062818688875,"d":"-1.5"},{"v":0.926322994280966,"d":"0.9"},{"v":0.928136776956513,"d":"0.9"},null,2,{"v":0.17161338505455,"d":"1.7E-01"},{"v":0.341451430484912,"d":"3.4E-01"},{"v":0.261861845996023,"d":"2.6E-01"},{"v":0.83301260779097,"d":"8.3E-01"},{"v":0.19,"d":"1.9E-01"},{"v":0.328325747737487,"d":"3.3E-01"},{"v":0.0161000255331777,"d":"1.6E-02"},{"v":0.199944573210189,"d":"2.0E-01"},{"v":0.613629582142565,"d":"6.1E-01"},{"v":0.0887287641385445,"d":"8.9E-02"},null,2,{"v":0.156357304861254,"d":"1.6E-01"},{"v":0.549273546977913,"d":"5.5E-01"},{"v":0.247540928514707,"d":"2.5E-01"},{"v":0.83301260779097,"d":"8.3E-01"},{"v":0.0999999999999998,"d":"1.0E-01"},{"v":0.307830949716684,"d":"3.1E-01"},{"v":0.00792155736357753,"d":"7.9E-03"},{"v":0.19972983181857,"d":"2.0E-01"},{"v":0.566836591782664,"d":"5.7E-01"},{"v":0.0752090264715937,"d":"7.5E-02"}]
[3,{"v":-1.15306533705615,"d":"-1.2"},{"v":1,"d":"1.0"},{"v":0.0719731706575998,"d":"0.1"},{"v":-8.60120108686806,"d":"-8.6"},{"v":-1.77508217247388,"d":"-1.8"},{"v":-0.309377257173225,"d":"-0.3"},{"v":0.797074432112497,"d":"0.8"},{"v":-1.26357982968959,"d":"-1.3"},{"v":0.929583373557427,"d":"0.9"},{"v":0.9329389490603,"d":"0.9"},null,3,{"v":0.130878925624114,"d":"1.3E-01"},{"v":0.447641146740046,"d":"4.5E-01"},{"v":0.198917494124273,"d":"2.0E-01"},{"v":0.46933351993608,"d":"4.7E-01"},{"v":0.19,"d":"1.9E-01"},{"v":0.274893199760978,"d":"2.7E-01"},{"v":0.0115915575784963,"d":"1.2E-02"},{"v":0.198861054444127,"d":"2.0E-01"},{"v":0.659002878294484,"d":"6.6E-01"},{"v":0.0752722858246071,"d":"7.5E-02"},null,3,{"v":0.119909344482918,"d":"1.2E-01"},{"v":0.610594750741501,"d":"6.1E-01"},{"v":0.188385263873636,"d":"1.9E-01"},{"v":0.46933351993608,"d":"4.7E-01"},{"v":0.0999999999999998,"d":"1.0E-01"},{"v":0.258483914290087,"d":"2.6E-01"},{"v":0.0057532905046807,"d":"5.8E-03"},{"v":0.19848769456327,"d":"2.0E-01"},{"v":0.600432850904213,"d":"6.0E-01"},{"v":0.0621629950051994,"d":"6.2E-02"}]
[4,{"v":-0.896406376632636,"d":"-0.9"},{"v":1,"d":"1.0"},{"v":0.183855871204694,"d":"0.2"},{"v":-5.96090272503656,"d":"-6.0"},{"v":-1.46082662464059,"d":"-1.5"},{"v":-0.170420855280426,"d":"-0.2"},{"v":0.810885680925612,"d":"0.8"},{"v":-1.0837228653179,"d":"-1.1"},{"v":0.932329730522424,"d":"0.9"},{"v":0.936781471628018,"d":"0.9"},null,4,{"v":0.101489154513294,"d":"1.0E-01"},{"v":0.530204504692287,"d":"5.3E-01"},{"v":0.154431092915388,"d":"1.5E-01"},{"v":0.322364872018723,"d":"3.2E-01"},{"v":0.19,"d":"1.9E-01"},{"v":0.233775433296271,"d":"2.3E-01"},{"v":0.00809841974208771,"d":"8.1E-03"},{"v":0.196745783744242,"d":"2.0E-01"},{"v":0.694435929070024,"d":"6.9E-01"},{"v":0.0642326310527247,"d":"6.4E-02"},null,4,{"v":0.0935499848224953,"d":"9.4E-02"},{"v":0.657759319087204,"d":"6.6E-01"},{"v":0.146552853069564,"d":"1.5E-01"},{"v":0.322364872018723,"d":"3.2E-01"},{"v":0.0999999999999999,"d":"1.0E-01"},{"v":0.220462683233636,"d":"2.2E-01"},{"v":0.00406528256392112,"d":"4.1E-03"},{"v":0.196253675938238,"d":"2.0E-01"},{"v":0.626222230470937,"d":"6.3E-01"},{"v":0.05149900168288,"d":"5.1E-02"}]
[5,{"v":-0.700907405586343,"d":"-0.7"},{"v":1,"d":"1.0"},{"v":0.266673473739509,"d":"0.3"},{"v":-4.54547412340652,"d":"-4.5"},{"v":-1.22355020769762,"d":"-1.2"},{"v":-0.0607562843026009,"d":"-0.1"},{"v":0.822811581523788,"d":"0.8"},{"v":-0.938354010166547,"d":"-0.9"},{"v":0.934648194332793,"d":"0.9"},{"v":0.939883649207888,"d":"0.9"},null,5,{"v":0.0794677031803752,"d":"7.9E-02"},{"v":0.595650846878888,"d":"6.0E-01"},{"v":0.12148977250214,"d":"1.2E-01"},{"v":0.242737145008827,"d":"2.4E-01"},{"v":0.19,"d":"1.9E-01"},{"v":0.201112727229955,"d":"2.0E-01"},{"v":0.00541896682880895,"d":"5.4E-03"},{"v":0.193801209941791,"d":"1.9E-01"},{"v":0.721413795980466,"d":"7.2E-01"},{"v":0.0550353541505616,"d":"5.5E-02"},null,5,{"v":0.0737405537891161,"d":"7.4E-02"},{"v":0.694610165763322,"d":"6.9E-01"},{"v":0.115554131950821,"d":"1.2E-01"},{"v":0.242737145008827,"d":"2.4E-01"},{"v":0.0999999999999999,"d":"1.0E-01"},{"v":0.190215970720668,"d":"1.9E-01"},{"v":0.00276207806787067,"d":"2.8E-03"},{"v":0.193219905558564,"d":"1.9E-01"},{"v":0.64535024590941,"d":"6.5E-01"},{"v":0.0426543911878253,"d":"4.3E-02"}]
[6,{"v":-0.547319077583015,"d":"-0.5"},{"v":1,"d":"1.0"},{"v":0.330064398052592,"d":"0.3"},{"v":-3.6694769508129,"d":"-3.7"},{"v":-1.03898175974711,"d":"-1.0"},{"v":0.0279107315075198,"d":"0.0"},{"v":0.833211681653673,"d":"0.8"},{"v":-0.819001374021678,"d":"-0.8"},{"v":0.936604397104723,"d":"0.9"},{"v":0.942398210866555,"d":"0.9"},null,6,{"v":0.0625114853382925,"d":"6.3E-02"},{"v":0.648214370466169,"d":"6.5E-01"},{"v":0.0962641676807764,"d":"9.6E-02"},{"v":0.19269431963278,"d":"1.9E-01"},{"v":0.19,"d":"1.9E-01"},{"v":0.174504062167707,"d":"1.7E-01"},{"v":3.40294894275303E-3,"d":"3.4E-03"},{"v":0.190155812744455,"d":"1.9E-01"},{"v":0.741046779561955,"d":"7.4E-01"},{"v":0.0472773802830413,"d":"4.7E-02"},null,6,{"v":0.0584313228631503,"d":"5.8E-02"},{"v":0.723637115217393,"d":"7.2E-01"},{"v":0.0917940577984245,"d":"9.2E-02"},{"v":0.19269431963278,"d":"1.9E-01"},{"v":0.1,"d":"1.0E-01"},{"v":0.16553455916476,"d":"1.7E-01"},{"v":0.0017725496982939,"d":"1.8E-03"},{"v":0.189508017071575,"d":"1.9E-01"},{"v":0.658670575796799,"d":"6.6E-01"},{"v":0.0352348231618332,"d":"3.5E-02"}]
[7,{"v":-0.423718510915534,"d":"-0.4"},{"v":1,"d":"1.0"},{"v":0.379794601461434,"d":"0.4"},{"v":-3.0791672338458,"d":"-3.1"},{"v":-0.892160434702953,"d":"-0.9"},{"v":0.101009655362269,"d":"0.1"},{"v":0.842359535442008,"d":"0.8"},{"v":-0.719802970442308,"d":"-0.7"},{"v":0.938248902811649,"d":"0.9"},{"v":0.944434054657525,"d":"0.9"},null,7,{"v":0.0491949663249571,"d":"4.9E-02"},{"v":0.690750466457912,"d":"6.9E-01"},{"v":0.0764633625100252,"d":"7.6E-02"},{"v":0.158250475102865,"d":"1.6E-01"},{"v":0.19,"d":"1.9E-01"},{"v":0.15237741496688,"d":"1.5E-01"},{"v":0.0019361491314438,"d":"1.9E-03"},{"v":0.185891725773011,"d":"1.9E-01"},{"v":0.754166794424306,"d":"7.5E-01"},{"v":0.0406679617765261,"d":"4.1E-02"},null,7,{"v":0.0463534272061279,"d":"4.6E-02"},{"v":0.746507808699564,"d":"7.5E-01"},{"v":0.0731217263432965,"d":"7.3E-02"},{"v":0.158250475102865,"d":"1.6E-01"},{"v":0.1,"d":"1.0E-01"},{"v":0.144971939422924,"d":"1.4E-01"},{"v":0.00104262642658327,"d":"1.0E-03"},{"v":0.185195444230171,"d":"1.9E-01"},{"v":0.666819759802256,"d":"6.7E-01"},{"v":0.0289563588375298,"d":"2.9E-02"}]
[8,{"v":-0.322327602973436,"d":"-0.3"},{"v":1,"d":"1.0"},{"v":0.419520549698273,"d":"0.4"},{"v":-2.65896652234061,"d":"-2.7"},{"v":-0.773370829655362,"d":"-0.8"},{"v":0.162243515662062,"d":"0.2"},{"v":0.850466961149556,"d":"0.9"},{"v":-0.636578405155028,"d":"-0.6"},{"v":0.939620945461591,"d":"0.9"},{"v":0.946070121574538,"d":"0.9"},null,8,{"v":0.0385891425859948,"d":"3.9E-02"},{"v":0.725234665751658,"d":"7.3E-01"},{"v":0.0606344864834124,"d":"6.1E-02"},{"v":0.133025933529287,"d":"1.3E-01"},{"v":0.19,"d":"1.9E-01"},{"v":0.133660326769426,"d":"1.3E-01"},{"v":0.000930221360685185,"d":"9.3E-04"},{"v":0.181060451844637,"d":"1.8E-01"},{"v":0.761393216357035,"d":"7.6E-01"},{"v":0.0349925557806982,"d":"3.5E-02"},null,8,{"v":0.036679813942899,"d":"3.7E-02"},{"v":0.76436261687356,"d":"7.6E-01"},{"v":0.0581728812840509,"d":"5.8E-02"},{"v":0.133025933529287,"d":"1.3E-01"},{"v":0.0999999999999999,"d":"1.0E-01"},{"v":0.127541217036759,"d":"1.3E-01"},{"v":0.000530483255556705,"d":"5.3E-04"},{"v":0.180330377026342,"d":"1.8E-01"},{"v":0.670268170592579,"d":"6.7E-01"},{"v":0.0236100465945145,"d":"2.4E-02"}]
[9,{"v":-0.237857004753369,"d":"-0.2"},{"v":1,"d":"1.0"},{"v":0.451668766686061,"d":"0.5"},{"v":-2.34878050192753,"d":"-2.3"},{"v":-0.676037970154087,"d":"-0.7"},{"v":0.214224413498791,"d":"0.2"},{"v":0.857700526047071,"d":"0.9"},{"v":-0.566271113760118,"d":"-0.6"},{"v":0.940751049918952,"d":"0.9"},{"v":0.947364154078389,"d":"0.9"},null,9,{"v":0.0300632328597673,"d":"3.0E-02"},{"v":0.753054101717484,"d":"7.5E-01"},{"v":0.0478132796121402,"d":"4.8E-02"},{"v":0.113693905989525,"d":"1.1E-01"},{"v":0.19,"d":"1.9E-01"},{"v":0.117595994039452,"d":"1.2E-01"},{"v":0.000315784766169938,"d":"3.2E-04"},{"v":0.17569219646182,"d":"1.8E-01"},{"v":0.763178447328098,"d":"7.6E-01"},{"v":0.0300898930457349,"d":"3.0E-02"},null,9,{"v":0.028848775614882,"d":"2.9E-02"},{"v":0.777986124444055,"d":"7.8E-01"},{"v":0.0460418851376158,"d":"4.6E-02"},{"v":0.113693905989525,"d":"1.1E-01"},{"v":0.0999999999999998,"d":"1.0E-01"},{"v":0.112545906604645,"d":"1.1E-01"},{"v":2.03272339133224E-4,"d":"2.0E-04"},{"v":0.174940639653633,"d":"1.7E-01"},{"v":0.669355209458862,"d":"6.7E-01"},{"v":0.0190394597366848,"d":"1.9E-02"}]
[10,{"v":-0.166585425869132,"d":"-0.2"},{"v":1,"d":"1.0"},{"v":0.477908489317504,"d":"0.5"},{"v":-2.11436317233195,"d":"-2.1"},{"v":-0.595561936340837,"d":"-0.6"},{"v":0.258847549515825,"d":"0.3"},{"v":0.864193016859404,"d":"0.9"},{"v":-0.506599452295753,"d":"-0.5"},{"v":0.941662894289042,"d":"0.9"},{"v":0.948358371196951,"d":"0.9"},null,10,{"v":0.0231744327408792,"d":"2.3E-02"},{"v":0.775183718497662,"d":"7.8E-01"},{"v":0.037336309892715,"d":"3.7E-02"},{"v":0.0983480598991803,"d":"9.8E-02"},{"v":0.19,"d":"1.9E-01"},{"v":0.103635028028027,"d":"1.0E-01"},{"v":3.76185939530547e-05,"d":"3.8E-05"},{"v":0.169801585865158,"d":"1.7E-01"},{"v":0.759839585290534,"d":"7.6E-01"},{"v":0.0258369641352294,"d":"2.6E-02"},null,10,{"v":0.0224658462972311,"d":"2.2E-02"},{"v":0.78790976376729,"d":"7.9E-01"},{"v":0.0361054355233714,"d":"3.6E-02"},{"v":0.0983480598991803,"d":"9.8E-02"},{"v":0.0999999999999999,"d":"1.0E-01"},{"v":0.0994803447084726,"d":"9.9E-02"},{"v":3.48484754794684e-05,"d":"3.5E-05"},{"v":0.169039124266228,"d":"1.7E-01"},{"v":0.664313677930238,"d":"6.6E-01"},{"v":0.0151260135668505,"d":"1.5E-02"}]
[11,{"v":-0.105819599032174,"d":"-0.1"},{"v":1,"d":"1.0"},{"v":0.499421178981226,"d":"0.5"},{"v":-1.93486214346894,"d":"-1.9"},{"v":-0.52863689303347,"d":"-0.5"},{"v":0.297521231996732,"d":"0.3"},{"v":0.870051589439855,"d":"0.9"},{"v":-0.45583087067888,"d":"-0.5"},{"v":0.942374643841877,"d":"0.9"},{"v":0.949083206940739,"d":"0.9"},null,11,{"v":0.0176032580255485,"d":"1.8E-02"},{"v":0.792294601667143,"d":"7.9E-01"},{"v":0.0287338956124528,"d":"2.9E-02"},{"v":0.0858160570371099,"d":"8.6E-02"},{"v":0.19,"d":"1.9E-01"},{"v":0.0913688909250687,"d":"9.1E-02"},{"$f":"5.12483088908536*10^-5","v":{"v":5.1248308890853604E-5,"d":"5.1E-05"}},{"v":0.163391233340045,"d":"1.6E-01"},{"v":0.751580257682452,"d":"7.5E-01"},{"v":0.0221389359950884,"d":"2.2E-02"},null,11,{"v":0.0172462644789433,"d":"1.7E-02"},{"v":0.794473502014407,"d":"7.9E-01"},{"v":0.0279220393103397,"d":"2.8E-02"},{"v":0.0858160570371099,"d":"8.6E-02"},{"v":0.0999999999999998,"d":"1.0E-01"},{"v":0.0879684473543939,"d":"8.8E-02"},{"$f":"4.15311768193449*10^-6","v":{"v":4.15311768193449e-06,"d":"4.2E-06"}},{"v":0.162627174019871,"d":"1.6E-01"},{"v":0.655286468337952,"d":"6.6E-01"},{"v":0.0117791334343611,"d":"1.2E-02"}]
[12,{"v":-0.0535631378233624,"d":"-0.1"},{"v":1,"d":"1.0"},{"v":0.51706179001783,"d":"0.5"},{"v":-1.79695327030417,"d":"-1.8"},{"v":-0.472835078474621,"d":"-0.5"},{"v":0.331313660538182,"d":"0.3"},{"v":0.875363667661717,"d":"0.9"},{"v":-0.412631444675997,"d":"-0.4"},{"v":0.942899906518873,"d":"0.9"},{"v":0.949559780542494,"d":"0.9"},null,12,{"v":0.013113906635515,"d":"1.3E-02"},{"v":0.804819679841076,"d":"8.0E-01"},{"v":0.0216660299354818,"d":"2.2E-02"},{"v":0.0753357719333498,"d":"7.5E-02"},{"v":0.19,"d":"1.9E-01"},{"v":0.080487415694906,"d":"8.0E-02"},{"v":0.000320474624675644,"d":"3.2E-04"},{"v":0.1564539638633,"d":"1.6E-01"},{"v":0.738505224334184,"d":"7.4E-01"},{"v":0.0189222429642168,"d":"1.9E-02"},null,12,{"v":0.0129796983489664,"d":"1.3E-02"},{"v":0.79786125775539,"d":"8.0E-01"},{"v":0.0211718520185911,"d":"2.1E-02"},{"v":0.0753357719333498,"d":"7.5E-02"},{"v":0.1,"d":"1.0E-01"},{"v":0.077724625513731,"d":"7.8E-02"},{"v":9.40447218549356e-05,"d":"9.4E-05"},{"v":0.155696686441046,"d":"1.6E-01"},{"v":0.642337585679579,"d":"6.4E-01"},{"v":0.00892955461935052,"d":"8.9E-03"}]
[13,{"v":-0.00830573773998305,"d":"-0.0"},{"v":1,"d":"1.0"},{"v":0.53145916096055,"d":"0.5"},{"v":-1.69183284098123,"d":"-1.7"},{"v":-0.426343069104192,"d":"-0.4"},{"v":0.361049618515503,"d":"0.4"},{"v":0.880201284839641,"d":"0.9"},{"v":-0.375963104189235,"d":"-0.4"},{"v":0.943248408998273,"d":"0.9"},{"v":0.949801496137825,"d":"0.9"},null,13,{"v":0.00952903477192406,"d":"9.5E-03"},{"v":0.812990285445503,"d":"8.1E-01"},{"v":0.0158824898064547,"d":"1.6E-02"},{"v":0.0663886390850243,"d":"6.6E-02"},{"v":0.19,"d":"1.9E-01"},{"v":0.0707508213156614,"d":"7.1E-02"},{"v":8.15555008205854E-4,"d":"8.2E-04"},{"v":0.148974161480506,"d":"1.5E-01"},{"v":0.720629414098318,"d":"7.2E-01"},{"v":0.0161297880122657,"d":"1.6E-02"},null,13,{"v":0.00950779720766092,"d":"9.5E-03"},{"v":0.798117582353898,"d":"8.0E-01"},{"v":0.0156192171539299,"d":"1.6E-02"},{"v":0.0663886390850243,"d":"6.6E-02"},{"v":0.1,"d":"1.0E-01"},{"v":0.0685280370806924,"d":"6.9E-02"},{"v":0.00029043794774308,"d":"2.9E-04"},{"v":0.148231378915105,"d":"1.5E-01"},{"v":0.625458779101816,"d":"6.3E-01"},{"v":0.00652471515362121,"d":"6.5E-03"}]
[14,{"v":0.0311153787996688,"d":"0.0"},{"v":1,"d":"1.0"},{"v":0.543080556578429,"d":"0.5"},{"v":-1.61357209523397,"d":"-1.6"},{"v":-0.387789330031736,"d":"-0.4"},{"v":0.387375943353592,"d":"0.4"},{"v":0.884624327209731,"d":"0.9"},{"v":-0.345011949208079,"d":"-0.3"},{"v":0.94342645858691,"d":"0.9"},{"v":0.949815008088473,"d":"0.9"},null,14,{"v":0.0067131872933989,"d":"6.7E-03"},{"v":0.816850144584819,"d":"8.2E-01"},{"v":0.0111971856125273,"d":"1.1E-02"},{"v":0.0586077143547811,"d":"5.9E-02"},{"v":0.19,"d":"1.9E-01"},{"v":0.061970762986945,"d":"6.2E-02"},{"v":0.00151184514942601,"d":"1.5E-03"},{"v":0.140928512066993,"d":"1.4E-01"},{"v":0.697882421134159,"d":"7.0E-01"},{"v":0.0137175941862705,"d":"1.4E-02"},null,14,{"v":0.00670944343875668,"d":"6.7E-03"},{"v":0.795148766192846,"d":"8.0E-01"},{"v":0.0110885706178569,"d":"1.1E-02"},{"v":0.0586077143547811,"d":"5.9E-02"},{"v":0.1,"d":"1.0E-01"},{"v":0.0602051513785436,"d":"6.0E-02"},{"v":0.000581660586595103,"d":"5.8E-04"},{"v":0.140207475410913,"d":"1.4E-01"},{"v":0.604572561499329,"d":"6.0E-01"},{"v":0.00452560142612655,"d":"4.5E-03"}]
[15,{"v":0.0656090871282285,"d":"0.1"},{"v":1,"d":"1.0"},{"v":0.552274229308147,"d":"0.6"},{"v":-1.5581733285134,"d":"-1.6"},{"v":-0.356128538689436,"d":"-0.4"},{"v":0.410806935121446,"d":"0.4"},{"v":0.888682990312087,"d":"0.9"},{"v":-0.319137372298616,"d":"-0.3"},{"v":0.943437233053591,"d":"0.9"},{"v":0.949600685530512,"d":"0.9"},null,15,{"v":0.00456161161404911,"d":"4.6E-03"},{"v":0.816248521859238,"d":"8.2E-01"},{"v":7.47124141713729E-3,"d":"7.5E-03"},{"v":0.0517239548569442,"d":"5.2E-02"},{"v":0.19,"d":"1.9E-01"},{"v":0.0539971875917983,"d":"5.4E-02"},{"v":0.00238877017605636,"d":"2.4E-03"},{"v":0.132286302796543,"d":"1.3E-01"},{"v":0.670109026016973,"d":"6.7E-01"},{"v":0.0116524920077509,"d":"1.2E-02"},null,15,{"v":0.0044907945664569,"d":"4.5E-03"},{"v":0.788708193303822,"d":"7.9E-01"},{"v":0.00744853685613851,"d":"7.4E-03"},{"v":0.0517239548569442,"d":"5.2E-02"},{"v":0.1,"d":"1.0E-01"},{"v":0.0526176547164432,"d":"5.3E-02"},{"v":0.000957966575616312,"d":"9.6E-04"},{"v":0.131593967428307,"d":"1.3E-01"},{"v":0.579532032350167,"d":"5.8E-01"},{"v":0.00290465066106258,"d":"2.9E-03"}]
[16,{"v":0.0958951696425404,"d":"0.1"},{"v":1,"d":"1.0"},{"v":0.559297994891031,"d":"0.6"},{"v":-1.52301263973306,"d":"-1.5"},{"v":-0.330562400630029,"d":"-0.3"},{"v":0.431756526106751,"d":"0.4"},{"v":0.89241966245251,"d":"0.9"},{"v":-0.297835453168892,"d":"-0.3"},{"v":0.943280923733048,"d":"0.9"},{"v":0.949152637856356,"d":"0.9"},null,16,{"v":0.00299252560250906,"d":"3.0E-03"},{"v":0.810809745466596,"d":"8.1E-01"},{"v":0.00460162900718402,"d":"4.6E-03"},{"v":0.0455332148835444,"d":"4.6E-02"},{"v":0.19,"d":"1.9E-01"},{"v":0.0467090200088511,"d":"4.7E-02"},{"v":0.00342903588906121,"d":"3.4E-03"},{"v":0.123009371764538,"d":"1.2E-01"},{"v":0.637065943739588,"d":"6.4E-01"},{"v":0.00991058512908594,"d":"9.9E-03"},null,16,{"v":0.00277839836343934,"d":"2.8E-03"},{"v":0.778362280729302,"d":"7.8E-01"},{"v":0.00460123360017572,"d":"4.6E-03"},{"v":0.0455332148835444,"d":"4.6E-02"},{"v":0.0999999999999998,"d":"1.0E-01"},{"v":0.0456538804442002,"d":"4.6E-02"},{"v":0.00141116262753957,"d":"1.4E-03"},{"v":0.122352537365668,"d":"1.2E-01"},{"v":0.550117629294636,"d":"5.5E-01"},{"v":0.00164447255902794,"d":"1.6E-03"}]
[17,{"v":0.122550139388879,"d":"0.1"},{"v":1,"d":"1.0"},{"v":0.56433858022189,"d":"0.6"},{"v":-1.50651060908637,"d":"-1.5"},{"v":-0.310484653749023,"d":"-0.3"},{"v":0.450561505061958,"d":"0.5"},{"v":0.895870385307201,"d":"0.9"},{"v":-0.280712377849831,"d":"-0.3"},{"v":0.942954744079425,"d":"0.9"},{"v":0.948458304465269,"d":"0.9"},null,17,{"v":0.00194166274551884,"d":"1.9E-03"},{"v":0.799870539233333,"d":"8.0E-01"},{"v":0.00251346475300042,"d":"2.5E-03"},{"v":0.039874983997315,"d":"4.0E-02"},{"v":0.19,"d":"1.9E-01"},{"v":0.0400074377124302,"d":"4.0E-02"},{"v":0.00461801715338766,"d":"4.6E-03"},{"v":0.113051757317941,"d":"1.1E-01"},{"v":0.598414679235074,"d":"6.0E-01"},{"v":0.00847634311108834,"d":"8.5E-03"},null,17,{"v":0.00151433382683377,"d":"1.5E-03"},{"v":0.763428397018028,"d":"7.6E-01"},{"v":0.00247500868300119,"d":"2.5E-03"},{"v":0.039874983997315,"d":"4.0E-02"},{"v":0.0999999999999999,"d":"1.0E-01"},{"v":0.0392226202811972,"d":"3.9E-02"},{"v":0.00193431871756053,"d":"1.9E-03"},{"v":0.112437190509283,"d":"1.1E-01"},{"v":0.516030673767402,"d":"5.2E-01"},{"v":7.37263848125379E-4,"d":"7.4E-04"}]
[18,{"v":0.146040251627712,"d":"0.1"},{"v":1,"d":"1.0"},{"v":0.56752464065168,"d":"0.6"},{"v":-1.50794852393507,"d":"-1.5"},{"v":-0.295442600125199,"d":"-0.3"},{"v":0.467498568731642,"d":"0.5"},{"v":0.899065998433461,"d":"0.9"},{"v":-0.267465070827494,"d":"-0.3"},{"v":0.942452804390227,"d":"0.9"},{"v":0.947497554458765,"d":"0.9"},null,18,{"v":0.00135835573978849,"d":"1.4E-03"},{"v":0.782367004889132,"d":"7.8E-01"},{"v":1.15481728966737E-3,"d":"1.2E-03"},{"v":0.03461798104115,"d":"3.5E-02"},{"v":0.19,"d":"1.9E-01"},{"v":0.0338109312732758,"d":"3.4E-02"},{"v":0.00594327871837837,"d":"5.9E-03"},{"v":0.102359065964596,"d":"1.0E-01"},{"v":0.553710045961198,"d":"5.5E-01"},{"v":0.00734225072837776,"d":"7.3E-03"},null,18,{"v":0.00065272049199923,"d":"6.5E-04"},{"v":0.742867580226137,"d":"7.4E-01"},{"v":0.00101952566374059,"d":"1.0E-03"},{"v":0.03461798104115,"d":"3.5E-02"},{"v":0.1,"d":"1.0E-01"},{"v":0.0332485786770825,"d":"3.3E-02"},{"v":2.52154125650617E-3,"d":"2.5E-03"},{"v":0.101793612375408,"d":"1.0E-01"},{"v":0.476883308734151,"d":"4.8E-01"},{"v":1.84879165299392E-4,"d":"1.8E-04"}]
[19,{"v":0.166745682594861,"d":"0.2"},{"v":1,"d":"1.0"},{"v":0.568935227732317,"d":"0.6"},{"v":-1.52738844190082,"d":"-1.5"},{"v":-0.285110303543846,"d":"-0.3"},{"v":0.482797032688038,"d":"0.5"},{"v":0.902033044715529,"d":"0.9"},{"v":-0.257867154646312,"d":"-0.3"},{"v":0.941765842062588,"d":"0.9"},{"v":0.946241172462536,"d":"0.9"},null,19,{"v":1.20268257143672E-3,"d":"1.2E-03"},{"v":0.756634691714553,"d":"7.6E-01"},{"v":0.000493317157745899,"d":"4.9E-04"},{"v":0.0296497732250747,"d":"3.0E-02"},{"v":0.19,"d":"1.9E-01"},{"v":0.028051620559209,"d":"2.8E-02"},{"v":0.00739419619863492,"d":"7.4E-03"},{"v":0.0908675539490039,"d":"9.1E-02"},{"v":0.502383530037473,"d":"5.0E-01"},{"v":0.00650901474657658,"d":"6.5E-03"},null,19,{"v":0.000157172477219181,"d":"1.6E-04"},{"v":0.715098095157643,"d":"7.2E-01"},{"v":0.000202530309352527,"d":"2.0E-04"},{"v":0.0296497732250747,"d":"3.0E-02"},{"v":0.1,"d":"1.0E-01"},{"v":0.0276689823858387,"d":"2.8E-02"},{"v":0.00316779367540663,"d":"3.2E-03"},{"v":0.0903582451525369,"d":"9.0E-02"},{"v":0.432184115904003,"d":"4.3E-01"},{"v":-3.91340384982693e-07,"d":"-3.9E-07"}]
[20,{"v":0.184978500049592,"d":"0.2"},{"v":1,"d":"1.0"},{"v":0.568604784845246,"d":"0.6"},{"v":-1.56568000091093,"d":"-1.6"},{"v":-0.279270338778513,"d":"-0.3"},{"v":0.49664843727517,"d":"0.5"},{"v":0.904794493043474,"d":"0.9"},{"v":-0.25175896596293,"d":"-0.3"},{"v":0.940880783910799,"d":"0.9"},{"v":0.944648508979025,"d":"0.9"},null,20,{"v":0.00144336147408818,"d":"1.4E-03"},{"v":0.720046114310581,"d":"7.2E-01"},{"v":0.000514138566935667,"d":"5.1E-04"},{"v":0.0248686442109716,"d":"2.5E-02"},{"v":0.19,"d":"1.9E-01"},{"v":0.0226724689696482,"d":"2.3E-02"},{"v":0.00896165363097388,"d":"9.0E-03"},{"v":0.0785028966566112,"d":"7.9E-02"},{"v":0.443720209075349,"d":"4.4E-01"},{"v":0.00598640705287653,"d":"6.0E-03"},null,20,{"$f":"-1.08191317267319*10^-6","v":{"v":-1.0819131726731901E-6,"d":"-1.1E-06"}},{"v":0.677660016771041,"d":"6.8E-01"},{"$f":"7.89097392874561*10^-6","v":{"v":7.89097392874561e-06,"d":"7.9E-06"}},{"v":0.0248686442109716,"d":"2.5E-02"},{"v":0.0999999999999999,"d":"1.0E-01"},{"v":0.0224310161739697,"d":"2.2E-02"},{"v":0.00386875325766119,"d":"3.9E-03"},{"v":0.0780570566265471,"d":"7.8E-02"},{"v":0.381318302052331,"d":"3.8E-01"},{"v":0.000205816302718051,"d":"2.1E-04"}]
[21,{"v":0.200996192790485,"d":"0.2"},{"v":1,"d":"1.0"},{"v":0.566525273764726,"d":"0.6"},{"v":-1.62455540603104,"d":"-1.6"},{"v":-0.277802115065099,"d":"-0.3"},{"v":0.509213897985902,"d":"0.5"},{"v":0.907370319864524,"d":"0.9"},{"v":-0.249040777981281,"d":"-0.2"},{"v":0.939780100889526,"d":"0.9"},{"v":0.942663921318369,"d":"0.9"},null,21,{"v":0.00205618396333507,"d":"2.1E-03"},{"v":0.668319386116858,"d":"6.7E-01"},{"v":1.21911122059427E-3,"d":"1.2E-03"},{"v":0.0201764485819719,"d":"2.0E-02"},{"v":0.19,"d":"1.9E-01"},{"v":0.0176251498731845,"d":"1.8E-02"},{"v":0.0106378001640127,"d":"1.1E-02"},{"v":0.0651785990195553,"d":"6.5E-02"},{"v":0.376827289859111,"d":"3.8E-01"},{"v":0.00579492628422857,"d":"5.8E-03"},null,21,{"v":0.000155397263228243,"d":"1.6E-04"},{"v":0.626577649248031,"d":"6.3E-01"},{"v":0.000434680838928035,"d":"4.3E-04"},{"v":0.0201764485819719,"d":"2.0E-02"},{"v":0.1,"d":"1.0E-01"},{"v":0.0174898584763326,"d":"1.7E-02"},{"v":0.00462069596183112,"d":"4.6E-03"},{"v":0.06480395440264,"d":"6.5E-02"},{"v":0.323520799232992,"d":"3.2E-01"},{"v":0.000842739285329369,"d":"8.4E-04"}]
[22,{"v":0.215011971207744,"d":"0.2"},{"v":1,"d":"1.0"},{"v":0.562645681107228,"d":"0.6"},{"v":-1.70683304165055,"d":"-1.7"},{"v":-0.280675574522385,"d":"-0.3"},{"v":0.520629793964844,"d":"0.5"},{"v":0.909777980746061,"d":"0.9"},{"v":-0.249668679642273,"d":"-0.2"},{"v":0.938440893433913,"d":"0.9"},{"v":0.94021137717174,"d":"0.9"},null,22,{"v":3.02284177459456E-3,"d":"3.0E-03"},{"v":0.594099286497973,"d":"5.9E-01"},{"v":2.62685980509324E-3,"d":"2.6E-03"},{"v":0.0154713572104387,"d":"1.5E-02"},{"v":0.19,"d":"1.9E-01"},{"v":0.0128683933874824,"d":"1.3E-02"},{"v":0.0124158528357276,"d":"1.2E-02"},{"v":0.0507939765242608,"d":"5.1E-02"},{"v":0.300591405948699,"d":"3.0E-01"},{"v":0.00596861841099694,"d":"6.0E-03"},null,22,{"v":0.000609208445091645,"d":"6.1E-04"},{"v":0.555052857789718,"d":"5.6E-01"},{"v":1.49719912268235E-3,"d":"1.5E-03"},{"v":0.0154713572104387,"d":"1.5E-02"},{"v":0.0999999999999998,"d":"1.0E-01"},{"v":0.0128071588679214,"d":"1.3E-02"},{"v":5.42040306028394E-3,"d":"5.4E-03"},{"v":0.0504987750126826,"d":"5.0E-02"},{"v":0.257839841575635,"d":"2.6E-01"},{"v":0.00196898149227588,"d":"2.0E-03"}]
[23,{"v":0.227202684069768,"d":"0.2"},{"v":1,"d":"1.0"},{"v":0.556868847311611,"d":"0.6"},{"v":-1.81677654018995,"d":"-1.8"},{"v":-0.287949641020172,"d":"-0.3"},{"v":0.531012216105668,"d":"0.5"},{"v":0.912032795477193,"d":"0.9"},{"v":-0.253652788873276,"d":"-0.3"},{"v":0.936833613596345,"d":"0.9"},{"v":0.937186147056022,"d":"0.9"},null,23,{"v":0.00433004764838588,"d":"4.3E-03"},{"v":0.48373946881313,"d":"4.8E-01"},{"v":0.00477398893682958,"d":"4.8E-03"},{"v":0.0106392628748234,"d":"1.1E-02"},{"v":0.19,"d":"1.9E-01"},{"v":0.00836669147335873,"d":"8.4E-03"},{"v":0.0142899355833552,"d":"1.4E-02"},{"v":0.0352316076480738,"d":"3.5E-02"},{"v":0.213620446976437,"d":"2.1E-01"},{"v":0.00655966425236989,"d":"6.6E-03"},null,23,{"v":0.00134731561853226,"d":"1.3E-03"},{"v":0.450503575185981,"d":"4.5E-01"},{"v":0.00322593827889893,"d":"3.2E-03"},{"v":0.0106392628748234,"d":"1.1E-02"},{"v":0.0999999999999995,"d":"1.0E-01"},{"v":0.00834984506689132,"d":"8.3E-03"},{"v":0.00626508492846446,"d":"6.3E-03"},{"v":0.0350247490458089,"d":"3.5E-02"},{"v":0.183087419440998,"d":"1.8E-01"},{"v":0.00366963379193533,"d":"3.7E-03"}]
[24,{"v":0.23771494964837,"d":"0.2"},{"v":1,"d":"1.0"},{"v":0.549045243578856,"d":"0.5"},{"v":-1.96070083924059,"d":"-2.0"},{"v":-0.299775268303344,"d":"-0.3"},{"v":0.540460478212202,"d":"0.5"},{"v":0.91414826465489,"d":"0.9"},{"v":-0.261057662780712,"d":"-0.3"},{"v":0.934920281855484,"d":"0.9"},{"v":0.93344169126593,"d":"0.9"},null,24,{"v":0.00596887971820959,"d":"6.0E-03"},{"v":0.308926405658775,"d":"3.1E-01"},{"v":0.00771745511428134,"d":"7.7E-03"},{"v":0.00554208676155867,"d":"5.5E-03"},{"v":0.19,"d":"1.9E-01"},{"v":0.00408927345450257,"d":"4.1E-03"},{"v":0.016254946968042,"d":"1.6E-02"},{"v":0.0183541214073117,"d":"1.8E-02"},{"v":0.114163599923913,"d":"1.1E-01"},{"v":7.64582644467775E-3,"d":"7.6E-03"},null,24,{"v":0.00236045284167553,"d":"2.4E-03"},{"v":0.286856554435017,"d":"2.9E-01"},{"v":0.00566961597272561,"d":"5.7E-03"},{"v":0.00554208676155867,"d":"5.5E-03"},{"v":0.0999999999999997,"d":"1.0E-01"},{"v":0.00408917859259876,"d":"4.1E-03"},{"v":7.15231842628237E-3,"d":"7.2E-03"},{"v":0.018245306633808,"d":"1.8E-02"},{"v":0.0977712355854381,"d":"9.8E-02"},{"v":0.00606768315133969,"d":"6.1E-03"}]
[25,{"v":0.246669929908252,"d":"0.2"},{"v":1,"d":"1.0"},{"v":0.538962932259907,"d":"0.5"},{"v":-2.14800197376429,"d":"-2.1"},{"v":-0.316403385433843,"d":"-0.3"},{"v":0.549059912588217,"d":"0.5"},{"v":0.916136331566238,"d":"0.9"},{"v":-0.272004936111864,"d":"-0.3"},{"v":0.932651981167867,"d":"0.9"},{"v":0.928768259719518,"d":"0.9"},null,25,{"v":0.0079342998081667,"d":"7.9E-03"},{"$f":"3.0945655227528*10^-9","v":{"v":3.0945655227528003E-9,"d":"3.1E-09"}},{"v":0.0115384186381261,"d":"1.2E-02"},{"$f":"9.10299430138031*10^-10","v":{"v":9.10299430138031E-10,"d":"9.1E-10"}},{"v":0.19,"d":"1.9E-01"},{"$f":"9.28782553023146*10^-6","v":{"v":9.28782553023146e-06,"d":"9.3E-06"}},{"v":0.018306450828671,"d":"1.8E-02"},{"$f":"1.33930057474062*10^-7","v":{"v":1.3393005747406198E-7,"d":"1.3E-07"}},{"$f":"1.11719105089917*10^-9","v":{"v":1.11719105089917E-9,"d":"1.1E-09"}},{"v":0.00934277960314305,"d":"9.3E-03"},null,25,{"v":0.00364268177002229,"d":"3.6E-03"},{"$f":"2.2084204256487*10^-9","v":{"v":2.2084204256487e-09,"d":"2.2E-09"}},{"v":0.00889852597047554,"d":"8.9E-03"},{"$f":"9.10299430138031*10^-10","v":{"v":9.10299430138031E-10,"d":"9.1E-10"}},{"v":0.0999999999999999,"d":"1.0E-01"},{"$f":"5.28925583405031*10^-11","v":{"v":5.2892558340503103E-11,"d":"5.3E-11"}},{"v":0.00807999513298284,"d":"8.1E-03"},{"$f":"3.82491698944063*10^-8","v":{"v":3.82491698944063E-8,"d":"3.8E-08"}},{"$f":"1.65219975158955*10^-10","v":{"v":1.65219975158955E-10,"d":"1.7E-10"}},{"v":9.34277822786048E-3,"d":"9.3E-03"}]
[]
[]
["Relative CFs for decommissioning impacts, considering 25 years after decommissioning"]
["Scenario I-D: Full structure to sandy seabed",{"$nulls":11},"Scenario II-D: Full structure to scour protection",{"$nulls":11},"Scenario III-D: Full structure to scour protection + 5m of foundation"]
["Unit: PDF.year/structure",{"$nulls":11},"Unit: PDF.year/structure",{"$nulls":11},"Unit: PDF.year/structure"]
["Age, t [yr]","TOTAL","Porifera","Cnidaria","Worms","Mollusca","Arthropoda","Bryozoa","Echinodermata","Chordata","Aliens",null,"Age, t [yr]","TOTAL","Porifera","Cnidaria","Worms","Mollusca","Arthropoda","Bryozoa","Echinodermata","Chordata","Aliens",null,"Age, t [yr]","TOTAL","Porifera","Cnidaria","Worms","Mollusca","Arthropoda","Bryozoa","Echinodermata","Chordata","Aliens"]
[1,{"$f":"B54*25","v":{"v":-50.30486544980475,"d":"-50"}},25,{"v":-8.15266615199495,"d":"-8"},{"v":-1478.55260069199,"d":"-1479"},{"v":-71.0239367070545,"d":"-71"},{"v":-18.451536083895277,"d":"-18"},{"v":19.042179703732103,"d":"19"},{"v":-44.620165537385496,"d":"-45"},{"v":23.06084762456145,"d":"23"},{"v":23.0512538722768,"d":"23"},null,1,{"$f":"N54*25","v":{"v":5.77989729138305,"d":"6"}},{"v":5.028412866266425,"d":"5"},{"v":8.928430238766726,"d":"9"},{"v":81.382527469905,"d":"81"},{"v":4.75,"d":"5"},{"v":10.017449759428025,"d":"10"},{"v":0.5475205240309076,"d":"1"},{"v":4.991714462144075,"d":"5"},{"v":13.907811203182675,"d":"14"},{"v":2.636219119569625,"d":"3"},null,1,{"$f":"Z54*25","v":{"v":5.239274972097499,"d":"5"}},{"v":11.689583704479075,"d":"12"},{"v":8.42607673031585,"d":"8"},{"v":81.382527469905,"d":"81"},{"v":2.4999999999999973,"d":"3"},{"v":9.36497944954295,"d":"9"},{"v":0.2675301723686625,"d":"0"},{"v":4.99171444516685,"d":"5"},{"v":13.097114631652277,"d":"13"},{"v":2.28667602666876,"d":"2"}]
[2,{"$f":"B55*25","v":{"v":-37.6026166818505,"d":"-38"}},25,{"v":-2.1593636197820576,"d":"-2"},{"v":-379.468207541415,"d":"-379"},{"v":-55.211046610430245,"d":"-55"},{"v":-12.274014557686176,"d":"-12"},{"v":19.5223905633134,"d":"20"},{"v":-37.26570467221875,"d":"-37"},{"v":23.15807485702415,"d":"23"},{"v":23.203419423912823,"d":"23"},null,2,{"$f":"N55*25","v":{"v":4.29033462636375,"d":"4"}},{"$f":"O55*25","v":{"v":8.5362857621228,"d":"9"}},{"v":6.546546149900576,"d":"7"},{"v":20.825315194774248,"d":"21"},{"v":4.75,"d":"5"},{"v":8.208143693437176,"d":"8"},{"v":0.4025006383294425,"d":"0"},{"v":4.998614330254725,"d":"5"},{"v":15.340739553564125,"d":"15"},{"v":2.2182191034636123,"d":"2"},null,2,{"$f":"Z55*25","v":{"v":3.9089326215313496,"d":"4"}},{"v":13.731838674447824,"d":"14"},{"v":6.188523212867675,"d":"6"},{"v":20.825315194774248,"d":"21"},{"v":2.499999999999995,"d":"3"},{"v":7.6957737429171,"d":"8"},{"v":0.19803893408943826,"d":"0"},{"v":4.99324579546425,"d":"5"},{"v":14.170914794566599,"d":"14"},{"v":1.8802256617898427,"d":"2"}]
[3,{"$f":"B56*25","v":{"v":-28.826633426403752,"d":"-29"}},25,{"v":1.799329266439995,"d":"2"},{"v":-215.03002717170153,"d":"-215"},{"v":-44.377054311847,"d":"-44"},{"v":-7.734431429330625,"d":"-8"},{"v":19.926860802812424,"d":"20"},{"v":-31.589495742239748,"d":"-32"},{"v":23.239584338935675,"d":"23"},{"v":23.323473726507498,"d":"23"},null,3,{"$f":"N56*25","v":{"v":3.27197314060285,"d":"3"}},{"$f":"O56*25","v":{"v":11.19102866850115,"d":"11"}},{"v":4.9729373531068255,"d":"5"},{"v":11.733337998402,"d":"12"},{"v":4.75,"d":"5"},{"v":6.872329994024449,"d":"7"},{"v":0.2897889394624075,"d":"0"},{"v":4.971526361103175,"d":"5"},{"v":16.4750719573621,"d":"16"},{"v":1.8818071456151775,"d":"2"},null,3,{"$f":"Z56*25","v":{"v":2.99773361207295,"d":"3"}},{"v":15.264868768537527,"d":"15"},{"v":4.7096315968409,"d":"5"},{"v":11.733337998402,"d":"12"},{"v":2.499999999999995,"d":"3"},{"v":6.462097857252175,"d":"6"},{"v":0.1438322626170175,"d":"0"},{"v":4.9621923640817505,"d":"5"},{"v":15.010821272605323,"d":"15"},{"v":1.554074875129985,"d":"2"}]
[4,{"$f":"B57*25","v":{"v":-22.4101594158159,"d":"-22"}},25,{"v":4.59639678011735,"d":"5"},{"v":-149.02256812591398,"d":"-149"},{"v":-36.52066561601475,"d":"-37"},{"v":-4.26052138201065,"d":"-4"},{"v":20.2721420231403,"d":"20"},{"v":-27.093071632947503,"d":"-27"},{"v":23.3082432630606,"d":"23"},{"v":23.419536790700448,"d":"23"},null,4,{"$f":"N57*25","v":{"v":2.5372288628323503,"d":"3"}},{"$f":"O57*25","v":{"v":13.255112617307175,"d":"13"}},{"v":3.8607773228847,"d":"4"},{"v":8.059121800468075,"d":"8"},{"v":4.75,"d":"5"},{"v":5.8443858324067754,"d":"6"},{"v":0.20246049355219276,"d":"0"},{"v":4.91864459360605,"d":"5"},{"v":17.360898226750603,"d":"17"},{"v":1.6058157763181176,"d":"2"},null,4,{"$f":"Z57*25","v":{"v":2.3387496205623823,"d":"2"}},{"v":16.4439829771801,"d":"16"},{"v":3.6638213267391,"d":"4"},{"v":8.059121800468075,"d":"8"},{"v":2.4999999999999973,"d":"3"},{"v":5.5115670808409,"d":"6"},{"v":0.101632064098028,"d":"0"},{"v":4.90634189845595,"d":"5"},{"v":15.655555761773424,"d":"16"},{"v":1.287475042072,"d":"1"}]
[5,{"$f":"B58*25","v":{"v":-17.522685139658574,"d":"-18"}},25,{"v":6.666836843487725,"d":"7"},{"v":-113.636853085163,"d":"-114"},{"v":-30.588755192440498,"d":"-31"},{"v":-1.5189071075650227,"d":"-2"},{"v":20.5702895380947,"d":"21"},{"v":-23.458850254163675,"d":"-23"},{"v":23.366204858319826,"d":"23"},{"v":23.4970912301972,"d":"23"},null,5,{"$f":"N58*25","v":{"v":1.98669257950938,"d":"2"}},{"$f":"O58*25","v":{"v":14.891271171972202,"d":"15"}},{"v":3.0372443125535002,"d":"3"},{"v":6.068428625220675,"d":"6"},{"v":4.75,"d":"5"},{"v":5.027818180748874,"d":"5"},{"v":0.13547417072022375,"d":"0"},{"v":4.845030248544775,"d":"5"},{"v":18.03534489951165,"d":"18"},{"v":1.3758838537640399,"d":"1"},null,5,{"$f":"Z58*25","v":{"v":1.8435138447279027,"d":"2"}},{"v":17.36525414408305,"d":"17"},{"v":2.888853298770525,"d":"3"},{"v":6.068428625220675,"d":"6"},{"v":2.4999999999999973,"d":"3"},{"v":4.7553992680167,"d":"5"},{"v":0.06905195169676674,"d":"0"},{"v":4.8304976389641,"d":"5"},{"v":16.13375614773525,"d":"16"},{"v":1.0663597796956323,"d":"1"}]
[6,{"$f":"B59*25","v":{"v":-13.682976939575376,"d":"-14"}},25,{"v":8.251609951314801,"d":"8"},{"v":-91.7369237703225,"d":"-92"},{"v":-25.974543993677752,"d":"-26"},{"v":0.697768287687995,"d":"1"},{"v":20.830292041341824,"d":"21"},{"v":-20.47503435054195,"d":"-20"},{"v":23.415109927618076,"d":"23"},{"v":23.559955271663874,"d":"24"},null,6,{"$f":"N59*25","v":{"v":1.5627871334573125,"d":"2"}},{"$f":"O59*25","v":{"v":16.205359261654227,"d":"16"}},{"v":2.4066041920194103,"d":"2"},{"v":4.8173579908195,"d":"5"},{"v":4.75,"d":"5"},{"v":4.3626015541926755,"d":"4"},{"v":0.08507372356882575,"d":"0"},{"v":4.7538953186113755,"d":"5"},{"v":18.526169489048876,"d":"19"},{"v":1.1819345070760325,"d":"1"},null,6,{"$f":"Z59*25","v":{"v":1.4607830715787575,"d":"1"}},{"v":18.090927880434826,"d":"18"},{"v":2.2948514449606128,"d":"2"},{"v":4.8173579908195,"d":"5"},{"v":2.5,"d":"3"},{"v":4.138363979119,"d":"4"},{"v":0.044313742457347496,"d":"0"},{"v":4.737700426789375,"d":"5"},{"v":16.466764394919974,"d":"16"},{"v":0.88087057904583,"d":"1"}]
[7,{"$f":"B60*25","v":{"v":-10.592962772888349,"d":"-11"}},25,{"v":9.49486503653585,"d":"9"},{"v":-76.979180846145,"d":"-77"},{"v":-22.304010867573826,"d":"-22"},{"v":2.525241384056725,"d":"3"},{"v":21.0589883860502,"d":"21"},{"v":-17.9950742610577,"d":"-18"},{"v":23.456222570291224,"d":"23"},{"v":23.610851366438123,"d":"24"},null,7,{"$f":"N60*25","v":{"v":1.2298741581239276,"d":"1"}},{"$f":"O60*25","v":{"v":17.2687616614478,"d":"17"}},{"v":1.91158406275063,"d":"2"},{"v":3.9562618775716247,"d":"4"},{"v":4.75,"d":"5"},{"v":3.809435374172,"d":"4"},{"v":0.048403728286094995,"d":"0"},{"v":4.647293144325275,"d":"5"},{"v":18.85416986060765,"d":"19"},{"v":1.0166990444131525,"d":"1"},null,7,{"$f":"Z60*25","v":{"v":1.1588356801531976,"d":"1"}},{"v":18.6626952174891,"d":"19"},{"v":1.8280431585824126,"d":"2"},{"v":3.9562618775716247,"d":"4"},{"v":2.5,"d":"3"},{"v":3.6242984855731,"d":"4"},{"v":0.02606566066458175,"d":"0"},{"v":4.6298861057542755,"d":"5"},{"v":16.6704939950564,"d":"17"},{"v":0.723908970938245,"d":"1"}]
[8,{"$f":"B61*25","v":{"v":-8.058190074335899,"d":"-8"}},25,{"v":10.488013742456825,"d":"10"},{"v":-66.47416305851524,"d":"-66"},{"v":-19.33427074138405,"d":"-19"},{"v":4.05608789155155,"d":"4"},{"v":21.2616740287389,"d":"21"},{"v":-15.9144601288757,"d":"-16"},{"v":23.490523636539777,"d":"23"},{"v":23.65175303936345,"d":"24"},null,8,{"$f":"N61*25","v":{"v":0.96472856464987,"d":"1"}},{"$f":"O61*25","v":{"v":18.13086664379145,"d":"18"}},{"v":1.51586216208531,"d":"2"},{"v":3.325648338232175,"d":"3"},{"v":4.75,"d":"5"},{"v":3.3415081692356496,"d":"3"},{"v":0.023255534017129625,"d":"0"},{"v":4.526511296115925,"d":"5"},{"v":19.034830408925878,"d":"19"},{"v":0.8748138945174551,"d":"1"},null,8,{"$f":"Z61*25","v":{"v":0.916995348572475,"d":"1"}},{"v":19.109065421839,"d":"19"},{"v":1.4543220321012724,"d":"1"},{"v":3.325648338232175,"d":"3"},{"v":2.4999999999999973,"d":"3"},{"v":3.188530425918975,"d":"3"},{"v":0.013262081388917626,"d":"0"},{"v":4.50825942565855,"d":"5"},{"v":16.756704264814477,"d":"17"},{"v":0.5902511648628624,"d":"1"}]
[9,{"$f":"B62*25","v":{"v":-5.946425118834225,"d":"-6"}},25,{"v":11.291719167151525,"d":"11"},{"v":-58.71951254818825,"d":"-59"},{"v":-16.900949253852176,"d":"-17"},{"v":5.355610337469775,"d":"5"},{"v":21.442513151176776,"d":"21"},{"v":-14.15677784400295,"d":"-14"},{"v":23.5187762479738,"d":"24"},{"v":23.684103851959726,"d":"24"},null,9,{"$f":"N62*25","v":{"v":0.7515808214941825,"d":"1"}},{"$f":"O62*25","v":{"v":18.8263525429371,"d":"19"}},{"v":1.195331990303505,"d":"1"},{"v":2.842347649738125,"d":"3"},{"v":4.75,"d":"5"},{"v":2.9398998509863,"d":"3"},{"v":0.00789461915424845,"d":"0"},{"v":4.3923049115455,"d":"4"},{"v":19.07946118320245,"d":"19"},{"v":0.7522473261433725,"d":"1"},null,9,{"$f":"Z62*25","v":{"v":0.72121939037205,"d":"1"}},{"v":19.449653111101377,"d":"19"},{"v":1.151047128440395,"d":"1"},{"v":2.842347649738125,"d":"3"},{"v":2.499999999999995,"d":"3"},{"v":2.813647665116125,"d":"3"},{"v":0.0050818084783306,"d":"0"},{"v":4.373515991340825,"d":"4"},{"v":16.73388023647155,"d":"17"},{"v":0.47598649341712,"d":"0"}]
[10,{"$f":"B63*25","v":{"v":-4.1646356467283,"d":"-4"}},25,{"v":11.9477122329376,"d":"12"},{"v":-52.85907930829875,"d":"-53"},{"v":-14.889048408520924,"d":"-15"},{"v":6.471188737895625,"d":"6"},{"v":21.6048254214851,"d":"22"},{"v":-12.664986307393825,"d":"-13"},{"v":23.541572357226052,"d":"24"},{"v":23.708959279923775,"d":"24"},null,10,{"$f":"N63*25","v":{"v":0.57936081852198,"d":"1"}},{"$f":"O63*25","v":{"v":19.37959296244155,"d":"19"}},{"v":0.9334077473178749,"d":"1"},{"v":2.4587014974795074,"d":"2"},{"v":4.75,"d":"5"},{"v":2.590875700700675,"d":"3"},{"v":9.404648488263675E-4,"d":"0"},{"v":4.24503964662895,"d":"4"},{"v":18.99598963226335,"d":"19"},{"v":0.645924103380735,"d":"1"},null,10,{"$f":"Z63*25","v":{"v":0.5616461574307775,"d":"1"}},{"v":19.69774409418225,"d":"20"},{"v":0.902635888084285,"d":"1"},{"v":2.4587014974795074,"d":"2"},{"v":2.4999999999999973,"d":"3"},{"v":2.487008617711815,"d":"2"},{"v":8.7121188698671009E-4,"d":"0"},{"v":4.2259781066557,"d":"4"},{"v":16.60784194825595,"d":"17"},{"v":0.3781503391712625,"d":"0"}]
[11,{"$f":"B64*25","v":{"v":-2.64548997580435,"d":"-3"}},25,{"v":12.48552947453065,"d":"12"},{"v":-48.3715535867235,"d":"-48"},{"v":-13.215922325836749,"d":"-13"},{"v":7.438030799918301,"d":"7"},{"v":21.751289735996377,"d":"22"},{"v":-11.395771766972,"d":"-11"},{"v":23.559366096046926,"d":"24"},{"v":23.727080173518473,"d":"24"},null,11,{"$f":"N64*25","v":{"v":0.4400814506387125,"d":"0"}},{"$f":"O64*25","v":{"v":19.807365041678576,"d":"20"}},{"v":0.71834739031132,"d":"1"},{"v":2.1454014259277474,"d":"2"},{"v":4.75,"d":"5"},{"v":2.2842222731267174,"d":"2"},{"v":0.00128120772227134,"d":"0"},{"v":4.084780833501124,"d":"4"},{"v":18.7895064420613,"d":"19"},{"v":0.55347339987721,"d":"1"},null,11,{"$f":"Z64*25","v":{"v":0.43115661197358246,"d":"0"}},{"v":19.861837550360175,"d":"20"},{"v":0.6980509827584925,"d":"1"},{"v":2.1454014259277474,"d":"2"},{"v":2.499999999999995,"d":"3"},{"v":2.1992111838598474,"d":"2"},{"v":1.0382794204836226E-4,"d":"0"},{"v":4.065679350496775,"d":"4"},{"v":16.382161708448802,"d":"16"},{"v":0.2944783358590275,"d":"0"}]
[12,{"$f":"B65*25","v":{"v":-1.33907844558406,"d":"-1"}},25,{"v":12.926544750445752,"d":"13"},{"v":-44.92383175760425,"d":"-45"},{"v":-11.820876961865524,"d":"-12"},{"v":8.28284151345455,"d":"8"},{"v":21.884091691542924,"d":"22"},{"v":-10.315786116899925,"d":"-10"},{"v":23.572497662971827,"d":"24"},{"v":23.73899451356235,"d":"24"},null,12,{"$f":"N65*25","v":{"v":0.327847665887875,"d":"0"}},{"$f":"O65*25","v":{"v":20.1204919960269,"d":"20"}},{"v":0.541650748387045,"d":"1"},{"v":1.8833942983337448,"d":"2"},{"v":4.75,"d":"5"},{"v":2.01218539237265,"d":"2"},{"v":0.0080118656168911,"d":"0"},{"v":3.9113490965824997,"d":"4"},{"v":18.462630608354598,"d":"18"},{"v":0.47305607410542,"d":"0"},null,12,{"$f":"Z65*25","v":{"v":0.32449245872416,"d":"0.32"}},{"v":19.946531443884748,"d":"20"},{"v":0.5292963004647775,"d":"1"},{"v":1.8833942983337448,"d":"2"},{"v":2.5,"d":"3"},{"v":1.9431156378432748,"d":"2"},{"v":0.00235111804637339,"d":"0"},{"v":3.89241716102615,"d":"4"},{"v":16.058439641989473,"d":"16"},{"v":0.22323886548376298,"d":"0"}]
[13,{"$f":"B66*25","v":{"v":-0.20764344349957622,"d":"-0"}},25,{"v":13.286479024013751,"d":"13"},{"v":-42.29582102453075,"d":"-42"},{"v":-10.6585767276048,"d":"-11"},{"v":9.026240462887575,"d":"9"},{"v":22.005032120991025,"d":"22"},{"v":-9.399077604730875,"d":"-9"},{"v":23.581210224956823,"d":"24"},{"v":23.745037403445625,"d":"24"},null,13,{"$f":"N66*25","v":{"v":0.2382258692981015,"d":"0"}},{"$f":"O66*25","v":{"v":20.324757136137574,"d":"20"}},{"v":0.3970622451613675,"d":"0"},{"v":1.6597159771256076,"d":"2"},{"v":4.75,"d":"5"},{"v":1.768770532891535,"d":"2"},{"v":0.02038887520514635,"d":"0"},{"v":3.7243540370126498,"d":"4"},{"v":18.015735352457952,"d":"18"},{"v":0.40324470030664256,"d":"0"},null,13,{"$f":"Z66*25","v":{"v":0.237694930191523,"d":"0.24"}},{"v":19.952939558847447,"d":"20"},{"v":0.39048042884824746,"d":"0"},{"v":1.6597159771256076,"d":"2"},{"v":2.5,"d":"3"},{"v":1.7132009270173099,"d":"2"},{"v":0.007260948693576999,"d":"0"},{"v":3.7057844728776246,"d":"4"},{"v":15.6364694775454,"d":"16"},{"v":0.16311787884053025,"d":"0"}]
[14,{"$f":"B67*25","v":{"v":0.77788446999172,"d":"1"}},25,{"v":13.577013914460725,"d":"14"},{"v":-40.339302380849254,"d":"-40"},{"v":-9.6947332507934,"d":"-10"},{"v":9.6843985838398,"d":"10"},{"v":22.115608180243278,"d":"22"},{"v":-8.625298730201974,"d":"-9"},{"v":23.58566146467275,"d":"24"},{"v":23.745375202211825,"d":"24"},null,14,{"$f":"N67*25","v":{"v":0.1678296823349725,"d":"0"}},{"$f":"O67*25","v":{"v":20.421253614620476,"d":"20"}},{"v":0.2799296403131825,"d":"0"},{"v":1.4651928588695275,"d":"1"},{"v":4.75,"d":"5"},{"v":1.5492690746736248,"d":"2"},{"v":0.03779612873565025,"d":"0"},{"v":3.523212801674825,"d":"4"},{"v":17.447060528353976,"d":"17"},{"v":0.3429398546567625,"d":"0"},null,14,{"$f":"Z67*25","v":{"v":0.167736085968917,"d":"0.17"}},{"v":19.87871915482115,"d":"20"},{"v":0.2772142654464225,"d":"0"},{"v":1.4651928588695275,"d":"1"},{"v":2.5,"d":"3"},{"v":1.5051287844635899,"d":"2"},{"v":0.014541514664877575,"d":"0"},{"v":3.505186885272825,"d":"4"},{"v":15.114314037483226,"d":"15"},{"v":0.11314003565316375,"d":"0"}]
[15,{"$f":"B68*25","v":{"v":1.6402271782057123,"d":"2"}},25,{"v":13.806855732703674,"d":"14"},{"v":-38.954333212835,"d":"-39"},{"v":-8.9032134672359,"d":"-9"},{"v":10.27017337803615,"d":"10"},{"v":22.217074757802173,"d":"22"},{"v":-7.9784343074654,"d":"-8"},{"v":23.585930826339773,"d":"24"},{"v":23.7400171382628,"d":"24"},null,15,{"$f":"N68*25","v":{"v":0.11404029035122776,"d":"0"}},{"$f":"O68*25","v":{"v":20.40621304648095,"d":"20"}},{"v":0.18678103542843225,"d":"0"},{"v":1.293098871423605,"d":"1"},{"v":4.75,"d":"5"},{"v":1.3499296897949575,"d":"1"},{"v":0.059719254401409,"d":"0"},{"v":3.3071575699135747,"d":"3"},{"v":16.752725650424324,"d":"17"},{"v":0.29131230019377247,"d":"0"},null,15,{"$f":"Z68*25","v":{"v":0.1122698641614225,"d":"0.11"}},{"v":19.71770483259555,"d":"20"},{"v":0.18621342140346275,"d":"0"},{"v":1.293098871423605,"d":"1"},{"v":2.5,"d":"3"},{"v":1.3154413679110801,"d":"1"},{"v":0.0239491643904078,"d":"0"},{"v":3.2898491857076753,"d":"3"},{"v":14.488300808754175,"d":"14"},{"v":0.0726162665265645,"d":"0"}]
[16,{"$f":"B69*25","v":{"v":2.39737924106351,"d":"2"}},25,{"v":13.982449872275776,"d":"14"},{"v":-38.0753159933265,"d":"-38"},{"v":-8.264060015750726,"d":"-8"},{"v":10.793913152668775,"d":"11"},{"v":22.31049156131275,"d":"22"},{"v":-7.4458863292223,"d":"-7"},{"v":23.5820230933262,"d":"24"},{"v":23.7288159464089,"d":"24"},null,16,{"$f":"N69*25","v":{"v":0.07481314006272649,"d":"0"}},{"$f":"O69*25","v":{"v":20.2702436366649,"d":"20"}},{"v":0.11504072517960051,"d":"0"},{"v":1.13833037208861,"d":"1"},{"v":4.75,"d":"5"},{"v":1.1677255002212774,"d":"1"},{"v":0.08572589722653025,"d":"0"},{"v":3.07523429411345,"d":"3"},{"v":15.9266485934897,"d":"16"},{"v":0.24776462822714848,"d":"0"},null,16,{"$f":"Z69*25","v":{"v":0.0694599590859835,"d":"0.07"}},{"v":19.45905701823255,"d":"19"},{"v":0.115030840004393,"d":"0"},{"v":1.13833037208861,"d":"1"},{"v":2.499999999999995,"d":"3"},{"v":1.141347011105005,"d":"1"},{"v":0.03527906568848925,"d":"0"},{"v":3.0588134341416997,"d":"3"},{"v":13.7529407323659,"d":"14"},{"v":0.0411118139756985,"d":"0"}]
[17,{"$f":"B70*25","v":{"v":3.063753484721975,"d":"3"}},25,{"v":14.10846450554725,"d":"14"},{"v":-37.66276522715925,"d":"-38"},{"v":-7.762116343725575,"d":"-8"},{"v":11.264037626548951,"d":"11"},{"v":22.396759632680023,"d":"22"},{"v":-7.017809446245775,"d":"-7"},{"v":23.573868601985627,"d":"24"},{"v":23.711457611631726,"d":"24"},null,17,{"$f":"N70*25","v":{"v":0.048541568637971,"d":"0"}},{"$f":"O70*25","v":{"v":19.996763480833323,"d":"20"}},{"v":0.0628366188250105,"d":"0"},{"v":0.996874599932875,"d":"1"},{"v":4.75,"d":"5"},{"v":1.000185942810755,"d":"1"},{"v":0.11545042883469149,"d":"0"},{"v":2.826293932948525,"d":"3"},{"v":14.960366980876849,"d":"15"},{"v":0.2119085777772085,"d":"0"},null,17,{"$f":"Z70*25","v":{"v":0.03785834567084425,"d":"0.04"}},{"v":19.0857099254507,"d":"19"},{"v":0.06187521707502974,"d":"0"},{"v":0.996874599932875,"d":"1"},{"v":2.4999999999999973,"d":"3"},{"v":0.98056550702993,"d":"1"},{"v":0.04835796793901325,"d":"0"},{"v":2.810929762732075,"d":"3"},{"v":12.90076684418505,"d":"13"},{"v":0.018431596203134476,"d":"0"}]
[18,{"$f":"B71*25","v":{"v":3.6510062906928002,"d":"4"}},25,{"v":14.188116016292,"d":"14"},{"v":-37.69871309837675,"d":"-38"},{"v":-7.386065003129976,"d":"-7"},{"v":11.68746421829105,"d":"12"},{"v":22.476649960836525,"d":"22"},{"v":-6.68662677068735,"d":"-7"},{"v":23.561320109755677,"d":"24"},{"v":23.687438861469126,"d":"24"},null,18,{"$f":"N71*25","v":{"v":0.03395889349471225,"d":"0"}},{"$f":"O71*25","v":{"v":19.5591751222283,"d":"20"}},{"v":0.02887043224168425,"d":"0"},{"v":0.86544952602875,"d":"1"},{"v":4.75,"d":"5"},{"v":0.845273281831895,"d":"1"},{"v":0.14858196795945924,"d":"0"},{"v":2.5589766491149,"d":"3"},{"v":13.842751149029949,"d":"14"},{"v":0.18355626820944398,"d":"0"},null,18,{"$f":"Z71*25","v":{"v":0.01631801229998075,"d":"0.02"}},{"v":18.571689505653424,"d":"19"},{"v":0.025488141593514747,"d":"0"},{"v":0.86544952602875,"d":"1"},{"v":2.5,"d":"3"},{"v":0.8312144669270626,"d":"1"},{"v":0.06303853141265425,"d":"0"},{"v":2.5448403093852,"d":"3"},{"v":11.922082718353776,"d":"12"},{"v":0.0046219791324848,"d":"0"}]
[19,{"$f":"B72*25","v":{"v":4.168642064871525,"d":"4"}},25,{"v":14.223380693307924,"d":"14"},{"v":-38.184711047520494,"d":"-38"},{"v":-7.1277575885961495,"d":"-7"},{"v":12.06992581720095,"d":"12"},{"v":22.550826117888224,"d":"23"},{"v":-6.4466788661578,"d":"-6"},{"v":23.5441460515647,"d":"24"},{"v":23.6560293115634,"d":"24"},null,19,{"$f":"N72*25","v":{"v":0.030067064285918002,"d":"0"}},{"$f":"O72*25","v":{"v":18.915867292863826,"d":"19"}},{"v":0.012332928943647474,"d":"0"},{"v":0.7412443306268675,"d":"1"},{"v":4.75,"d":"5"},{"v":0.701290513980225,"d":"1"},{"v":0.18485490496587298,"d":"0"},{"v":2.2716888487250975,"d":"2"},{"v":12.559588250936827,"d":"13"},{"v":0.1627253686644145,"d":"0"},null,19,{"$f":"Z72*25","v":{"v":0.003929311930479525,"d":"0.00"}},{"v":17.877452378941076,"d":"18"},{"v":5.063257733813175E-3,"d":"0"},{"v":0.7412443306268675,"d":"1"},{"v":2.5,"d":"3"},{"v":0.6917245596459675,"d":"1"},{"v":0.07919484188516575,"d":"0"},{"v":2.2589561288134226,"d":"2"},{"v":10.804602897600075,"d":"11"},{"v":-9.7835096245673247E-6,"d":"-0"}]
[20,{"$f":"B73*25","v":{"v":4.624462501239799,"d":"5"}},25,{"v":14.21511962113115,"d":"14"},{"v":-39.142000022773246,"d":"-39"},{"v":-6.981758469462824,"d":"-7"},{"v":12.41621093187925,"d":"12"},{"v":22.61986232608685,"d":"23"},{"v":-6.29397414907325,"d":"-6"},{"v":23.522019597769976,"d":"24"},{"v":23.616212724475623,"d":"24"},null,20,{"$f":"N73*25","v":{"v":0.0360840368522045,"d":"0"}},{"$f":"O73*25","v":{"v":18.001152857764524,"d":"18"}},{"v":0.012853464173391674,"d":"0"},{"v":0.62171610527429,"d":"1"},{"v":4.75,"d":"5"},{"v":0.566811724241205,"d":"1"},{"v":0.224041340774347,"d":"0"},{"v":1.96257241641528,"d":"2"},{"v":11.093005226883724,"d":"11"},{"v":0.14966017632191325,"d":"0"},null,20,{"$f":"Z73*25","v":{"v":-2.7047829316829755E-5,"d":"-0.00"}},{"v":16.941500419276025,"d":"17"},{"v":1.9727434821864025E-4,"d":"0"},{"v":0.62171610527429,"d":"1"},{"v":2.4999999999999973,"d":"3"},{"v":0.5607754043492426,"d":"1"},{"v":0.09671883144152975,"d":"0"},{"v":1.9514264156636776,"d":"2"},{"v":9.532957551308275,"d":"10"},{"v":0.005145407567951275,"d":"0"}]
[21,{"$f":"B74*25","v":{"v":5.024904819762125,"d":"5"}},25,{"v":14.163131844118148,"d":"14"},{"v":-40.613885150776,"d":"-41"},{"v":-6.945052876627475,"d":"-7"},{"v":12.73034744964755,"d":"13"},{"v":22.6842579966131,"d":"23"},{"v":-6.226019449532025,"d":"-6"},{"v":23.49450252223815,"d":"23"},{"v":23.566598032959224,"d":"24"},null,21,{"$f":"N74*25","v":{"v":0.05140459908337675,"d":"0"}},{"$f":"O74*25","v":{"v":16.70798465292145,"d":"17"}},{"v":0.03047778051485675,"d":"0"},{"v":0.5044112145492975,"d":"1"},{"v":4.75,"d":"5"},{"v":0.4406287468296125,"d":"0"},{"v":0.2659450041003175,"d":"0"},{"v":1.6294649754888826,"d":"2"},{"v":9.420682246477776,"d":"9"},{"v":0.14487315710571425,"d":"0"},null,21,{"$f":"Z74*25","v":{"v":0.003884931580706075,"d":"0.00"}},{"v":15.664441231200776,"d":"16"},{"v":0.010867020973200876,"d":"0"},{"v":0.5044112145492975,"d":"1"},{"v":2.5,"d":"3"},{"v":0.43724646190831495,"d":"0"},{"v":0.115517399045778,"d":"0"},{"v":1.620098860066,"d":"2"},{"v":8.0880199808248,"d":"8"},{"v":0.021068482133234225,"d":"0"}]
[22,{"$f":"B75*25","v":{"v":5.3752992801936,"d":"5"}},25,{"v":14.0661420276807,"d":"14"},{"v":-42.67082604126375,"d":"-43"},{"v":-7.016889363059625,"d":"-7"},{"v":13.0157448491211,"d":"13"},{"v":22.744449518651525,"d":"23"},{"v":-6.241716991056824,"d":"-6"},{"v":23.461022335847826,"d":"23"},{"v":23.5052844292935,"d":"24"},null,22,{"$f":"N75*25","v":{"v":0.075571044364864,"d":"0"}},{"$f":"O75*25","v":{"v":14.852482162449324,"d":"15"}},{"v":0.065671495127331,"d":"0"},{"v":0.38678393026096747,"d":"0"},{"v":4.75,"d":"5"},{"v":0.32170983468706,"d":"0"},{"v":0.31039632089318997,"d":"0"},{"v":1.2698494131065199,"d":"1"},{"v":7.514785148717475,"d":"8"},{"v":0.1492154602749235,"d":"0"},null,22,{"$f":"Z75*25","v":{"v":0.015230211127291126,"d":"0.02"}},{"v":13.87632144474295,"d":"14"},{"v":0.03742997806705875,"d":"0"},{"v":0.38678393026096747,"d":"0"},{"v":2.499999999999995,"d":"3"},{"v":0.320178971698035,"d":"0"},{"v":0.1355100765070985,"d":"0"},{"v":1.262469375317065,"d":"1"},{"v":6.445996039390875,"d":"6"},{"v":0.049224537306897,"d":"0"}]
[23,{"$f":"B76*25","v":{"v":5.6800671017442,"d":"6"}},25,{"v":13.921721182790275,"d":"14"},{"v":-45.41941350474875,"d":"-45"},{"v":-7.1987410255043,"d":"-7"},{"v":13.275305402641699,"d":"13"},{"v":22.800819886929823,"d":"23"},{"v":-6.3413197218319,"d":"-6"},{"v":23.420840339908626,"d":"23"},{"v":23.429653676400548,"d":"23"},null,23,{"$f":"N76*25","v":{"v":0.10825119120964699,"d":"0"}},{"$f":"O76*25","v":{"v":12.09348672032825,"d":"12"}},{"v":0.1193497234207395,"d":"0"},{"v":0.26598157187058497,"d":"0"},{"v":4.75,"d":"5"},{"v":0.20916728683396824,"d":"0"},{"v":0.35724838958388,"d":"0"},{"v":0.880790191201845,"d":"1"},{"v":5.340511174410925,"d":"5"},{"v":0.16399160630924725,"d":"0"},null,23,{"$f":"Z76*25","v":{"v":0.033682890463306504,"d":"0.03"}},{"v":11.262589379649524,"d":"11"},{"v":0.08064845697247325,"d":"0"},{"v":0.26598157187058497,"d":"0"},{"v":2.4999999999999876,"d":"2"},{"v":0.208746126672283,"d":"0"},{"v":0.15662712321161149,"d":"0"},{"v":0.8756187261452225,"d":"1"},{"v":4.57718548602495,"d":"5"},{"v":0.09174084479838325,"d":"0"}]
[24,{"$f":"B77*25","v":{"v":5.94287374120925,"d":"6"}},25,{"v":13.7261310894714,"d":"14"},{"v":-49.01752098101475,"d":"-49"},{"v":-7.4943817075836,"d":"-7"},{"v":13.51151195530505,"d":"14"},{"v":22.85370661637225,"d":"23"},{"v":-6.5264415695178,"d":"-7"},{"v":23.3730070463871,"d":"23"},{"v":23.33604228164825,"d":"23"},null,24,{"$f":"N77*25","v":{"v":0.14922199295523975,"d":"0"}},{"$f":"O77*25","v":{"v":7.723160141469375,"d":"8"}},{"v":0.19293637785703352,"d":"0"},{"v":0.13855216903896675,"d":"0"},{"v":4.75,"d":"5"},{"v":0.10223183636256425,"d":"0"},{"v":0.40637367420105,"d":"0"},{"v":0.45885303518279247,"d":"0"},{"v":2.854089998097825,"d":"3"},{"v":0.19114566111694375,"d":"0"},null,24,{"$f":"Z77*25","v":{"v":0.05901132104188825,"d":"0.06"}},{"v":7.171413860875425,"d":"7"},{"v":0.14174039931814025,"d":"0"},{"v":0.13855216903896675,"d":"0"},{"v":2.4999999999999925,"d":"2"},{"v":0.10222946481496899,"d":"0"},{"v":0.17880796065705926,"d":"0"},{"v":0.45613266584519996,"d":"0"},{"v":2.4442808896359525,"d":"2"},{"v":0.15169207878349225,"d":"0"}]
[25,{"$f":"B78*25","v":{"v":6.1667482477063,"d":"6"}},25,{"v":13.474073306497674,"d":"13"},{"v":-53.70004934410725,"d":"-54"},{"v":-7.910084635846075,"d":"-8"},{"v":13.726497814705423,"d":"14"},{"v":22.903408289155948,"d":"23"},{"v":-6.8001234027966,"d":"-7"},{"v":23.316299529196673,"d":"23"},{"v":23.21920649298795,"d":"23"},null,25,{"$f":"N78*25","v":{"v":0.1983574952041675,"d":"0"}},{"$f":"O78*25","v":{"v":7.7364138068820012E-8,"d":"0"}},{"v":0.2884604659531525,"d":"0"},{"v":2.2757485753450774E-8,"d":"0"},{"v":4.75,"d":"5"},{"v":2.321956382557865E-4,"d":"0"},{"v":0.457661270716775,"d":"0"},{"v":3.3482514368515495E-6,"d":"0"},{"v":2.792977627247925E-8,"d":"0"},{"v":0.23356949007857625,"d":"0"},null,25,{"$f":"Z78*25","v":{"v":0.09106704425055724,"d":"0.09"}},{"v":5.52105106412175E-8,"d":"0"},{"v":0.22246314926188848,"d":"0"},{"v":2.2757485753450774E-8,"d":"0"},{"v":2.4999999999999973,"d":"3"},{"v":1.3223139585125775E-9,"d":"0"},{"v":0.201999878324571,"d":"0"},{"v":9.5622924736015751E-7,"d":"0"},{"v":4.1304993789738753E-9,"d":"0"},{"v":0.233569455696512,"d":"0"}]
[]
[]
["Relative CFs for lifetime impacts, considering 1 year after decommissioning"]
[{"$nulls":12},"Sandy seabed to scour protection ",{"$nulls":11},"Sandy seabed to scour protection + 5m of foundation"]
[{"$nulls":12},"Unit: PDF.year/structure",{"$nulls":11},"Unit: PDF.year/structure"]
[{"$nulls":12},"Age, t [yr]","TOTAL","Porifera","Cnidaria","Worms","Mollusca","Arthropoda","Bryozoa","Echinodermata","Chordata","Aliens",null,"Age, t [yr]","TOTAL","Porifera","Cnidaria","Worms","Mollusca","Arthropoda","Bryozoa","Echinodermata","Chordata","Aliens"]
[{"$nulls":12},1,{"v":1.44740361214309,"d":"1"},null,{"v":0.848234216808143,"d":"1"},{"v":2.04464596382185,"d":"2"},{"v":1.55553221427623,"d":"2"},{"v":1.12848885882352,"d":"1"},{"v":-6.11483488900131,"d":"-6"},{"v":1.37561542608336,"d":"1"},{"v":-16.2503869101552,"d":"-16"},{"v":-21.7239241838184,"d":"-22"},null,1,{"v":1.44022449674256,"d":"1"},null,{"v":0.833081483506159,"d":"1"},{"v":2.04464596382185,"d":"2"},{"v":1.53210055674209,"d":"2"},{"v":1.11347281178147,"d":"1"},{"v":-6.16183032319352,"d":"-6"},{"v":1.3756154258395,"d":"1"},{"v":-16.6684544028384,"d":"-17"},{"v":-21.9032923877769,"d":"-22"}]
[{"$nulls":12},2,{"v":2.00597101643735,"d":"2"},null,{"v":0.815489272891169,"d":"1"},{"v":2.95737007308791,"d":"3"},{"v":2.22772220572856,"d":"2"},{"v":1.39957556872605,"d":"1"},{"v":-9.88155510721056,"d":"-10"},{"v":1.96130451852784,"d":"2"},{"v":-28.0112098935468,"d":"-28"},{"v":-35.3081245294926,"d":"-35"},null,2,{"v":1.9998785873178,"d":"2"},null,{"v":0.802306970756073,"d":"1"},{"v":2.95737007308791,"d":"3"},{"v":2.19967120658217,"d":"2"},{"v":1.3858295326041,"d":"1"},{"v":-9.91888192041317,"d":"-10"},{"v":1.96121829875696,"d":"2"},{"v":-28.6463197205985,"d":"-29"},{"v":-35.4962560534401,"d":"-35"}]
[{"$nulls":12},3,{"v":2.5010289084546,"d":"3"},null,{"v":0.631927087802983,"d":"1"},{"v":3.8292025351849,"d":"4"},{"v":2.85206304556991,"d":"3"},{"v":1.57888301094503,"d":"2"},{"v":-14.0081018505784,"d":"-14"},{"v":2.50678521891738,"d":"3"},{"v":-40.5009784219971,"d":"-41"},{"v":-49.8378944565692,"d":"-50"},null,3,{"v":2.49593404163733,"d":"2"},null,{"v":0.620578029868849,"d":"1"},{"v":3.8292025351849,"d":"4"},{"v":2.81963157348858,"d":"3"},{"v":1.56635088135366,"d":"2"},{"v":-14.0368723359076,"d":"-14"},{"v":2.506620276698,"d":"3"},{"v":-41.3327425997093,"d":"-41"},{"v":-50.0333773879535,"d":"-50"}]
[{"$nulls":12},4,{"v":2.93482799735404,"d":"3"},null,{"v":0.306891142031259,"d":"0"},{"v":4.66298153824564,"d":"5"},{"v":3.43120883021468,"d":"3"},{"v":1.66875278522654,"d":"2"},{"v":-18.490486301869,"d":"-18"},{"v":3.01419832943534,"d":"3"},{"v":-53.6676034315118,"d":"-54"},{"v":-65.2231341212386,"d":"-65"},null,4,{"v":2.93064156886032,"d":"3"},null,{"v":0.297238141332163,"d":"0"},{"v":4.66298153824564,"d":"5"},{"v":3.39463575387569,"d":"3"},{"v":1.65737845777623,"d":"2"},{"v":-18.5118127524409,"d":"-19"},{"v":3.01396216184597,"d":"3"},{"v":-54.6756339761764,"d":"-55"},{"v":-65.4245565475076,"d":"-65"}]
[{"$nulls":12},5,{"v":3.30961899229485,"d":"3"},null,{"v":-0.150275083936329,"d":"-0"},{"v":5.46154527040294,"d":"5"},{"v":3.96781365607725,"d":"4"},{"v":1.67152649131667,"d":"2"},{"v":-23.3247196438467,"d":"-23"},{"v":3.48568465226506,"d":"3"},{"v":-67.4589958580962,"d":"-67"},{"v":-81.3737436796913,"d":"-81"},null,5,{"v":3.30625187814598,"d":"3"},null,{"v":-0.158369214366312,"d":"-0"},{"v":5.46154527040294,"d":"5"},{"v":3.9273378441579,"d":"4"},{"v":1.66125386161789,"d":"2"},{"v":-23.3397143527774,"d":"-23"},{"v":3.48538475638423,"d":"3"},{"v":-68.6229047860055,"d":"-69"},{"v":-81.579693688293,"d":"-82"}]
[{"$nulls":12},6,{"v":3.62765260243623,"d":"4"},null,{"v":-0.730228109612106,"d":"-1"},{"v":6.22773191978962,"d":"6"},{"v":4.46453161957199,"d":"4"},{"v":1.58954572896148,"d":"2"},{"v":-28.5068130592755,"d":"-29"},{"v":3.9233849895899,"d":"4"},{"v":-81.8230666377559,"d":"-82"},{"v":-98.1996232881181,"d":"-98"},null,6,{"v":3.62501567865351,"d":"4"},null,{"v":-0.736900556738902,"d":"-1"},{"v":6.22773191978962,"d":"6"},{"v":4.42039194074958,"d":"4"},{"v":1.58031869262473,"d":"2"},{"v":-28.5165883196812,"d":"-29"},{"v":3.92302886249614,"d":"4"},{"v":-83.1224659652019,"d":"-83"},{"v":-98.4086889665002,"d":"-98"}]
[{"$nulls":12},7,{"v":3.89117953693738,"d":"4"},null,{"v":-1.4236244545084,"d":"-1"},{"v":6.96437967453851,"d":"7"},{"v":4.9240168171133,"d":"5"},{"v":1.42515209790707,"d":"1"},{"v":-34.0327777309198,"d":"-34"},{"v":4.32944014359323,"d":"4"},{"v":-96.7077267064966,"d":"-97"},{"v":-115.610673102709,"d":"-116"},null,7,{"v":3.88918367954208,"d":"4"},null,{"v":-1.42901240529793,"d":"-1"},{"v":6.96437967453851,"d":"7"},{"v":4.87645214006512,"d":"5"},{"v":1.41691455054282,"d":"1"},{"v":-34.0384458359166,"d":"-34"},{"v":4.32903528236505,"d":"4"},{"v":-98.1222284497713,"d":"-98"},{"v":-115.82144253832,"d":"-116"}]
[{"$nulls":12},8,{"v":4.10245050495748,"d":"4"},null,{"v":-2.22112063813753,"d":"-2"},{"v":7.67432672278242,"d":"8"},{"v":5.34892334511556,"d":"5"},{"v":1.1806871978995,"d":"1"},{"v":-39.8986248415437,"d":"-40"},{"v":4.70599091645838,"d":"5"},{"v":-112.060887000324,"d":"-112"},{"v":-133.516793279656,"d":"-134"},null,8,{"v":4.10100658997091,"d":"4"},null,{"v":-2.22536127955573,"d":"-2"},{"v":7.67432672278242,"d":"8"},{"v":5.2981725385189,"d":"5"},{"v":1.17338303511824,"d":"1"},{"v":-39.9012980842478,"d":"-40"},{"v":4.70554481817431,"d":"5"},{"v":-113.570103175719,"d":"-114"},{"v":-133.727854559942,"d":"-134"}]
[{"$nulls":12},9,{"v":4.26371621565573,"d":"4"},null,{"v":-3.11337318001183,"d":"-3"},{"v":8.36041125265416,"d":"8"},{"v":5.74190529999315,"d":"6"},{"v":0.858492628684873,"d":"1"},{"v":-46.1003655739114,"d":"-46"},{"v":5.05517811036873,"d":"5"},{"v":-127.830458455243,"d":"-128"},{"v":-151.827883975148,"d":"-152"},null,9,{"v":4.26273511909917,"d":"4"},null,{"v":-3.11660369902461,"d":"-3"},{"v":8.36041125265416,"d":"8"},{"v":5.68820723252531,"d":"6"},{"v":0.852065746097068,"d":"1"},{"v":-46.101156247439,"d":"-46"},{"v":5.05469827210728,"d":"5"},{"v":-129.414001079051,"d":"-129"},{"v":-152.037825187558,"d":"-152"}]
[{"$nulls":12},10,{"v":4.37722737819133,"d":"4"},null,{"v":-4.09103859964362,"d":"-4"},{"v":9.02547145228657,"d":"9"},{"v":6.10561677816046,"d":"6"},{"v":0.460909990009253,"d":"0"},{"v":-52.6340111107872,"d":"-53"},{"v":5.37914252750762,"d":"5"},{"v":-143.964352007259,"d":"-144"},{"v":-170.453845345376,"d":"-170"},null,10,{"v":4.37661997608606,"d":"4"},null,{"v":-4.09339618321692,"d":"-4"},{"v":9.02547145228657,"d":"9"},{"v":6.04921031849874,"d":"6"},{"v":0.455304283225392,"d":"0"},{"v":-52.6340315082543,"d":"-53"},{"v":5.37863644634732,"d":"5"},{"v":-145.601833095772,"d":"-146"},{"v":-170.661254577358,"d":"-171"}]
[{"$nulls":12},11,{"v":4.44523470172346,"d":"4"},null,{"v":-5.14477341654523,"d":"-5"},{"v":9.67234550981245,"d":"10"},{"v":6.44271187603188,"d":"6"},{"v":-0.00971911838127509,"d":"-0"},{"v":-59.4955726349352,"d":"-59"},{"v":5.68002497005841,"d":"6"},{"v":-160.410478592378,"d":"-160"},{"v":-189.30457754653,"d":"-189"},null,11,{"v":4.44491187009078,"d":"4"},null,{"v":-5.14639525164496,"d":"-5"},{"v":9.67234550981245,"d":"10"},{"v":6.38383589285356,"d":"6"},{"v":-0.0145597537507116,"d":"-0"},{"v":-59.4959350494581,"d":"-59"},{"v":5.67950014307778,"d":"6"},{"v":-162.081510161889,"d":"-162"},{"v":-189.508042885533,"d":"-190"}]
[{"$nulls":12},12,{"v":4.46998889541131,"d":"4"},null,{"v":-6.26523415022898,"d":"-6"},{"v":10.3038716133646,"d":"10"},{"v":6.75584469002178,"d":"7"},{"v":-0.551053096740631,"d":"-1"},{"v":-66.6810613291196,"d":"-67"},{"v":5.95996624020446,"d":"6"},{"v":-177.116749146606,"d":"-177"},{"v":-208.289980734802,"d":"-208"},null,12,{"v":4.46986151027251,"d":"4"},null,{"v":-6.26625742382108,"d":"-6"},{"v":10.3038716133646,"d":"10"},{"v":6.69473805200416,"d":"7"},{"v":-0.555184765085162,"d":"-1"},{"v":-66.6828780538144,"d":"-67"},{"v":5.95943016448201,"d":"6"},{"v":-178.800943213406,"d":"-179"},{"v":-208.488090268272,"d":"-208"}]
[{"$nulls":12},13,{"v":4.45374066841409,"d":"4"},null,{"v":-7.4430773202072,"d":"-7"},{"v":10.9228879510759,"d":"11"},{"v":7.04766931654455,"d":"7"},{"v":-1.16075034532273,"d":"-1"},{"v":-74.1864883761048,"d":"-74"},{"v":6.22110714012911,"d":"6"},{"v":-194.031074605948,"d":"-194"},{"v":-227.319955066382,"d":"-227"},null,13,{"v":4.45371960579046,"d":"4"},null,{"v":-7.44363921925759,"d":"-7"},{"v":10.9228879510759,"d":"11"},{"v":6.98457089236493,"d":"7"},{"v":-1.16422915103188,"d":"-1"},{"v":-74.1908717040875,"d":"-74"},{"v":6.22056731274338,"d":"6"},{"v":-195.708043186329,"d":"-196"},{"v":-227.511296881768,"d":"-228"}]
[{"$nulls":12},14,{"v":4.39874072989098,"d":"4"},null,{"v":-8.66895944599221,"d":"-9"},{"v":11.5322327110791,"d":"12"},{"v":7.32083985201457,"d":"7"},{"v":-1.83646926438151,"d":"-2"},{"v":-82.0078649586547,"d":"-82"},{"v":6.46558847201573,"d":"6"},{"v":-211.10136590641,"d":"-211"},{"v":-246.30440069746,"d":"-246"},null,14,{"v":4.3987368658038,"d":"4"},null,{"v":-8.66919715746682,"d":"-9"},{"v":11.5322327110791,"d":"12"},{"v":7.25598851035024,"d":"7"},{"v":-1.83935131184478,"d":"-2"},{"v":-82.0159271830417,"d":"-82"},{"v":6.46505239004523,"d":"6"},{"v":-212.750721016664,"d":"-213"},{"v":-246.487562882209,"d":"-246"}]
[{"$nulls":12},15,{"v":4.30723978900118,"d":"4"},null,{"v":-9.93353704709635,"d":"-10"},{"v":12.1347440815071,"d":"12"},{"v":7.57801039284624,"d":"8"},{"v":-2.57586825417087,"d":"-3"},{"v":-90.1412022595337,"d":"-90"},{"v":6.69555103804767,"d":"7"},{"v":-228.275533983997,"d":"-228"},{"v":-265.153217784227,"d":"-265"},null,15,{"v":4.30716399947175,"d":"4"},null,{"v":-9.93358775796109,"d":"-10"},{"v":12.1347440815071,"d":"12"},{"v":7.5116450023745,"d":"8"},{"v":-2.5782096477778,"d":"-3"},{"v":-90.154055673441,"d":"-90"},{"v":6.69502619857092,"d":"7"},{"v":-229.876887640416,"d":"-230"},{"v":-265.326788425788,"d":"-265"}]
[{"$nulls":12},16,{"v":4.18148855490387,"d":"4"},null,{"v":-11.2274666430319,"d":"-11"},{"v":12.7332602504926,"d":"13"},{"v":7.82183503545393,"d":"8"},{"v":-3.37660571494473,"d":"-3"},{"v":-98.5825114615061,"d":"-99"},{"v":6.91313564040828,"d":"7"},{"v":-245.501489774714,"d":"-246"},{"v":-283.776306482874,"d":"-284"},null,16,{"v":4.18125171595348,"d":"4"},null,{"v":-11.2274675402527,"d":"-11"},{"v":12.7332602504926,"d":"13"},{"v":7.75419446485206,"d":"8"},{"v":-3.37846255908484,"d":"-3"},{"v":-98.6012683580498,"d":"-99"},{"v":6.91262954050381,"d":"7"},{"v":-247.034453993591,"d":"-247"},{"v":-283.938873668693,"d":"-284"}]
[{"$nulls":12},17,{"v":4.02373773675826,"d":"4"},null,{"v":-12.5414047533113,"d":"-13"},{"v":13.3306194061686,"d":"13"},{"v":8.05496787625203,"d":"8"},{"v":-4.23634004695703,"d":"-4"},{"v":-107.327803747336,"d":"-107"},{"v":7.12048308128093,"d":"7"},{"v":-262.727144214568,"d":"-263"},{"v":-302.08356694959,"d":"-302"},null,17,{"v":4.02325072440819,"d":"4"},null,{"v":-12.5414930238541,"d":"-13"},{"v":13.3306194061686,"d":"13"},{"v":7.98629099419734,"d":"8"},{"v":-4.23776844601982,"d":"-4"},{"v":-107.353576419632,"d":"-107"},{"v":7.12000321802725,"d":"7"},{"v":-264.171331012194,"d":"-264"},{"v":-302.233718767117,"d":"-302"}]
[{"$nulls":12},18,{"v":3.83623804372353,"d":"4"},null,{"v":-13.8660078974467,"d":"-14"},{"v":13.9296597366677,"d":"14"},{"v":8.28006301165491,"d":"8"},{"v":-5.15272965046167,"d":"-5"},{"v":-116.373090299787,"d":"-116"},{"v":7.31973416284896,"d":"7"},{"v":-279.900408239563,"d":"-280"},{"v":-319.984899340567,"d":"-320"},null,18,{"v":3.83541173399508,"d":"4"},null,{"v":-13.8663207282774,"d":"-14"},{"v":13.9296597366677,"d":"14"},{"v":8.2105886868247,"d":"8"},{"v":-5.15378570883667,"d":"-5"},{"v":-116.406991040953,"d":"-116"},{"v":7.3192880333246,"d":"7"},{"v":-281.235429632231,"d":"-281"},{"v":-320.121223877249,"d":"-320"}]
[{"$nulls":12},19,{"v":3.62124018495888,"d":"4"},null,{"v":-15.1919325949506,"d":"-15"},{"v":14.5332194301228,"d":"15"},{"v":8.49977453807698,"d":"8"},{"v":-6.12343292571258,"d":"-6"},{"v":-125.714382301625,"d":"-126"},{"v":7.51302968729573,"d":"8"},{"v":-296.969192785706,"d":"-297"},{"v":-337.390203811995,"d":"-337"},null,19,{"v":3.61998545387333,"d":"4"},null,{"v":-15.1926071730351,"d":"-15"},{"v":14.5332194301228,"d":"15"},{"v":8.42974163914853,"d":"8"},{"v":-6.12417274778931,"d":"-6"},{"v":-125.757523404775,"d":"-126"},{"v":7.51262478857921,"d":"8"},{"v":-298.174660789707,"d":"-298"},{"v":-337.51128915528,"d":"-338"}]
[{"$nulls":12},20,{"v":3.3809948696235,"d":"3"},null,{"v":-16.5098353653352,"d":"-17"},{"v":15.1441366746668,"d":"15"},{"v":8.71675655193261,"d":"9"},{"v":-7.14610827296367,"d":"-7"},{"v":-135.347690935612,"d":"-135"},{"v":7.70251045680459,"d":"8"},{"v":-313.881408789001,"d":"-314"},{"v":-354.209380520065,"d":"-354"},null,20,{"v":3.37922259320214,"d":"3"},null,{"v":-16.5110088776395,"d":"-17"},{"v":15.1441366746668,"d":"15"},{"v":8.64640394758321,"d":"9"},{"v":-7.14658796313165,"d":"-7"},{"v":-135.401184693863,"d":"-135"},{"v":7.70215428597444,"d":"8"},{"v":-314.936935420628,"d":"-315"},{"v":-354.3138147574,"d":"-354"}]
[{"$nulls":12},21,{"v":3.11775280687658,"d":"3"},null,{"v":-17.8103727281129,"d":"-18"},{"v":15.7652496584325,"d":"16"},{"v":8.93366314963618,"d":"9"},{"v":-8.21841409246887,"d":"-8"},{"v":-145.269027384514,"d":"-145"},{"v":7.89031727355891,"d":"8"},{"v":-330.584967185455,"d":"-331"},{"v":-370.352329620967,"d":"-370"},null,21,{"v":3.11537386114071,"d":"3"},null,{"v":-17.8121823616029,"d":"-18"},{"v":15.7652496584325,"d":"16"},{"v":8.86322970854314,"d":"9"},{"v":-8.21868975511762,"d":"-8"},{"v":-145.333986090982,"d":"-145"},{"v":7.89001732769363,"d":"8"},{"v":-331.470164460999,"d":"-331"},{"v":-370.438700839801,"d":"-370"}]
[{"$nulls":12},22,{"v":2.83376470587732,"d":"3"},null,{"v":-19.084201202796,"d":"-19"},{"v":16.3993965695526,"d":"16"},{"v":9.15314842760208,"d":"9"},{"v":-9.3380087844821,"d":"-9"},{"v":-155.474402831094,"d":"-155"},{"v":8.07859093974203,"d":"8"},{"v":-347.027778911073,"d":"-347"},{"v":-385.728951270891,"d":"-386"},null,22,{"v":2.83068996684823,"d":"3"},null,{"v":-19.0867841444376,"d":"-19"},{"v":16.3993965695526,"d":"16"},{"v":9.08287301844269,"d":"9"},{"v":-9.33813652400114,"d":"-9"},{"v":-155.551938778896,"d":"-156"},{"v":8.07835471592016,"d":"8"},{"v":-347.722258846826,"d":"-348"},{"v":-385.795847558672,"d":"-386"}]
[{"$nulls":12},23,{"v":2.53128127578491,"d":"3"},null,{"v":-20.3219773088968,"d":"-20"},{"v":17.0494155961601,"d":"17"},{"v":9.37786648224469,"d":"9"},{"v":-10.5025507492573,"d":"-11"},{"v":-165.959828458117,"d":"-166"},{"v":8.26947225753731,"d":"8"},{"v":-363.15775490186,"d":"-363"},{"v":-400.249145626029,"d":"-400"},null,23,{"v":2.52742161948388,"d":"3"},null,{"v":-20.325470745656,"d":"-20"},{"v":17.0494155961601,"d":"17"},{"v":9.30798797369625,"d":"9"},{"v":-10.5025866700361,"d":"-11"},{"v":-166.051053940369,"d":"-166"},{"v":8.26930725283737,"d":"8"},{"v":-363.641129514115,"d":"-364"},{"v":-400.295155070204,"d":"-400"}]
[{"$nulls":12},24,{"v":2.21255322575854,"d":"2"},null,{"v":-21.5143575659277,"d":"-22"},{"v":17.7181449263876,"d":"18"},{"v":9.61047140997841,"d":"10"},{"v":-11.7096983870483,"d":"-12"},{"v":-176.721315448347,"d":"-177"},{"v":8.46510202912812,"d":"8"},{"v":-378.922806093822,"d":"-379"},{"v":-413.822812842571,"d":"-414"},null,24,{"v":2.20781952820686,"d":"2"},null,{"v":-21.5188986847703,"d":"-22"},{"v":17.7181449263876,"d":"18"},{"v":9.5412286707182,"d":"10"},{"v":-11.7096985934765,"d":"-12"},{"v":-176.827342758164,"d":"-177"},{"v":8.46501574062862,"d":"8"},{"v":-379.174687398871,"d":"-379"},{"v":-413.846523530588,"d":"-414"}]
[{"$nulls":12},25,{"v":1.8798312649574,"d":"2"},null,{"v":-22.6519984934009,"d":"-23"},{"v":18.4084227483681,"d":"18"},{"v":9.8536173072176,"d":"10"},{"v":-12.9571100981091,"d":"-13"},{"v":-187.754874984548,"d":"-188"},{"v":8.66762105669779,"d":"9"},{"v":-394.270843422964,"d":"-394"},{"v":-426.359853076707,"d":"-426"},null,25,{"v":1.87413440217636,"d":"2"},null,{"v":-22.657724481293,"d":"-23"},{"v":18.4084227483681,"d":"18"},{"v":9.78524920592292,"d":"10"},{"v":-12.9571306945762,"d":"-13"},{"v":-187.876816415047,"d":"-188"},{"v":8.66762098147725,"d":"9"},{"v":-394.270843437099,"d":"-394"},{"v":-426.359853096014,"d":"-426"}]
[]
["Hard seabed to sandy seabed ",{"$nulls":11},"Hard seabed to scour protection",{"$nulls":11},"Hard seabed to scour protection + 5m of foundation"]
["Unit: PDF.year/structure",{"$nulls":11},"Unit: PDF.year/structure",{"$nulls":11},"Unit: PDF.year/structure"]
["Age, t [yr]","TOTAL","Porifera","Cnidaria","Worms","Mollusca","Arthropoda","Bryozoa","Echinodermata","Chordata","Aliens",null,"Age, t [yr]","TOTAL","Porifera","Cnidaria","Worms","Mollusca","Arthropoda","Bryozoa","Echinodermata","Chordata","Aliens",null,"Age, t [yr]","TOTAL","Porifera","Cnidaria","Worms","Mollusca","Arthropoda","Bryozoa","Echinodermata","Chordata","Aliens"]
[1,{"v":-0.421521614685165,"d":"-0"},{"v":-0.346486720489884,"d":"-0"},{"v":1.18005717169448,"d":"1"},{"v":-10.198326142653,"d":"-10"},{"v":-4.60445008879062,"d":"-5"},{"v":-0.139582729176291,"d":"-0"},{"v":1.27983984220434,"d":"1"},{"v":-10.2856564574452,"d":"-10"},{"v":25.0210601717622,"d":"25"},{"v":0.864590558284219,"d":"1"},null,1,{"v":0.968583829672004,"d":"1"},{"v":-2.33849955993664,"d":"-2"},{"v":1.43348105786092,"d":"1"},{"v":2.54852602837652,"d":"3"},{"v":-0.379625547042434,"d":"-0"},{"v":0.778627415130072,"d":"1"},{"v":0.833669201493714,"d":"1"},{"v":-3.73748507861207,"d":"-4"},{"v":1.52395670999934,"d":"2"},{"v":-0.0332495997649198,"d":"-0"},null,1,{"v":0.955184075573946,"d":"1"},{"v":-1.67409879165442,"d":"-2"},{"v":1.4260278841636,"d":"1"},{"v":2.54852602837652,"d":"3"},{"v":-0.505075743139325,"d":"-1"},{"v":0.757583291511046,"d":"1"},{"v":0.826914631248319,"d":"1"},{"v":-3.73748508085286,"d":"-4"},{"v":1.51305183298829,"d":"2"},{"v":-0.0486222812017453,"d":"-0"}]
[2,{"v":-0.104380425869869,"d":"-0"},{"v":-1.97769642737296,"d":"-2"},{"v":1.76783642279455,"d":"2"},{"v":-9.68307454555297,"d":"-10"},{"v":-5.1369218741372,"d":"-5"},{"v":-0.012998336849666,"d":"-0"},{"v":1.65024805659675,"d":"2"},{"v":-12.7818656459527,"d":"-13"},{"v":25.6757904498292,"d":"26"},{"v":0.717901395163613,"d":"1"},null,2,{"v":1.14465387405553,"d":"1"},{"v":-3.79802386040927,"d":"-4"},{"v":1.92550488625948,"d":"2"},{"v":2.47624325924796,"d":"2"},{"v":-1.13467978487879,"d":"-1"},{"v":0.757097491748283,"d":"1"},{"v":1.14855697500893,"d":"1"},{"v":-6.54459811328381,"d":"-7"},{"v":2.19110326497185,"d":"2"},{"v":-0.283182759472097,"d":"-0"},null,2,{"v":1.13328241009275,"d":"1"},{"v":-3.22357222941957,"d":"-3"},{"v":1.91902090838002,"d":"2"},{"v":2.47624325924796,"d":"2"},{"v":-1.28486136458565,"d":"-1"},{"v":0.737833215163914,"d":"1"},{"v":1.1431920584772,"d":"1"},{"v":-6.54539038886134,"d":"-7"},{"v":2.17453705335837,"d":"2"},{"v":-0.299306497804996,"d":"-0"}]
[3,{"v":0.0891335205453662,"d":"0"},{"v":-3.86536736360537,"d":"-4"},{"v":2.27606361158886,"d":"2"},{"v":-9.70550291465392,"d":"-10"},{"v":-5.93708195875149,"d":"-6"},{"v":-0.018407513760593,"d":"-0"},{"v":1.96806972579386,"d":"2"},{"v":-15.6579800722888,"d":"-16"},{"v":26.3134492549079,"d":"26"},{"v":0.48194987530071,"d":"0"},null,3,{"v":1.20218398699616,"d":"1"},{"v":-5.52602374190537,"d":"-6"},{"v":2.34334625050472,"d":"2"},{"v":1.90156047687463,"d":"2"},{"v":-2.145912461817,"d":"-2"},{"v":0.606944219665751,"d":"1"},{"v":1.4117275214761,"d":"1"},{"v":-9.7211870432409,"d":"-10"},{"v":2.8392359964452,"d":"3"},{"v":-0.614155588588075,"d":"-1"},null,3,{"v":1.1926744640668,"d":"1"},{"v":-5.03610683326005,"d":"-5"},{"v":2.33776399030134,"d":"2"},{"v":1.90156047687463,"d":"2"},{"v":-2.31954655178208,"d":"-2"},{"v":0.589381163050919,"d":"1"},{"v":1.40759239074499,"d":"1"},{"v":-9.72270270131778,"d":"-10"},{"v":2.81754025061734,"d":"3"},{"v":-0.630909376406585,"d":"-1"}]
[4,{"v":0.163221152891794,"d":"0"},{"v":-5.98123777214327,"d":"-6"},{"v":2.70933451506524,"d":"3"},{"v":-10.2307409071296,"d":"-10"},{"v":-6.99072063872504,"d":"-7"},{"v":-0.152528642957234,"d":"-0"},{"v":2.23387815540884,"d":"2"},{"v":-18.894327852976,"d":"-19"},{"v":26.9353952787085,"d":"27"},{"v":0.164457970404114,"d":"0"},null,4,{"v":1.14537509682515,"d":"1"},{"v":-7.49423744738111,"d":"-7"},{"v":2.69160092758448,"d":"3"},{"v":0.859348024082879,"d":"1"},{"v":-3.39911387394862,"d":"-3"},{"v":0.331449215834314,"d":"0"},{"v":1.62375414650837,"d":"2"},{"v":-13.2475799850058,"d":"-13"},{"v":3.46971359612927,"d":"3"},{"v":-1.01844611540425,"d":"-1"},null,4,{"v":1.13756116582736,"d":"1"},{"v":-7.08344084613204,"d":"-7"},{"v":2.68685290691541,"d":"3"},{"v":0.859348024082879,"d":"1"},{"v":-3.59492160082015,"d":"-4"},{"v":0.315508752123899,"d":"0"},{"v":1.62068893366485,"d":"2"},{"v":-13.2497501347446,"d":"-13"},{"v":3.44342011647507,"d":"3"},{"v":-1.03570894529791,"d":"-1"}]
[5,{"v":0.122083399500668,"d":"0"},{"v":-8.2970458959428,"d":"-8"},{"v":3.07224491021155,"d":"3"},{"v":-11.2239181801536,"d":"-11"},{"v":-8.28362821014938,"d":"-8"},{"v":-0.412080107487751,"d":"-0"},{"v":2.44824665105483,"d":"2"},{"v":-22.4712371045369,"d":"-22"},{"v":27.5429872129407,"d":"28"},{"v":-0.226852347817575,"d":"-0"},null,5,{"v":0.978428131873744,"d":"1"},{"v":-9.67440321979262,"d":"-10"},{"v":2.9748646944866,"d":"3"},{"v":-0.615523756300969,"d":"-1"},{"v":-4.88007431736518,"d":"-5"},{"v":-0.0661059027941908,"d":"-0"},{"v":1.7852101557189,"d":"2"},{"v":-17.104105055101,"d":"-17"},{"v":4.08389475573394,"d":"4"},{"v":-1.48833236821203,"d":"-1"},null,5,{"v":0.97214344370568,"d":"1"},{"v":-9.33731251099166,"d":"-9"},{"v":2.97088343521007,"d":"3"},{"v":-0.615523756300969,"d":"-1"},{"v":-5.0967768077914,"d":"-5"},{"v":-0.0805024006653074,"d":"-0"},{"v":1.78305499284994,"d":"2"},{"v":-17.1068608056644,"d":"-17"},{"v":4.05353534264146,"d":"4"},{"v":-1.50598323277037,"d":"-2"}]
[6,{"v":-0.0300788112967558,"d":"-0"},{"v":-10.7845299779601,"d":"-11"},{"v":3.36939057401561,"d":"3"},{"v":-12.6501643908996,"d":"-13"},{"v":-9.80159496911607,"d":"-10"},{"v":-0.793780290400306,"d":"-1"},{"v":2.61174851834501,"d":"3"},{"v":-26.3690359434937,"d":"-26"},{"v":28.1375837493144,"d":"28"},{"v":-0.684259107655756,"d":"-1"},null,6,{"v":0.705544020473207,"d":"1"},{"v":-12.038259302096,"d":"-12"},{"v":3.19773332819892,"d":"3"},{"v":-2.48818452145057,"d":"-2"},{"v":-6.57458408815824,"d":"-7"},{"v":-0.582439519267924,"d":"-1"},{"v":1.89666885472085,"d":"2"},{"v":-21.2710903700489,"d":"-21"},{"v":4.6831381669691,"d":"5"},{"v":-2.0160923753028,"d":"-2"},null,6,{"v":0.700622226033014,"d":"1"},{"v":-11.7694600707951,"d":"-12"},{"v":3.19445135217314,"d":"3"},{"v":-2.48818452145057,"d":"-2"},{"v":-6.81090246878739,"d":"-7"},{"v":-0.595370678364862,"d":"-1"},{"v":1.89526387391341,"d":"2"},{"v":-21.2743628305995,"d":"-21"},{"v":4.64924462082637,"d":"5"},{"v":-2.03401026711537,"d":"-2"}]
[7,{"v":-0.289064551169224,"d":"-0"},{"v":-13.4154282611513,"d":"-13"},{"v":3.60536728346527,"d":"4"},{"v":-14.4746091965413,"d":"-14"},{"v":-11.5304112117166,"d":"-12"},{"v":-1.29434757474306,"d":"-1"},{"v":2.72495706289253,"d":"3"},{"v":-30.5680524863691,"d":"-31"},{"v":28.7205435795395,"d":"29"},{"v":-1.20004033740183,"d":"-1"},null,7,{"v":0.33092369095479,"d":"0"},{"v":-14.5575439372476,"d":"-15"},{"v":3.36480260570928,"d":"3"},{"v":-4.72376392853959,"d":"-5"},{"v":-8.46843348241932,"d":"-8"},{"v":-1.21427001663505,"d":"-1"},{"v":1.95870354912738,"d":"2"},{"v":-25.728864046372,"d":"-26"},{"v":5.26880252154464,"d":"5"},{"v":-2.59400416496797,"d":"-3"},null,7,{"v":0.327198441140618,"d":"0"},{"v":-14.3516217684984,"d":"-14"},{"v":3.36215243479248,"d":"3"},{"v":-4.72376392853959,"d":"-5"},{"v":-8.72308887989964,"d":"-9"},{"v":-1.22581446402293,"d":"-1"},{"v":1.95788888246843,"d":"2"},{"v":-25.7325843260724,"d":"-26"},{"v":5.23190664273971,"d":"5"},{"v":-2.61206807662429,"d":"-3"}]
[8,{"v":-0.650672891785483,"d":"-1"},{"v":-16.1614789884727,"d":"-16"},{"v":3.78477081554837,"d":"4"},{"v":-16.6623822542523,"d":"-17"},{"v":-13.4558672340426,"d":"-13"},{"v":-1.91050034356418,"d":"-2"},{"v":2.78844559031054,"d":"3"},{"v":-35.0486148496854,"d":"-35"},{"v":29.2932253953258,"d":"29"},{"v":-1.76647406534719,"d":"-2"},null,8,{"v":-0.141231928350254,"d":"-0"},{"v":-17.2039953682033,"d":"-17"},{"v":3.48066830400552,"d":"3"},{"v":-7.2873916347417,"d":"-7"},{"v":-10.54741279624,"d":"-11"},{"v":-1.95831577794372,"d":"-2"},{"v":1.97188754455164,"d":"2"},{"v":-30.4577542005928,"d":"-30"},{"v":5.84224651117042,"d":"6"},{"v":-3.21434576549894,"d":"-3"},null,8,{"v":-0.143926982640256,"d":"-0"},{"v":-17.0555358470578,"d":"-17"},{"v":3.47858246005592,"d":"3"},{"v":-7.2873916347417,"d":"-7"},{"v":-10.8191263372197,"d":"-11"},{"v":-1.96855214068766,"d":"-2"},{"v":1.97150332412815,"d":"2"},{"v":-30.4618534086056,"d":"-30"},{"v":5.80288010009134,"d":"6"},{"v":-3.23243468958855,"d":"-3"}]
[9,{"v":-1.11070290481428,"d":"-1"},{"v":-18.9944204028802,"d":"-19"},{"v":3.91219694725274,"d":"4"},{"v":-19.1786132212064,"d":"-19"},{"v":-15.5637533321856,"d":"-16"},{"v":-2.63895697991181,"d":"-3"},{"v":2.80278740621221,"d":"3"},{"v":-39.7910511499652,"d":"-40"},{"v":29.8569878883834,"d":"30"},{"v":-2.37583831978323,"d":"-2"},null,9,{"v":-0.706721909110671,"d":"-1"},{"v":-19.9493518379194,"d":"-20"},{"v":3.54992620007548,"d":"4"},{"v":-10.1441972972305,"d":"-10"},{"v":-12.7973123257117,"d":"-13"},{"v":-2.81129518624211,"d":"-3"},{"v":1.93679414660681,"d":"2"},{"v":-35.4380889492337,"d":"-35"},{"v":6.40482882755634,"d":"6"},{"v":-3.8693952051871,"d":"-4"},null,9,{"v":-0.708553116978352,"d":"-1"},{"v":-19.8529405494295,"d":"-20"},{"v":3.54833720495131,"d":"4"},{"v":-10.1441972972305,"d":"-10"},{"v":-13.0848051368391,"d":"-13"},{"v":-2.82030209140723,"d":"-3"},{"v":1.93668050450572,"d":"2"},{"v":-35.4424981947215,"d":"-35"},{"v":6.36352368459115,"d":"6"},{"v":-3.88738813429954,"d":"-4"}]
[10,{"v":-1.66495366192436,"d":"-2"},{"v":-21.8859907473301,"d":"-22"},{"v":3.99224145556624,"d":"4"},{"v":-21.9884317545771,"d":"-22"},{"v":-17.839859802237,"d":"-18"},{"v":-3.47643586683414,"d":"-3"},{"v":2.76855581621069,"d":"3"},{"v":-44.7756895037309,"d":"-45"},{"v":30.413189750422,"d":"30"},{"v":-3.02041112900137,"d":"-3"},null,10,{"v":-1.3613453229952,"d":"-1"},{"v":-22.765351589352,"d":"-23"},{"v":3.577172070907,"d":"4"},{"v":-13.2593105731798,"d":"-13"},{"v":-15.2039223669262,"d":"-15"},{"v":-3.76992662457838,"d":"-4"},{"v":1.85399666090602,"d":"2"},{"v":-40.6501964088172,"d":"-41"},{"v":6.95790816241228,"d":"7"},{"v":-4.55143051232385,"d":"-5"},null,10,{"v":-1.36247903354242,"d":"-1"},{"v":-22.7155741185695,"d":"-23"},{"v":3.57601244646647,"d":"4"},{"v":-13.2593105731798,"d":"-13"},{"v":-15.5059155748494,"d":"-16"},{"v":-3.7777826992298,"d":"-4"},{"v":1.85399372921432,"d":"2"},{"v":-40.6548468009426,"d":"-41"},{"v":6.91519608794903,"d":"7"},{"v":-4.56920643904866,"d":"-5"}]
[11,{"v":-2.30922423478446,"d":"-2"},{"v":-24.8079282647786,"d":"-25"},{"v":4.02950011747669,"d":"4"},{"v":-25.0569675115382,"d":"-25"},{"v":-20.2699769402886,"d":"-20"},{"v":-4.41965538737931,"d":"-4"},{"v":2.68632412591915,"d":"3"},{"v":-49.9828580275049,"d":"-50"},{"v":30.9631896731515,"d":"31"},{"v":-3.69247052129299,"d":"-4"},null,11,{"v":-2.1009012416726,"d":"-2"},{"v":-25.6237328654573,"d":"-26"},{"v":3.56700169348792,"d":"4"},{"v":-16.5978611197631,"d":"-17"},{"v":-17.7530332159748,"d":"-18"},{"v":-4.83092847600068,"d":"-5"},{"v":1.72406839306245,"d":"2"},{"v":-46.0744046958657,"d":"-46"},{"v":7.50284320744812,"d":"8"},{"v":-5.25272971520059,"d":"-5"},null,11,{"v":-2.1015038040012,"d":"-2"},{"v":-25.6151747974341,"d":"-26"},{"v":3.56620396158926,"d":"4"},{"v":-16.5978611197631,"d":"-17"},{"v":-18.0682479473422,"d":"-18"},{"v":-4.83771234720352,"d":"-5"},{"v":1.72401630386709,"d":"2"},{"v":-46.0792273437914,"d":"-46"},{"v":7.45925600187485,"d":"7"},{"v":-5.2701676321273,"d":"-5"}]
[12,{"v":-3.03931369506334,"d":"-3"},{"v":-27.7319711981817,"d":"-28"},{"v":4.02856870997193,"d":"4"},{"v":-28.3493501492632,"d":"-28"},{"v":-22.8398950424317,"d":"-23"},{"v":-5.46533392459548,"d":"-5"},{"v":2.55666564095074,"d":"3"},{"v":-55.3928848378097,"d":"-55"},{"v":31.5083463482819,"d":"32"},{"v":-4.38429452494949,"d":"-4"},null,12,{"v":-2.92118873681161,"d":"-3"},{"v":-28.4962339091914,"d":"-28"},{"v":3.52401084480607,"d":"4"},{"v":-20.1249785941542,"d":"-20"},{"v":-20.4304351689492,"d":"-20"},{"v":-5.99101912355718,"d":"-6"},{"v":1.54758264868925,"d":"2"},{"v":-51.6910419269017,"d":"-52"},{"v":8.04099265437375,"d":"8"},{"v":-5.96557084210873,"d":"-6"},null,12,{"v":-2.92142650002343,"d":"-3"},{"v":-28.5234808289793,"d":"-29"},{"v":3.52350752730752,"d":"4"},{"v":-20.1249785941542,"d":"-20"},{"v":-20.7575925504089,"d":"-21"},{"v":-5.99680941837656,"d":"-6"},{"v":1.5473215340772,"d":"2"},{"v":-51.6959679397903,"d":"-52"},{"v":7.99706211807851,"d":"8"},{"v":-5.98254974182688,"d":"-6"}]
[13,{"v":-3.85102111442973,"d":"-4"},{"v":-30.6298577904956,"d":"-31"},{"v":3.99404301003982,"d":"4"},{"v":-31.8307093249259,"d":"-32"},{"v":-25.5354044047579,"d":"-26"},{"v":-6.61018986153083,"d":"-7"},{"v":2.38015366691861,"d":"2"},{"v":-60.9860980511678,"d":"-61"},{"v":32.0500184675229,"d":"32"},{"v":-5.08816116826228,"d":"-5"},null,13,{"v":-3.81800688008097,"d":"-4"},{"v":-31.3545929635104,"d":"-31"},{"v":3.4527953018493,"d":"3"},{"v":-23.8057926535266,"d":"-24"},{"v":-23.2219185219408,"d":"-23"},{"v":-7.24691695029604,"d":"-7"},{"v":1.32511273339958,"d":"1"},{"v":-57.4804362184477,"d":"-57"},{"v":8.57371519489904,"d":"9"},{"v":-6.68223192133965,"d":"-7"},null,13,{"v":-3.81804619327788,"d":"-4"},{"v":-31.4122304561614,"d":"-31"},{"v":3.45251892060907,"d":"3"},{"v":-23.8057926535266,"d":"-24"},{"v":-23.5597396801412,"d":"-24"},{"v":-7.25179229579708,"d":"-7"},{"v":1.3244827254578,"d":"1"},{"v":-57.4853967054618,"d":"-57"},{"v":8.52997312826987,"d":"9"},{"v":-6.69863079643878,"d":"-7"}]
[14,{"v":-4.7401455645524,"d":"-5"},{"v":-33.4733262846765,"d":"-33"},{"v":3.93051879466818,"d":"4"},{"v":-35.4661746957,"d":"-35"},{"v":-28.3422953233588,"d":"-28"},{"v":-7.8509415812335,"d":"-8"},{"v":2.15736150943594,"d":"2"},{"v":-66.7428257841016,"d":"-67"},{"v":32.5895647225845,"d":"33"},{"v":-5.79634847952275,"d":"-6"},null,14,{"v":-4.78715474314943,"d":"-5"},{"v":-34.1705482713706,"d":"-34"},{"v":3.35795084160545,"d":"3"},{"v":-27.6054329550542,"d":"-28"},{"v":-26.1132735710413,"d":"-26"},{"v":-8.59534033926543,"d":"-9"},{"v":1.0572319528066,"d":"1"},{"v":-63.4229156870262,"d":"-63"},{"v":9.10236952073388,"d":"9"},{"v":-7.39499098118475,"d":"-7"},null,14,{"v":-4.78716195543328,"d":"-5"},{"v":-34.2531619219364,"d":"-34"},{"v":3.35783391848177,"d":"3"},{"v":-27.6054329550542,"d":"-28"},{"v":-26.4604796326305,"d":"-26"},{"v":-8.59937936251324,"d":"-9"},{"v":1.05607318362206,"d":"1"},{"v":-63.4278417573283,"d":"-63"},{"v":9.05934772415884,"d":"9"},{"v":-7.4106888242544,"d":"-7"}]
[15,{"v":-5.70248611710007,"d":"-6"},{"v":-36.2341149236805,"d":"-36"},{"v":3.84259184084486,"d":"4"},{"v":-39.220875918759,"d":"-39"},{"v":-31.246358094326,"d":"-31"},{"v":-9.18430746675168,"d":"-9"},{"v":1.88886247411587,"d":"2"},{"v":-72.6433961531336,"d":"-73"},{"v":33.1283438051766,"d":"33"},{"v":-6.50113448702229,"d":"-7"},null,15,{"v":-5.82443139768574,"d":"-6"},{"v":-36.915838075728,"d":"-37"},{"v":3.24407324106236,"d":"3"},{"v":-31.4890291559104,"d":"-31"},{"v":-29.0902906123422,"d":"-29"},{"v":-10.0330076735135,"d":"-10"},{"v":0.744513612523458,"d":"1"},{"v":-69.4988084491595,"d":"-69"},{"v":9.62831432358815,"d":"10"},{"v":-8.09612604993545,"d":"-8"},null,15,{"v":-5.82457285815837,"d":"-6"},{"v":-37.0180134692605,"d":"-37"},{"v":3.24404829791345,"d":"3"},{"v":-31.4890291559104,"d":"-31"},{"v":-29.4456027039684,"d":"-29"},{"v":-10.0362890015732,"d":"-10"},{"v":0.742666214183126,"d":"1"},{"v":-69.5036312119123,"d":"-70"},{"v":9.58654459745528,"d":"10"},{"v":-8.11100185356514,"d":"-8"}]
[16,{"v":-6.7338418437415,"d":"-7"},{"v":-38.8839619504638,"d":"-39"},{"v":3.73485792555769,"d":"4"},{"v":-43.0599426512766,"d":"-43"},{"v":-34.2333830137509,"d":"-34"},{"v":-10.6070059011335,"d":"-11"},{"v":1.57522986657156,"d":"2"},{"v":-78.6681372747863,"d":"-79"},{"v":33.667714407009,"d":"34"},{"v":-7.19479721905232,"d":"-7"},null,16,{"v":-6.92563591535865,"d":"-7"},{"v":-39.5622006195388,"d":"-40"},{"v":3.11575827720787,"d":"3"},{"v":-35.421710913269,"d":"-35"},{"v":-32.1387599419349,"d":"-32"},{"v":-11.5566373360884,"d":"-12"},{"v":0.387531018163326,"d":"0"},{"v":-75.6884426213702,"d":"-76"},{"v":10.1529082951717,"d":"10"},{"v":-8.77791515588313,"d":"-9"},null,16,{"v":-6.92607797312191,"d":"-7"},{"v":-39.67852334109,"d":"-40"},{"v":3.11575783589195,"d":"3"},{"v":-35.421710913269,"d":"-35"},{"v":-32.5008991902465,"d":"-33"},{"v":-11.5592395960251,"d":"-12"},{"v":0.384835122754161,"d":"0"},{"v":-75.6930931857363,"d":"-76"},{"v":10.1129224398691,"d":"10"},{"v":-8.79184791266241,"d":"-9"}]
[17,{"v":-7.83001181614543,"d":"-8"},{"v":-41.3946056079825,"d":"-41"},{"v":3.61191282579452,"d":"4"},{"v":-46.9485045504266,"d":"-47"},{"v":-37.2891603777251,"d":"-37"},{"v":-12.1157552674271,"d":"-12"},{"v":1.21703699241618,"d":"1"},{"v":-84.7973772655822,"d":"-85"},{"v":34.2090352197916,"d":"34"},{"v":-7.86961470390422,"d":"-8"},null,17,{"v":-8.08656736783689,"d":"-8"},{"v":-42.0813741457592,"d":"-42"},{"v":2.97760172702982,"d":"3"},{"v":-39.3686078843037,"d":"-39"},{"v":-35.2444718559111,"d":"-35"},{"v":-13.1629477100383,"d":"-13"},{"v":-0.013142524660643,"d":"-0"},{"v":-81.9721463201808,"d":"-82"},{"v":10.6775101271945,"d":"11"},{"v":-9.43263632731919,"d":"-9"},null,17,{"v":-8.08747637199263,"d":"-8"},{"v":-42.2064297803808,"d":"-42"},{"v":2.97755830940511,"d":"3"},{"v":-39.3686078843037,"d":"-39"},{"v":-35.6121593875563,"d":"-36"},{"v":-13.1649495289172,"d":"-13"},{"v":-0.016846785051675,"d":"-0"},{"v":-81.9765557953228,"d":"-82"},{"v":10.6398399431101,"d":"11"},{"v":-9.44550502983759,"d":"-9"}]
[18,{"v":-8.98679510598061,"d":"-9"},{"v":-43.7377841391927,"d":"-44"},{"v":3.47835231854319,"d":"3"},{"v":-50.8516912733826,"d":"-51"},{"v":-40.3994804823401,"d":"-40"},{"v":-13.7072739486808,"d":"-14"},{"v":0.814857157262883,"d":"1"},{"v":-91.0114442420435,"d":"-91"},{"v":34.7536649352344,"d":"35"},{"v":-8.5178649698694,"d":"-9"},null,18,{"v":-9.30302482678921,"d":"-9"},{"v":-44.4450968973453,"d":"-44"},{"v":2.83419936751604,"d":"3"},{"v":-43.2948497261881,"d":"-43"},{"v":-38.3932166503624,"d":"-38"},{"v":-14.8486571784114,"d":"-15"},{"v":-0.456933710335291,"d":"-0"},{"v":-88.3302476621135,"d":"-88"},{"v":11.2034785113664,"d":"11"},{"v":-10.052567592535,"d":"-10"},null,18,{"v":-9.30456712643929,"d":"-9"},{"v":-44.5734710300892,"d":"-45"},{"v":2.83404549544077,"d":"3"},{"v":-43.2948497261881,"d":"-43"},{"v":-38.7651735919893,"d":"-39"},{"v":-14.8501371832975,"d":"-15"},{"v":-0.461806203621226,"d":"-0"},{"v":-88.3343471571941,"d":"-88"},{"v":11.1686557988883,"d":"11"},{"v":-10.0642512333821,"d":"-10"}]
[19,{"v":-10.1999907849158,"d":"-10"},{"v":-45.8852357870506,"d":"-46"},{"v":3.33877218079153,"d":"3"},{"v":-54.7346324773182,"d":"-55"},{"v":-43.5501336236876,"d":"-44"},{"v":-15.3782803279425,"d":"-15"},{"v":0.369263666724825,"d":"0"},{"v":-97.290666320693,"d":"-97"},{"v":35.3029622450472,"d":"35"},{"v":-9.13182604523926,"d":"-9"},null,19,{"v":-10.5708073638844,"d":"-11"},{"v":-46.6251071172532,"d":"-47"},{"v":2.69014697565438,"d":"3"},{"v":-47.1655660960959,"d":"-47"},{"v":-41.5707846213801,"d":"-42"},{"v":-16.6104841242558,"d":"-17"},{"v":-0.943269233247458,"d":"-1"},{"v":-94.7430747636911,"d":"-95"},{"v":11.7321721393972,"d":"12"},{"v":-10.6299869798221,"d":"-11"},null,19,{"v":-10.5731493081306,"d":"-11"},{"v":-46.7513853331713,"d":"-47"},{"v":2.68981517098678,"d":"3"},{"v":-47.1655660960959,"d":"-47"},{"v":-41.9457320996371,"d":"-42"},{"v":-16.6115209422143,"d":"-17"},{"v":-0.949469827341331,"d":"-1"},{"v":-94.7467953878728,"d":"-95"},{"v":11.7007286989135,"d":"12"},{"v":-10.6403645515873,"d":"-11"}]
[20,{"v":-11.4653979246197,"d":"-11"},{"v":-47.8086987945124,"d":"-48"},{"v":3.19776818952739,"d":"3"},{"v":-58.5624578194071,"d":"-59"},{"v":-46.7269100978589,"d":"-47"},{"v":-17.1254927882606,"d":"-17"},{"v":-0.119170173584835,"d":"-0"},{"v":-103.615371618053,"d":"-104"},{"v":35.8582858409398,"d":"36"},{"v":-9.70377595830519,"d":"-10"},null,20,{"v":-11.8857140507911,"d":"-12"},{"v":-48.5931430484391,"d":"-49"},{"v":2.55004032843268,"d":"3"},{"v":-50.9458866512007,"d":"-51"},{"v":-44.7629660650559,"d":"-45"},{"v":-18.4451469306198,"d":"-18"},{"v":-1.47157578778399,"d":"-1"},{"v":-101.190955741436,"d":"-101"},{"v":12.2649497029969,"d":"12"},{"v":-11.1571725174717,"d":"-11"},null,20,{"v":-11.8890219887354,"d":"-12"},{"v":-48.7119109325833,"d":"-49"},{"v":2.54946311303096,"d":"3"},{"v":-50.9458866512007,"d":"-51"},{"v":-45.1396252065912,"d":"-45"},{"v":-18.4458191887158,"d":"-18"},{"v":-1.47926435059883,"d":"-1"},{"v":-101.194228603881,"d":"-101"},{"v":12.2374173348956,"d":"12"},{"v":-11.1661230127447,"d":"-11"}]
[21,{"v":-12.7788155967611,"d":"-13"},{"v":-49.4799114045342,"d":"-49"},{"v":3.0599361217386,"d":"3"},{"v":-62.300296956823,"d":"-62"},{"v":-49.9156002009458,"d":"-50"},{"v":-18.9456297126831,"d":"-19"},{"v":-0.649871058052938,"d":"-1"},{"v":-109.965888250646,"d":"-110"},{"v":36.4209944146222,"d":"36"},{"v":-10.2259927373586,"d":"-10"},null,21,{"v":-13.2435439591781,"d":"-13"},{"v":-50.3209429338592,"d":"-50"},{"v":2.41847520283877,"d":"2"},{"v":-54.6009410486762,"d":"-55"},{"v":-47.9555512774814,"d":"-48"},{"v":-20.3493639805513,"d":"-20"},{"v":-2.04128006833172,"d":"-2"},{"v":-107.65421871187,"d":"-108"},{"v":12.8031698938753,"d":"13"},{"v":-11.6264022337753,"d":"-12"},null,21,{"v":-13.2479842399223,"d":"-13"},{"v":-50.4267860712812,"d":"-50"},{"v":2.41758509856116,"d":"2"},{"v":-54.6009410486762,"d":"-55"},{"v":-48.3326432089432,"d":"-48"},{"v":-20.3497503058499,"d":"-20"},{"v":-2.05061646778057,"d":"-2"},{"v":-107.656974921742,"d":"-108"},{"v":12.7800803985444,"d":"13"},{"v":-11.6338046451455,"d":"-12"}]
[22,{"v":-14.1360428730087,"d":"-14"},{"v":-50.8706118600722,"d":"-51"},{"v":2.92987175441301,"d":"3"},{"v":-65.9132795467395,"d":"-66"},{"v":-53.1019942290396,"d":"-53"},{"v":-20.8354094842582,"d":"-21"},{"v":-1.22226568106633,"d":"-1"},{"v":-116.322544334994,"d":"-116"},{"v":36.9924466578042,"d":"37"},{"v":-10.6907544106909,"d":"-11"},null,22,{"v":-14.6400961607143,"d":"-15"},{"v":-51.7802450164695,"d":"-52"},{"v":2.3000473758605,"d":"2"},{"v":-58.0958589456961,"d":"-58"},{"v":-51.134330554748,"d":"-51"},{"v":-22.3198536570987,"d":"-22"},{"v":-2.6518087692775,"d":"-3"},{"v":-114.113191791517,"d":"-114"},{"v":13.3481914037423,"d":"13"},{"v":-12.0299541570242,"d":"-12"},null,22,{"v":-14.6458351333602,"d":"-15"},{"v":-51.8677489922214,"d":"-52"},{"v":2.29877690456523,"d":"2"},{"v":-58.0958589456961,"d":"-58"},{"v":-51.5105764027845,"d":"-52"},{"v":-22.3200326766651,"d":"-22"},{"v":-2.66295287327339,"d":"-3"},{"v":-114.115362457978,"d":"-114"},{"v":13.3300765815699,"d":"13"},{"v":-12.0356874770813,"d":"-12"}]
[23,{"v":-15.5328788250313,"d":"-16"},{"v":-51.9525384040824,"d":"-52"},{"v":2.81217086453845,"d":"3"},{"v":-69.3665352463303,"d":"-69"},{"v":-56.2718824782321,"d":"-56"},{"v":-22.7915504860342,"d":"-23"},{"v":-1.83578073701184,"d":"-2"},{"v":-122.66566798762,"d":"-123"},{"v":37.5740012621958,"d":"38"},{"v":-11.0903390065934,"d":"-11"},null,23,{"v":-16.0711697270682,"d":"-16"},{"v":-52.9427875392263,"d":"-53"},{"v":2.19935262448571,"d":"2"},{"v":-61.395769999434,"d":"-61"},{"v":-54.2850941929474,"d":"-54"},{"v":-24.3533343433101,"d":"-24"},{"v":-3.30258858500816,"d":"-3"},{"v":-120.548203096898,"d":"-121"},{"v":13.9013729243079,"d":"14"},{"v":-12.3601063155099,"d":"-12"},null,23,{"v":-16.0783737407177,"d":"-16"},{"v":-53.0065379383598,"d":"-53"},{"v":2.197634308031,"d":"2"},{"v":-61.395769999434,"d":"-61"},{"v":-54.6592150842068,"d":"-55"},{"v":-24.3533846842093,"d":"-24"},{"v":-3.31570026146414,"d":"-3"},{"v":-120.54971932911,"d":"-121"},{"v":13.888764575682,"d":"14"},{"v":-12.3640495368434,"d":"-12"}]
[24,{"v":-16.9651225244977,"d":"-17"},{"v":-52.6974292795211,"d":"-53"},{"v":2.71142922910277,"d":"3"},{"v":-72.625193712769,"d":"-73"},{"v":-59.4110552446146,"d":"-59"},{"v":-24.8107711010591,"d":"-25"},{"v":-2.48984292027632,"d":"-2"},{"v":-128.975587325047,"d":"-129"},{"v":38.1670169195067,"d":"38"},{"v":-11.4170245533576,"d":"-11"},null,24,{"v":-17.5325637299087,"d":"-18"},{"v":-53.7803087450857,"d":"-54"},{"v":2.12098672570223,"d":"2"},{"v":-64.4658038670636,"d":"-64"},{"v":-57.3936324881709,"d":"-57"},{"v":-26.4465244222336,"d":"-26"},{"v":-3.99304620991055,"d":"-4"},{"v":-126.939580744536,"d":"-127"},{"v":14.4640731472817,"d":"14"},{"v":-12.6091367375239,"d":"-13"},null,24,{"v":-17.5413991336637,"d":"-18"},{"v":-53.8148911526527,"d":"-54"},{"v":2.1187530859463,"d":"2"},{"v":-64.4658038670636,"d":"-64"},{"v":-57.7643495493017,"d":"-58"},{"v":-26.4465247115307,"d":"-26"},{"v":-4.00828532673964,"d":"-4"},{"v":-126.940373651663,"d":"-127"},{"v":14.4575030725904,"d":"14"},{"v":-12.6111688527232,"d":"-13"}]
[25,{"v":-18.4285730430765,"d":"-18"},{"v":-53.0770227293444,"d":"-53"},{"v":2.6322426250938,"d":"3"},{"v":-75.6543846032294,"d":"-76"},{"v":-62.5053028242787,"d":"-63"},{"v":-26.8897897123811,"d":"-27"},{"v":-3.18387892524661,"d":"-3"},{"v":-135.232630463797,"d":"-135"},{"v":38.772852321447,"d":"39"},{"v":-11.6630890792749,"d":"-12"},null,25,{"v":-19.0200772409045,"d":"-19"},{"v":-54.2645468770038,"d":"-54"},{"v":2.06954545649791,"d":"2"},{"v":-67.2710902057585,"d":"-67"},{"v":-60.4457357365103,"d":"-60"},{"v":-28.5961422769174,"d":"-29"},{"v":-4.72260833837151,"d":"-5"},{"v":-133.267652850954,"d":"-133"},{"v":15.0376507643739,"d":"15"},{"v":-12.7693234513573,"d":"-13"},null,25,{"v":-19.0307103838667,"d":"-19"},{"v":-54.2645468780562,"d":"-54"},{"v":2.06672901529899,"d":"2"},{"v":-67.2710902057585,"d":"-67"},{"v":-60.8117700941605,"d":"-61"},{"v":-28.5961711416776,"d":"-29"},{"v":-4.74013476348675,"d":"-5"},{"v":-133.267653542157,"d":"-133"},{"v":15.0376507640052,"d":"15"},{"v":-12.7693234530121,"d":"-13"}]
[]
[]
["Relative CFs for lifetime impacts, considering 25 years after decommissioning"]
[{"$nulls":12},"Sandy seabed to scour protection",{"$nulls":11},"Sandy seabed to scour protection + 5m of foundation"]
[{"$nulls":12},"Unit: PDF.year/structure",{"$nulls":11},"Unit: PDF.year/structure"]
[{"$nulls":12},"Age, t [yr]","TOTAL","Porifera","Cnidaria","Worms","Mollusca","Arthropoda","Bryozoa","Echinodermata","Chordata","Aliens",null,"Age, t [yr]","TOTAL","Porifera","Cnidaria","Worms","Mollusca","Arthropoda","Bryozoa","Echinodermata","Chordata","Aliens"]
[{"$nulls":12},1,{"v":19.3218702584678,"d":"19"},null,{"v":13.2136443319042,"d":"13"},{"v":26.9446348692016,"d":"27"},{"v":20.4942941869012,"d":"20"},{"v":16.8530344518848,"d":"17"},{"v":-80.617219694209,"d":"-81"},{"v":18.4782050392799,"d":"18"},{"v":-129.533322741028,"d":"-130"},{"v":-273.147558640203,"d":"-273"},null,1,{"v":19.1423923734546,"d":"19"},null,{"v":12.8348259993546,"d":"13"},{"v":26.9446348692016,"d":"27"},{"v":19.9085027485476,"d":"20"},{"v":16.4776332758336,"d":"16"},{"v":-81.7921055490142,"d":"-82"},{"v":18.4782050331835,"d":"18"},{"v":-139.985010058109,"d":"-140"},{"v":-277.631763739167,"d":"-278"}]
[{"$nulls":12},2,{"v":18.0664950757876,"d":"18"},null,{"v":8.50866785385749,"d":"9"},{"v":26.7096560786199,"d":"27"},{"v":20.1687063901089,"d":"20"},{"v":14.587631748352,"d":"15"},{"v":-93.654844076347,"d":"-94"},{"v":18.25187187658,"d":"18"},{"v":-129.869880968488,"d":"-130"},{"v":-315.64334266242,"d":"-316"},null,2,{"v":17.9141843477989,"d":"18"},null,{"v":8.17911030048009,"d":"8"},{"v":26.7096560786199,"d":"27"},{"v":19.4674314114492,"d":"19"},{"v":14.2439808453032,"d":"14"},{"v":-94.588014406412,"d":"-95"},{"v":18.249716382308,"d":"18"},{"v":-145.74762664478,"d":"-146"},{"v":-320.346630761108,"d":"-320"}]
[{"$nulls":12},3,{"v":16.8130248214345,"d":"17"},null,{"v":3.91487502300333,"d":"4"},{"v":26.5027022977351,"d":"27"},{"v":19.8468650760013,"d":"20"},{"v":12.2881655264315,"d":"12"},{"v":-106.907134658839,"d":"-107"},{"v":18.0125697990982,"d":"18"},{"v":-132.722549013804,"d":"-133"},{"v":-356.782083806738,"d":"-357"},null,3,{"v":16.6856531510026,"d":"17"},null,{"v":3.63114857465001,"d":"4"},{"v":26.5027022977351,"d":"27"},{"v":19.0360782739679,"d":"19"},{"v":11.9748622866472,"d":"12"},{"v":-107.626396792068,"d":"-108"},{"v":18.0084462436137,"d":"18"},{"v":-153.516653456608,"d":"-154"},{"v":-361.669157091347,"d":"-362"}]
[{"$nulls":12},4,{"v":15.5637102045676,"d":"16"},null,{"v":-0.558390680170604,"d":"-1"},{"v":26.3266117146801,"d":"26"},{"v":19.5314243409928,"d":"20"},{"v":9.95697738586945,"d":"10"},{"v":-120.370102624449,"d":"-120"},{"v":17.7624396090179,"d":"18"},{"v":-138.039237812982,"d":"-138"},{"v":-396.473682229346,"d":"-396"},null,4,{"v":15.4590494922248,"d":"15"},null,{"v":-0.799715697647992,"d":"-1"},{"v":26.3266117146801,"d":"26"},{"v":18.617097432518,"d":"19"},{"v":9.67261919961163,"d":"10"},{"v":-120.903263888745,"d":"-121"},{"v":17.7565354192838,"d":"18"},{"v":-163.2400014296,"d":"-163"},{"v":-401.509242886073,"d":"-402"}]
[{"$nulls":12},5,{"v":14.3208019343462,"d":"14"},null,{"v":-4.90178577517666,"d":"-5"},{"v":26.1842225175877,"d":"26"},{"v":19.2250382814977,"d":"19"},{"v":7.59640892641188,"d":"8"},{"v":-134.039759155942,"d":"-134"},{"v":17.5036221085223,"d":"18"},{"v":-145.767858302028,"d":"-146"},{"v":-434.628038086436,"d":"-435"},null,5,{"v":14.2366240806246,"d":"14"},null,{"v":-5.10413903592623,"d":"-5"},{"v":26.1842225175877,"d":"26"},{"v":18.2131429835139,"d":"18"},{"v":7.33959318394256,"d":"7"},{"v":-134.414626879209,"d":"-134"},{"v":17.4961247115017,"d":"17"},{"v":-174.865581499761,"d":"-175"},{"v":-439.776788301477,"d":"-440"}]
[{"$nulls":12},6,{"v":13.0865507199295,"d":"13"},null,{"v":-9.10596678152714,"d":"-9"},{"v":26.0783728945908,"d":"26"},{"v":18.9303609939304,"d":"19"},{"v":5.20880174780489,"d":"5"},{"v":-147.912115436081,"d":"-148"},{"v":17.2382580997949,"d":"17"},{"v":-155.856321416947,"d":"-156"},{"v":-471.155051534198,"d":"-471"},null,6,{"v":13.0206276253614,"d":"13"},null,{"v":-9.27277795969703,"d":"-9"},{"v":26.0783728945908,"d":"26"},{"v":17.82686902337,"d":"18"},{"v":4.97812583938609,"d":"5"},{"v":-148.156496946223,"d":"-148"},{"v":17.2293549224508,"d":"17"},{"v":-188.341304603097,"d":"-188"},{"v":-476.381693493751,"d":"-476"}]
[{"$nulls":12},7,{"v":11.8632072704766,"d":"12"},null,{"v":-13.1615902187344,"d":"-13"},{"v":26.0119010338222,"d":"26"},{"v":18.6500465747053,"d":"19"},{"v":2.79649744979455,"d":"3"},{"v":-161.983182647631,"d":"-162"},{"v":16.968488385019,"d":"17"},{"v":-168.252538093745,"d":"-168"},{"v":-505.964622728822,"d":"-506"},null,7,{"v":11.8133108355942,"d":"12"},null,{"v":-13.2962889884727,"d":"-13"},{"v":26.0119010338222,"d":"26"},{"v":17.4609296485006,"d":"17"},{"v":2.59055876568829,"d":"3"},{"v":-162.124885272551,"d":"-162"},{"v":16.9583668543145,"d":"17"},{"v":-203.615081675613,"d":"-204"},{"v":-511.233858619084,"d":"-511"}]
[{"$nulls":12},8,{"v":10.6530222951467,"d":"11"},null,{"v":-17.0593126063107,"d":"-17"},{"v":25.9876451234146,"d":"26"},{"v":18.3867491202367,"d":"18"},{"v":0.361837632126943,"d":"0"},{"v":-176.248971973356,"d":"-176"},{"v":16.6964537663779,"d":"17"},{"v":-182.904419268427,"d":"-183"},{"v":-538.966651826499,"d":"-539"},null,8,{"v":10.6169244204823,"d":"11"},null,{"v":-17.1653286417656,"d":"-17"},{"v":25.9876451234146,"d":"26"},{"v":17.1179789553202,"d":"17"},{"v":0.179233562595245,"d":"0"},{"v":-176.315803040959,"d":"-176"},{"v":16.685301309276,"d":"17"},{"v":-220.634823653315,"d":"-221"},{"v":-544.243183833667,"d":"-544"}]
[{"$nulls":12},9,{"v":9.45824650309907,"d":"9"},null,{"v":-20.7897904637684,"d":"-21"},{"v":26.008443351501,"d":"26"},{"v":18.1431227269392,"d":"18"},{"v":-2.09283610545185,"d":"-2"},{"v":-190.705494596021,"d":"-191"},{"v":16.4242950460551,"d":"16"},{"v":-199.759875876998,"d":"-200"},{"v":-570.07103898342,"d":"-570"},null,9,{"v":9.43371908918491,"d":"9"},null,{"v":-20.8705534390881,"d":"-21"},{"v":26.008443351501,"d":"26"},{"v":16.8006710402431,"d":"17"},{"v":-2.25350817014697,"d":"-2"},{"v":-190.725261434209,"d":"-191"},{"v":16.4122990895188,"d":"16"},{"v":-239.348441472208,"d":"-239"},{"v":-575.31956929369,"d":"-575"}]
[{"$nulls":12},10,{"v":8.28113060349286,"d":"8"},null,{"v":-24.3436803106199,"d":"-24"},{"v":26.077133906214,"d":"26"},{"v":17.921821491227,"d":"18"},{"v":-4.56518216319574,"d":"-5"},{"v":-205.348761698389,"d":"-205"},{"v":16.1541530262338,"d":"16"},{"v":-218.766818855465,"d":"-219"},{"v":-599.187684355775,"d":"-599"},null,10,{"v":8.26594555086115,"d":"8"},null,{"v":-24.4026198999524,"d":"-24"},{"v":26.077133906214,"d":"26"},{"v":16.5116599996837,"d":"17"},{"v":-4.70532483279227,"d":"-5"},{"v":-205.349271635067,"d":"-205"},{"v":16.1415009972262,"d":"16"},{"v":-259.703846068298,"d":"-260"},{"v":-604.372915155344,"d":"-604"}]
[{"$nulls":12},11,{"v":7.12392530548726,"d":"7"},null,{"v":-27.7116386663775,"d":"-28"},{"v":26.1965549756866,"d":"26"},{"v":17.7254995095145,"d":"18"},{"v":-7.05285894135866,"d":"-7"},{"v":-220.174784463225,"d":"-220"},{"v":15.8881685090975,"d":"16"},{"v":-239.873159139833,"d":"-240"},{"v":-626.226488099755,"d":"-626"},null,11,{"v":7.11585451467026,"d":"7"},null,{"v":-27.7521845438709,"d":"-28"},{"v":26.1965549756866,"d":"26"},{"v":16.2535999300564,"d":"16"},{"v":-7.17387482559457,"d":"-7"},{"v":-220.183844826296,"d":"-220"},{"v":15.8750478345816,"d":"16"},{"v":-281.648948377591,"d":"-282"},{"v":-631.31312157482,"d":"-631"}]
[{"$nulls":12},12,{"v":5.98888131824146,"d":"6"},null,{"v":-30.8843220505534,"d":"-31"},{"v":26.3695447480516,"d":"26"},{"v":17.5568108782161,"d":"18"},{"v":-9.55352484019452,"d":"-10"},{"v":-235.179574073292,"d":"-235"},{"v":15.6284822968294,"d":"16"},{"v":-263.026807666106,"d":"-263"},{"v":-651.097350371551,"d":"-651"},null,12,{"v":5.9856966897714,"d":"6"},null,{"v":-30.9099038903559,"d":"-31"},{"v":26.3695447480516,"d":"26"},{"v":16.0291449277756,"d":"16"},{"v":-9.6568165488078,"d":"-10"},{"v":-235.224992190661,"d":"-235"},{"v":15.6150804037682,"d":"16"},{"v":-305.131659336091,"d":"-305"},{"v":-656.050088708308,"d":"-656"}]
[{"$nulls":12},13,{"v":4.87824935091467,"d":"5"},null,{"v":-33.85238698266,"d":"-34"},{"v":26.5989414114417,"d":"27"},{"v":17.4184096937462,"d":"17"},{"v":-12.0648382599572,"d":"-12"},{"v":-250.359141711356,"d":"-250"},{"v":15.3772351916129,"d":"15"},{"v":-288.175675370292,"d":"-288"},{"v":-673.710171327352,"d":"-674"},null,13,{"v":4.87772278532379,"d":"5"},null,{"v":-33.8664344589198,"d":"-34"},{"v":26.5989414114417,"d":"27"},{"v":15.8409490892557,"d":"16"},{"v":-12.1518084026859,"d":"-12"},{"v":-250.468724910925,"d":"-250"},{"v":15.3637395069696,"d":"15"},{"v":-330.099889879805,"d":"-330"},{"v":-678.493716711999,"d":"-678"}]
[{"$nulls":12},14,{"v":3.79428011266607,"d":"4"},null,{"v":-36.6064899822097,"d":"-37"},{"v":26.8875831539898,"d":"27"},{"v":17.3129500525192,"d":"17"},{"v":-14.5844576009007,"d":"-15"},{"v":-265.70949856018,"d":"-266"},{"v":15.1365679956314,"d":"15"},{"v":-315.267673188395,"d":"-315"},{"v":-693.974851123349,"d":"-694"},null,14,{"v":3.79418351048661,"d":"4"},null,{"v":-36.6124327690748,"d":"-37"},{"v":26.8875831539898,"d":"27"},{"v":15.691666510911,"d":"16"},{"v":-14.6565087874827,"d":"-15"},{"v":-265.911054169853,"d":"-266"},{"v":15.1231659463689,"d":"15"},{"v":-356.501550944738,"d":"-357"},{"v":-698.553905742083,"d":"-699"}]
[{"$nulls":12},15,{"v":2.73922431265486,"d":"3"},null,{"v":-39.1372875687148,"d":"-39"},{"v":27.2383081638288,"d":"27"},{"v":17.2430860509495,"d":"17"},{"v":-17.110041263279,"d":"-17"},{"v":-281.226655802528,"d":"-281"},{"v":14.9086215110683,"d":"15"},{"v":-344.250712056421,"d":"-344"},{"v":-711.801289915734,"d":"-712"},null,15,{"v":2.73732957441905,"d":"3"},null,{"v":-39.1385553403333,"d":"-39"},{"v":27.2383081638288,"d":"27"},{"v":15.5839512891559,"d":"16"},{"v":-17.1685761034523,"d":"-17"},{"v":-281.54799115021,"d":"-282"},{"v":14.8955005241496,"d":"15"},{"v":-384.284553466895,"d":"-384"},{"v":-716.140555954751,"d":"-716"}]
[{"$nulls":12},16,{"v":1.71533266004022,"d":"2"},null,{"v":-41.4354362616875,"d":"-41"},{"v":27.6539546290913,"d":"28"},{"v":17.2114717854515,"d":"17"},{"v":-19.6392476473458,"d":"-20"},{"v":-296.906624621165,"d":"-297"},{"v":14.6955365401069,"d":"15"},{"v":-375.072702910375,"d":"-375"},{"v":-727.099387860696,"d":"-727"},null,16,{"v":1.70941168628032,"d":"2"},null,{"v":-41.4354586922077,"d":"-41"},{"v":27.6539546290913,"d":"28"},{"v":15.5204575204049,"d":"16"},{"v":-19.6856687508484,"d":"-20"},{"v":-297.375547034759,"d":"-297"},{"v":14.6828840424951,"d":"15"},{"v":-413.396808382283,"d":"-413"},{"v":-731.163567506193,"d":"-731"}]
[{"$nulls":12},17,{"v":0.724855863981356,"d":"1"},null,{"v":-43.4915925806403,"d":"-43"},{"v":28.1373607379104,"d":"28"},{"v":17.2207613524395,"d":"17"},{"v":-22.1697351533552,"d":"-22"},{"v":-312.745416198855,"d":"-313"},{"v":14.4994538849305,"d":"14"},{"v":-407.681556686264,"d":"-408"},{"v":-739.779045114425,"d":"-740"},null,17,{"v":0.712680555229598,"d":"1"},null,{"v":-43.4937993442102,"d":"-43"},{"v":28.1373607379104,"d":"28"},{"v":15.5038393010723,"d":"16"},{"v":-22.2054451299251,"d":"-22"},{"v":-313.389733006265,"d":"-313"},{"v":14.4874573035886,"d":"14"},{"v":-443.786226626906,"d":"-444"},{"v":-743.5328405526,"d":"-744"}]
[{"$nulls":12},18,{"v":-0.229955366362539,"d":"-0"},null,{"v":-45.2964130450854,"d":"-45"},{"v":28.6913646784186,"d":"29"},{"v":17.2736088483279,"d":"17"},{"v":-24.699162181561,"d":"-25"},{"v":-328.739041718363,"d":"-329"},{"v":14.3225143477225,"d":"14"},{"v":-442.025184320092,"d":"-442"},{"v":-749.750161833114,"d":"-750"},null,18,{"v":-0.250613109573921,"d":"-0"},null,{"v":-45.3042338158531,"d":"-45"},{"v":28.6913646784186,"d":"29"},{"v":15.5367507275724,"d":"16"},{"v":-24.7255636409362,"d":"-25"},{"v":-329.586560247492,"d":"-330"},{"v":14.3113611096136,"d":"14"},{"v":-475.40071913677,"d":"-475"},{"v":-753.158275250163,"d":"-753"}]
[{"$nulls":12},19,{"v":-1.14685032183228,"d":"-1"},null,{"v":-46.8405541745351,"d":"-47"},{"v":29.318804638749,"d":"29"},{"v":17.3726683695311,"d":"17"},{"v":-27.2251871322173,"d":"-27"},{"v":-344.883512362451,"d":"-345"},{"v":14.1668587306663,"d":"14"},{"v":-478.051496747864,"d":"-478"},{"v":-756.922638172952,"d":"-757"},null,19,{"v":-1.17821859897104,"d":"-1"},null,{"v":-46.8574186266489,"d":"-47"},{"v":29.318804638749,"d":"29"},{"v":15.6218458963198,"d":"16"},{"v":-27.2436826841356,"d":"-27"},{"v":-345.962039941203,"d":"-346"},{"v":14.1567362627534,"d":"14"},{"v":-508.188196847881,"d":"-508"},{"v":-759.949771755071,"d":"-760"}]
[{"$nulls":12},20,{"v":-2.02357829326866,"d":"-2"},null,{"v":-48.1146724885019,"d":"-48"},{"v":30.0225188070343,"d":"30"},{"v":17.5205940124635,"d":"18"},{"v":-29.7454684055778,"d":"-30"},{"v":-361.174839313885,"d":"-361"},{"v":14.0346278359452,"d":"14"},{"v":-515.708404905588,"d":"-516"},{"v":-761.206374290129,"d":"-761"},null,20,{"v":-2.06788520380258,"d":"-2"},null,{"v":-48.1440102961098,"d":"-48"},{"v":30.0225188070343,"d":"30"},{"v":15.7617789037286,"d":"16"},{"v":-29.7574606597774,"d":"-30"},{"v":-362.512183270164,"d":"-363"},{"v":14.0257235651913,"d":"14"},{"v":-542.096570696244,"d":"-542"},{"v":-763.817230223517,"d":"-764"}]
[{"$nulls":12},21,{"v":-2.85788857151251,"d":"-3"},null,{"v":-49.109424506498,"d":"-49"},{"v":30.8053453714073,"d":"31"},{"v":17.7200398735395,"d":"18"},{"v":-32.2576644018965,"d":"-32"},{"v":-377.609033755429,"d":"-378"},{"v":13.9279624657426,"d":"14"},{"v":-554.943819729267,"d":"-555"},{"v":-762.511270340837,"d":"-763"},null,21,{"v":-2.91736221490932,"d":"-3"},null,{"v":-49.1546653437481,"d":"-49"},{"v":30.8053453714073,"d":"31"},{"v":15.9592038462135,"d":"16"},{"v":-32.2645559681153,"d":"-32"},{"v":-379.233001417139,"d":"-379"},{"v":13.9204638191107,"d":"14"},{"v":-577.073751617864,"d":"-577"},{"v":-764.670550811689,"d":"-765"}]
[{"$nulls":12},22,{"v":-3.64753044740461,"d":"-4"},null,{"v":-49.8154667480357,"d":"-50"},{"v":31.6701225200008,"d":"32"},{"v":17.9736600491734,"d":"18"},{"v":-34.7594335214274,"d":"-35"},{"v":-394.182106869847,"d":"-394"},{"v":13.8490034222418,"d":"14"},{"v":-595.705652154909,"d":"-596"},{"v":-760.747226481265,"d":"-761"},null,22,{"v":-3.72439892313208,"d":"-4"},null,{"v":-49.8800402890762,"d":"-50"},{"v":31.6701225200008,"d":"32"},{"v":16.2167748201886,"d":"16"},{"v":-34.7626270094034,"d":"-35"},{"v":-396.120505564891,"d":"-396"},{"v":13.843097826695,"d":"14"},{"v":-613.067650548748,"d":"-613"},{"v":-762.419633675778,"d":"-762"}]
[{"$nulls":12},23,{"v":-4.3902532117858,"d":"-4"},null,{"v":-50.2234557326274,"d":"-50"},{"v":32.6196884409477,"d":"33"},{"v":18.2841086357797,"d":"18"},{"v":-37.2484341644244,"d":"-37"},{"v":-410.890069839903,"d":"-411"},{"v":13.7998915076262,"d":"14"},{"v":-637.941813118517,"d":"-638"},{"v":-755.824142867605,"d":"-756"},null,23,{"v":-4.48674461931169,"d":"-4"},null,{"v":-50.3107916516064,"d":"-50"},{"v":32.6196884409477,"d":"33"},{"v":16.5371459220685,"d":"17"},{"v":-37.2493321838956,"d":"-37"},{"v":-413.170706896185,"d":"-413"},{"v":13.7957663901276,"d":"14"},{"v":-650.026178424901,"d":"-650"},{"v":-756.974378971977,"d":"-757"}]
[{"$nulls":12},24,{"v":-5.08380615549685,"d":"-5"},null,{"v":-50.3240479797854,"d":"-50"},{"v":33.6568813223808,"d":"34"},{"v":18.6540397297727,"d":"19"},{"v":-39.7223247311413,"d":"-40"},{"v":-427.728933848361,"d":"-428"},{"v":13.7827675240791,"d":"14"},{"v":-681.600213556098,"d":"-682"},{"v":-747.651919656046,"d":"-748"},null,24,{"v":-5.20214859428893,"d":"-5"},null,{"v":-50.4375759508511,"d":"-50"},{"v":33.6568813223808,"d":"34"},{"v":16.9229712482674,"d":"17"},{"v":-39.7223298918457,"d":"-40"},{"v":-430.379616593785,"d":"-430"},{"v":13.7806103115916,"d":"14"},{"v":-687.897246182328,"d":"-688"},{"v":-748.244686856473,"d":"-748"}]
[{"$nulls":12},25,{"v":-5.72593856937861,"d":"-6"},null,{"v":-50.107900009022,"d":"-50"},{"v":34.7845393524329,"d":"35"},{"v":19.0861074275668,"d":"19"},{"v":-42.1787636218322,"d":"-42"},{"v":-444.694710077986,"d":"-445"},{"v":13.799772273784,"d":"14"},{"v":-726.628764403657,"d":"-727"},{"v":-736.14045700278,"d":"-736"},null,25,{"v":-5.86836013890462,"d":"-6"},null,{"v":-50.2510497063224,"d":"-50"},{"v":34.7845393524329,"d":"35"},{"v":17.3769048951998,"d":"17"},{"v":-42.1792785335076,"d":"-42"},{"v":-447.743245840456,"d":"-448"},{"v":13.7997703932707,"d":"14"},{"v":-726.628764757035,"d":"-727"},{"v":-736.140457485459,"d":"-736"}]
[]
["Hard seabed to sandy seabed",{"$nulls":11},"Hard seabed to scour protection",{"$nulls":11},"Hard seabed to scour protection + 5m of foundation"]
["Unit: PDF.year/structure",{"$nulls":11},"Unit: PDF.year/structure",{"$nulls":11},"Unit: PDF.year/structure"]
["Age, t [yr]","TOTAL","Porifera","Cnidaria","Worms","Mollusca","Arthropoda","Bryozoa","Echinodermata","Chordata","Aliens",null,"Age, t [yr]","TOTAL","Porifera","Cnidaria","Worms","Mollusca","Arthropoda","Bryozoa","Echinodermata","Chordata","Aliens",null,"Age, t [yr]","TOTAL","Porifera","Cnidaria","Worms","Mollusca","Arthropoda","Bryozoa","Echinodermata","Chordata","Aliens"]
[1,{"v":-21.2173049962478,"d":"-21"},{"v":23.6535132795101,"d":"24"},{"v":13.375179122914,"d":"13"},{"v":-281.065399313385,"d":"-281"},{"v":-109.097481447676,"d":"-109"},{"v":-9.77419811379167,"d":"-10"},{"v":21.830362490288,"d":"22"},{"v":-206.822241823299,"d":"-207"},{"v":25.0210601717622,"d":"25"},{"v":22.8076799891785,"d":"23"},null,1,{"v":13.5353311126814,"d":"14"},{"v":-26.1468077066588,"d":"-26"},{"v":19.7107762770748,"d":"20"},{"v":37.6059049623544,"d":"38"},{"v":-3.47686790397099,"d":"-3"},{"v":13.1810554938674,"d":"13"},{"v":10.6760964725222,"d":"11"},{"v":-43.117957352471,"d":"-43"},{"v":21.9430671236249,"d":"22"},{"v":0.361676037950048,"d":"0"},null,1,{"v":13.20033726023,"d":"13"},{"v":-9.53678849960328,"d":"-10"},{"v":19.5244469346419,"d":"20"},{"v":37.6059049623544,"d":"38"},{"v":-6.61312280639328,"d":"-7"},{"v":12.6549524033918,"d":"13"},{"v":10.5072322163873,"d":"11"},{"v":-43.1179574084907,"d":"-43"},{"v":21.6704451983488,"d":"22"},{"v":-0.0226409979705894,"d":"-0"}]
[2,{"v":-20.9001638074325,"d":"-21"},{"v":22.022303572627,"d":"22"},{"v":13.9629583740141,"d":"14"},{"v":-280.550147716285,"d":"-281"},{"v":-109.629953233022,"d":"-110"},{"v":-9.64761372146505,"d":"-10"},{"v":22.2007707046804,"d":"22"},{"v":-209.318451011806,"d":"-209"},{"v":25.6757904498292,"d":"26"},{"v":22.6609908260579,"d":"23"},null,2,{"v":10.3256936907025,"d":"10"},{"v":-23.4858822532806,"d":"-23"},{"v":17.9046699606372,"d":"18"},{"v":23.4327974037385,"d":"23"},{"v":-9.57390100156188,"d":"-10"},{"v":9.60478199348368,"d":"10"},{"v":9.65849366498497,"d":"10"},{"v":-53.386762695085,"d":"-53"},{"v":22.9082043243315,"d":"23"},{"v":-2.36611303983481,"d":"-2"},null,2,{"v":10.0414070916329,"d":"10"},{"v":-9.12459147853814,"d":"-9"},{"v":17.7425705136508,"d":"18"},{"v":23.4327974037385,"d":"23"},{"v":-13.3284404942335,"d":"-13"},{"v":9.12317507887446,"d":"9"},{"v":9.52437075169166,"d":"10"},{"v":-53.4065695845232,"d":"-53"},{"v":22.4940490339946,"d":"22"},{"v":-2.7692064981573,"d":"-3"}]
[3,{"v":-20.7066498610173,"d":"-21"},{"v":20.1346326363946,"d":"20"},{"v":14.4711855628084,"d":"14"},{"v":-280.572576085386,"d":"-281"},{"v":-110.430113317637,"d":"-110"},{"v":-9.65302289837597,"d":"-10"},{"v":22.5185923738775,"d":"23"},{"v":-212.194565438142,"d":"-212"},{"v":26.3134492549079,"d":"26"},{"v":22.425039306195,"d":"22"},null,3,{"v":7.11961180025258,"d":"7"},{"v":-21.3817768211054,"d":"-21"},{"v":16.1532515357049,"d":"16"},{"v":9.60400870282825,"d":"10"},{"v":-15.6508758942742,"d":"-16"},{"v":5.98077043728263,"d":"6"},{"v":8.61003726593343,"d":"9"},{"v":-63.774739711945,"d":"-64"},{"v":23.8077112892741,"d":"24"},{"v":-4.97759729102462,"d":"-5"},null,3,{"v":6.88187372701859,"d":"7"},{"v":-9.13385410497248,"d":"-9"},{"v":16.0136950306205,"d":"16"},{"v":9.60400870282825,"d":"10"},{"v":-19.9917281434012,"d":"-20"},{"v":5.54169402191183,"d":"6"},{"v":8.5066589976558,"d":"9"},{"v":-63.8126311638671,"d":"-64"},{"v":23.2653176435776,"d":"23"},{"v":-5.39644198648736,"d":"-5"}]
[4,{"v":-20.6325622286708,"d":"-21"},{"v":18.0187622278567,"d":"18"},{"v":14.9044564662848,"d":"15"},{"v":-281.097814077861,"d":"-281"},{"v":-111.48375199761,"d":"-111"},{"v":-9.78714402757262,"d":"-10"},{"v":22.7844008034925,"d":"23"},{"v":-215.43091321883,"d":"-215"},{"v":26.9353952787085,"d":"27"},{"v":22.1075474012984,"d":"22"},null,4,{"v":3.92128636966298,"d":"4"},{"v":-19.8062296530892,"d":"-20"},{"v":14.4611167792657,"d":"14"},{"v":-3.84559079755018,"d":"-4"},{"v":-21.6935828781995,"d":"-22"},{"v":2.31230244221608,"d":"2"},{"v":7.53130058098074,"d":"8"},{"v":-74.2622165195735,"d":"-74"},{"v":24.6429467101627,"d":"25"},{"v":-7.46505474391076,"d":"-7"},null,4,{"v":3.72593809471831,"d":"4"},{"v":-9.53631462186244,"d":"-10"},{"v":14.342416262539,"d":"14"},{"v":-3.84559079755018,"d":"-4"},{"v":-26.5887760499878,"d":"-27"},{"v":1.91379084945572,"d":"2"},{"v":7.45467025989291,"d":"7"},{"v":-74.3164702630447,"d":"-74"},{"v":23.9856097188079,"d":"24"},{"v":-7.89662549125218,"d":"-8"}]
[5,{"v":-20.673699982062,"d":"-21"},{"v":15.7029541040572,"d":"16"},{"v":15.2673668614311,"d":"15"},{"v":-282.090991350885,"d":"-282"},{"v":-112.776659569034,"d":"-113"},{"v":-10.0466954921031,"d":"-10"},{"v":22.9987692991385,"d":"23"},{"v":-219.007822470391,"d":"-219"},{"v":27.5429872129407,"d":"28"},{"v":21.7162370830767,"d":"22"},null,5,{"v":0.734918327264935,"d":"1"},{"v":-18.7309789921882,"d":"-19"},{"v":12.8328614683074,"d":"13"},{"v":-16.8811307545704,"d":"-17"},{"v":-27.6878122494294,"d":"-28"},{"v":-1.39734037476412,"d":"-1"},{"v":6.42285691574008,"d":"6"},{"v":-84.8295212344931,"d":"-85"},{"v":25.4152692787073,"d":"25"},{"v":-9.82076342678464,"d":"-10"},null,5,{"v":0.57780112306332,"d":"1"},{"v":-10.3037112721642,"d":"-10"},{"v":12.733329986394,"d":"13"},{"v":-16.8811307545704,"d":"-17"},{"v":-33.105374510085,"d":"-33"},{"v":-1.75725282154203,"d":"-2"},{"v":6.36897784401616,"d":"6"},{"v":-84.8984149985787,"d":"-85"},{"v":24.6562839513951,"d":"25"},{"v":-10.2620350407432,"d":"-10"}]
[6,{"v":-20.8258621928594,"d":"-21"},{"v":13.2154700220399,"d":"13"},{"v":15.5645125252351,"d":"16"},{"v":-283.517237561631,"d":"-284"},{"v":-114.294626328001,"d":"-114"},{"v":-10.4283956750157,"d":"-10"},{"v":23.1622711664286,"d":"23"},{"v":-222.905621309347,"d":"-223"},{"v":28.1375837493144,"d":"28"},{"v":21.2588303232386,"d":"21"},null,6,{"v":-2.43529139861032,"d":"-2"},{"v":-18.1277630813586,"d":"-18"},{"v":11.2730813798179,"d":"11"},{"v":-29.467740825406,"d":"-29"},{"v":-33.6193543040553,"d":"-34"},{"v":-5.14487639670613,"d":"-5"},{"v":5.28527957582459,"d":"5"},{"v":-95.456981973226,"d":"-95"},{"v":26.1260376866176,"d":"26"},{"v":-12.0370013679377,"d":"-12"},null,6,{"v":-2.55833625961514,"d":"-3"},{"v":-11.4077822988338,"d":"-11"},{"v":11.1910319791734,"d":"11"},{"v":-29.467740825406,"d":"-29"},{"v":-39.5273138197841,"d":"-40"},{"v":-5.46815537412959,"d":"-5"},{"v":5.25015505563871,"d":"5"},{"v":-95.5387934869914,"d":"-96"},{"v":25.2786990330493,"d":"25"},{"v":-12.4849486632517,"d":"-12"}]
[7,{"v":-21.0848479327319,"d":"-21"},{"v":10.5845717388487,"d":"11"},{"v":15.8004892346848,"d":"16"},{"v":-285.341682367273,"d":"-285"},{"v":-116.023442570602,"d":"-116"},{"v":-10.9289629593584,"d":"-11"},{"v":23.2754797109762,"d":"23"},{"v":-227.104637852223,"d":"-227"},{"v":28.7205435795395,"d":"29"},{"v":20.7430490934925,"d":"21"},null,7,{"v":-5.58514187963151,"d":"-6"},{"v":-17.9683201635564,"d":"-18"},{"v":9.78637229078512,"d":"10"},{"v":-41.5705506672308,"d":"-42"},{"v":-39.4739993381688,"d":"-39"},{"v":-8.92702400665812,"d":"-9"},{"v":4.11914186684743,"d":"4"},{"v":-106.124926852295,"d":"-106"},{"v":26.7766106256035,"d":"27"},{"v":-14.1060465956612,"d":"-14"},null,7,{"v":-5.6782731249858,"d":"-6"},{"v":-12.8202659448275,"d":"-13"},{"v":9.72011801786504,"d":"10"},{"v":-41.5705506672308,"d":"-42"},{"v":-45.8403842751769,"d":"-46"},{"v":-9.2156351913551,"d":"-9"},{"v":4.0987752003737,"d":"4"},{"v":-106.217933844805,"d":"-106"},{"v":25.8542136554803,"d":"26"},{"v":-14.5576443870692,"d":"-15"}]
[8,{"v":-21.4464562733481,"d":"-21"},{"v":7.83852101152733,"d":"8"},{"v":15.9798927667679,"d":"16"},{"v":-287.529455424984,"d":"-288"},{"v":-117.948898592928,"d":"-118"},{"v":-11.5451157281796,"d":"-12"},{"v":23.3389682383942,"d":"23"},{"v":-231.585200215539,"d":"-232"},{"v":29.2932253953258,"d":"29"},{"v":20.1766153655471,"d":"20"},null,8,{"v":-8.71043218746739,"d":"-9"},{"v":-18.224388481738,"d":"-18"},{"v":8.37732997819676,"d":"8"},{"v":-53.1546899372183,"d":"-53"},{"v":-45.2375376478615,"d":"-45"},{"v":-12.7405015876682,"d":"-13"},{"v":2.92501709442177,"d":"3"},{"v":-116.813683988222,"d":"-117"},{"v":27.368346787375,"d":"27"},{"v":-16.0201771382467,"d":"-16"},null,8,{"v":-8.77780854471743,"d":"-9"},{"v":-14.5129004531014,"d":"-15"},{"v":8.32518387945674,"d":"8"},{"v":-53.1546899372183,"d":"-53"},{"v":-52.0303761723547,"d":"-52"},{"v":-12.9964106562668,"d":"-13"},{"v":2.91541158383431,"d":"3"},{"v":-116.916164188543,"d":"-117"},{"v":26.3841865103979,"d":"26"},{"v":-16.472400240487,"d":"-16"}]
[9,{"v":-21.9064862863769,"d":"-22"},{"v":5.00557959711979,"d":"5"},{"v":16.1073188984723,"d":"16"},{"v":-290.045686391938,"d":"-290"},{"v":-120.056784691071,"d":"-120"},{"v":-12.2735723645272,"d":"-12"},{"v":23.3533100542958,"d":"23"},{"v":-236.327636515819,"d":"-236"},{"v":29.8569878883834,"d":"30"},{"v":19.5672511111111,"d":"20"},null,9,{"v":-11.8069613937867,"d":"-12"},{"v":-18.8677062788593,"d":"-19"},{"v":7.05055021904072,"d":"7"},{"v":-64.1852882925423,"d":"-64"},{"v":-50.8957595292249,"d":"-51"},{"v":-16.5820275227847,"d":"-17"},{"v":1.70347856416076,"d":"2"},{"v":-127.50358149753,"d":"-128"},{"v":27.902604863642,"d":"28"},{"v":-17.7716710239855,"d":"-18"},null,9,{"v":-11.8527415904787,"d":"-12"},{"v":-16.4574240666117,"d":"-16"},{"v":7.01082534093635,"d":"7"},{"v":-64.1852882925423,"d":"-64"},{"v":-58.0830798074093,"d":"-58"},{"v":-16.8072001519127,"d":"-17"},{"v":1.70063751163368,"d":"2"},{"v":-127.613812634726,"d":"-128"},{"v":26.8699762895122,"d":"27"},{"v":-18.2214942517966,"d":"-18"}]
[10,{"v":-22.460737043487,"d":"-22"},{"v":2.11400925266986,"d":"2"},{"v":16.1873634067857,"d":"16"},{"v":-292.855504925309,"d":"-293"},{"v":-122.332891161122,"d":"-122"},{"v":-13.1110512514495,"d":"-13"},{"v":23.3190784642943,"d":"23"},{"v":-241.312274869585,"d":"-241"},{"v":30.413189750422,"d":"30"},{"v":18.9226783018929,"d":"19"},null,10,{"v":-14.8705285702582,"d":"-15"},{"v":-19.8700117978766,"d":"-20"},{"v":5.81062879030483,"d":"6"},{"v":-74.6274753903763,"d":"-75"},{"v":-56.4344552783505,"d":"-56"},{"v":-20.4483201950556,"d":"-20"},{"v":0.455099581677563,"d":"0"},{"v":-138.174947496742,"d":"-138"},{"v":28.3807435461142,"d":"28"},{"v":-19.3528062811691,"d":"-19"},null,10,{"v":-14.8988713339385,"d":"-15"},{"v":-18.6255750283145,"d":"-19"},{"v":5.78163817929171,"d":"6"},{"v":-74.6274753903763,"d":"-75"},{"v":-63.984285476432,"d":"-64"},{"v":-20.6447220613411,"d":"-21"},{"v":0.455026289384985,"d":"0"},{"v":-138.291207299879,"d":"-138"},{"v":27.3129416845329,"d":"27"},{"v":-19.7972044492893,"d":"-20"}]
[11,{"v":-23.1050076163471,"d":"-23"},{"v":-0.807928264778571,"d":"-1"},{"v":16.2246220686962,"d":"16"},{"v":-295.92404068227,"d":"-296"},{"v":-124.763008299174,"d":"-125"},{"v":-14.0542707719947,"d":"-14"},{"v":23.2368467740028,"d":"23"},{"v":-246.519443393359,"d":"-247"},{"v":30.9631896731515,"d":"31"},{"v":18.2506189096013,"d":"18"},null,11,{"v":-17.8969327885506,"d":"-18"},{"v":-21.2030432817459,"d":"-21"},{"v":4.66216146897693,"d":"5"},{"v":-84.4463808878942,"d":"-84"},{"v":-61.8394151913299,"d":"-62"},{"v":-24.3360979875291,"d":"-24"},{"v":-0.81954654741468,"d":"-1"},{"v":-148.808110102379,"d":"-149"},{"v":28.8041215265017,"d":"29"},{"v":-20.7558609380888,"d":"-21"},null,11,{"v":-17.9119968467655,"d":"-18"},{"v":-20.9890915811659,"d":"-21"},{"v":4.64221817151066,"d":"5"},{"v":-84.4463808878942,"d":"-84"},{"v":-69.7197834755145,"d":"-70"},{"v":-24.5056947676001,"d":"-25"},{"v":-0.820848777298632,"d":"-1"},{"v":-148.928676300522,"d":"-149"},{"v":27.7144413871699,"d":"28"},{"v":-21.1918088612566,"d":"-21"}]
[12,{"v":-23.835097076626,"d":"-24"},{"v":-3.73197119818168,"d":"-4"},{"v":16.2236906611914,"d":"16"},{"v":-299.216423319995,"d":"-299"},{"v":-127.332926401317,"d":"-127"},{"v":-15.0999493092109,"d":"-15"},{"v":23.1071882890344,"d":"23"},{"v":-251.929470203663,"d":"-252"},{"v":31.5083463482819,"d":"32"},{"v":17.5587949059448,"d":"18"},null,12,{"v":-20.8819731203327,"d":"-21"},{"v":-22.8385389734235,"d":"-23"},{"v":3.60974403204487,"d":"4"},{"v":-93.6071344422694,"d":"-94"},{"v":-67.0964295642546,"d":"-67"},{"v":-28.2420792832534,"d":"-28"},{"v":-2.11988651750278,"d":"-2"},{"v":-159.383397430964,"d":"-159"},{"v":29.1740974965142,"d":"29"},{"v":-21.973113023036,"d":"-22"},null,12,{"v":-20.8879172006284,"d":"-21"},{"v":-23.5197119681222,"d":"-24"},{"v":3.59716109458104,"d":"4"},{"v":-93.6071344422694,"d":"-94"},{"v":-75.2753641007483,"d":"-75"},{"v":-28.3868366537379,"d":"-28"},{"v":-2.126414382804,"d":"-2"},{"v":-159.506547753179,"d":"-160"},{"v":28.0758340891331,"d":"28"},{"v":-22.3975855159898,"d":"-22"}]
[13,{"v":-24.6468044959924,"d":"-25"},{"v":-6.62985779049561,"d":"-7"},{"v":16.1891649612593,"d":"16"},{"v":-302.697782495658,"d":"-303"},{"v":-130.028435763643,"d":"-130"},{"v":-16.2448052461462,"d":"-16"},{"v":22.9306763150022,"d":"23"},{"v":-257.522683417021,"d":"-258"},{"v":32.0500184675229,"d":"32"},{"v":16.854928262632,"d":"17"},null,13,{"v":-23.8214486372733,"d":"-24"},{"v":-24.7482371158656,"d":"-25"},{"v":2.65797225649648,"d":"3"},{"v":-102.074865710676,"d":"-102"},{"v":-72.1912886932163,"d":"-72"},{"v":-32.1629824652766,"d":"-32"},{"v":-3.44534702297359,"d":"-3"},{"v":-169.88113759902,"d":"-170"},{"v":29.4920301478616,"d":"29"},{"v":-22.9968405643022,"d":"-23"},null,13,{"v":-23.822431467196,"d":"-24"},{"v":-26.1891744321394,"d":"-26"},{"v":2.65106272549068,"d":"3"},{"v":-102.074865710676,"d":"-102"},{"v":-80.636817648225,"d":"-81"},{"v":-32.2848661028026,"d":"-32"},{"v":-3.46109722151797,"d":"-3"},{"v":-170.005149774371,"d":"-170"},{"v":28.3984784821325,"d":"28"},{"v":-23.4068124417804,"d":"-23"}]
[14,{"v":-25.535928946115,"d":"-26"},{"v":-9.4733262846765,"d":"-9"},{"v":16.1256407458877,"d":"16"},{"v":-306.333247866432,"d":"-306"},{"v":-132.835326682244,"d":"-133"},{"v":-17.4855569658489,"d":"-17"},{"v":22.7078841575196,"d":"23"},{"v":-263.279411149955,"d":"-263"},{"v":32.5895647225845,"d":"33"},{"v":16.1467409513716,"d":"16"},null,14,{"v":-26.7111584110409,"d":"-27"},{"v":-26.9038759520281,"d":"-27"},{"v":1.8114419193196,"d":"2"},{"v":-109.814704350287,"d":"-110"},{"v":-77.1097828743063,"d":"-77"},{"v":-36.095525916647,"d":"-36"},{"v":-4.79535475821397,"d":"-5"},{"v":-180.28165872307,"d":"-180"},{"v":29.7592781722539,"d":"30"},{"v":-23.8193215901786,"d":"-24"},null,14,{"v":-26.711338718137,"d":"-27"},{"v":-28.9692172161737,"d":"-29"},{"v":1.80851884122743,"d":"2"},{"v":-109.814704350287,"d":"-110"},{"v":-85.789934414036,"d":"-86"},{"v":-36.1965014978424,"d":"-36"},{"v":-4.82432398782737,"d":"-5"},{"v":-180.404810480622,"d":"-180"},{"v":28.6837332578778,"d":"29"},{"v":-24.2117676669197,"d":"-24"}]
[15,{"v":-26.4982694986627,"d":"-26"},{"v":-12.2341149236805,"d":"-12"},{"v":16.0377137920644,"d":"16"},{"v":-310.087949089491,"d":"-310"},{"v":-135.739389453211,"d":"-136"},{"v":-18.8189228513671,"d":"-19"},{"v":22.4393851221995,"d":"22"},{"v":-269.179981518987,"d":"-269"},{"v":33.1283438051766,"d":"33"},{"v":15.441954943872,"d":"15"},null,15,{"v":-29.5469015133045,"d":"-30"},{"v":-29.2771937248673,"d":"-29"},{"v":1.07474879750207,"d":"1"},{"v":-116.791780018276,"d":"-117"},{"v":-81.8377024036162,"d":"-82"},{"v":-40.0364280204126,"d":"-40"},{"v":-6.16933641761074,"d":"-6"},{"v":-190.565288919634,"d":"-191"},{"v":29.9772002614009,"d":"30"},{"v":-24.4328341289568,"d":"-24"},null,15,{"v":-29.5504380251202,"d":"-30"},{"v":-31.8315785631813,"d":"-32"},{"v":1.07412521877913,"d":"1"},{"v":-116.791780018276,"d":"-117"},{"v":-90.7205046942729,"d":"-91"},{"v":-40.1184612219054,"d":"-40"},{"v":-6.21552137611906,"d":"-6"},{"v":-190.685857988454,"d":"-191"},{"v":28.9329571080789,"d":"29"},{"v":-24.8047292196992,"d":"-25"}]
[16,{"v":-27.5296252253041,"d":"-28"},{"v":-14.8839619504638,"d":"-15"},{"v":15.9299798767772,"d":"16"},{"v":-313.927015822008,"d":"-314"},{"v":-138.726414372636,"d":"-139"},{"v":-20.2416212857489,"d":"-20"},{"v":22.1257525146552,"d":"22"},{"v":-275.20472264064,"d":"-275"},{"v":33.667714407009,"d":"34"},{"v":14.748292211842,"d":"15"},null,16,{"v":-32.3244770157328,"d":"-32"},{"v":-31.8399286773394,"d":"-32"},{"v":0.452488668031743,"d":"0"},{"v":-122.971222371818,"d":"-123"},{"v":-86.3608375772377,"d":"-86"},{"v":-43.9824071596216,"d":"-44"},{"v":-7.56671869555075,"d":"-8"},{"v":-200.712356305237,"d":"-201"},{"v":30.1471551070126,"d":"30"},{"v":-24.8296562089282,"d":"-25"},null,16,{"v":-32.3355284598143,"d":"-32"},{"v":-34.7479967161182,"d":"-35"},{"v":0.452477635133618,"d":"0"},{"v":-122.971222371818,"d":"-123"},{"v":-95.4143187850273,"d":"-95"},{"v":-44.0474636580399,"d":"-44"},{"v":-7.63411608077987,"d":"-8"},{"v":-200.82862041439,"d":"-201"},{"v":29.1475087244459,"d":"29"},{"v":-25.1779751284102,"d":"-25"}]
[17,{"v":-28.6257951977081,"d":"-29"},{"v":-17.3946056079825,"d":"-17"},{"v":15.807034777014,"d":"16"},{"v":-317.815577721158,"d":"-318"},{"v":-141.78219173661,"d":"-142"},{"v":-21.7503706520425,"d":"-22"},{"v":21.7675596404998,"d":"22"},{"v":-281.333962631436,"d":"-281"},{"v":34.2090352197916,"d":"34"},{"v":14.0734747269901,"d":"14"},null,17,{"v":-35.0396839899944,"d":"-35"},{"v":-34.5638190524005,"d":"-35"},{"v":-0.0507426921035554,"d":"-0"},{"v":-128.318161068085,"d":"-128"},{"v":-90.6649786912621,"d":"-91"},{"v":-47.9301817173223,"d":"-48"},{"v":-8.98692828642084,"d":"-9"},{"v":-210.703188996401,"d":"-211"},{"v":30.2705014007987,"d":"30"},{"v":-25.002065858384,"d":"-25"},null,17,{"v":-35.0624090938881,"d":"-35"},{"v":-37.6902099179407,"d":"-38"},{"v":-0.0518281327212744,"d":"-0"},{"v":-128.318161068085,"d":"-128"},{"v":-99.8571669823907,"d":"-100"},{"v":-47.980227189294,"d":"-48"},{"v":-9.07953479619664,"d":"-9"},{"v":-210.813425874951,"d":"-211"},{"v":29.3287467986884,"d":"29"},{"v":-25.3237834213441,"d":"-25"}]
[18,{"v":-29.7825784875432,"d":"-30"},{"v":-19.7377841391927,"d":"-20"},{"v":15.6734742697627,"d":"16"},{"v":-321.718764444114,"d":"-322"},{"v":-144.892511841225,"d":"-145"},{"v":-23.3418893332961,"d":"-23"},{"v":21.3653798053465,"d":"21"},{"v":-287.548029607897,"d":"-288"},{"v":34.7536649352344,"d":"35"},{"v":13.4252244610249,"d":"13"},null,18,{"v":-37.6883215077582,"d":"-38"},{"v":-37.4206030930067,"d":"-37"},{"v":-0.430349505915982,"d":"-0"},{"v":-132.797725764252,"d":"-133"},{"v":-94.7359160417812,"d":"-95"},{"v":-51.8764700765627,"d":"-52"},{"v":-10.4293918846079,"d":"-10"},{"v":-220.518115109647,"d":"-221"},{"v":30.3485978344692,"d":"30"},{"v":-24.9423411056158,"d":"-25"},null,18,{"v":-37.7268789990103,"d":"-38"},{"v":-40.6299564116049,"d":"-41"},{"v":-0.434196307797687,"d":"-0"},{"v":-132.797725764252,"d":"-133"},{"v":-104.034839582455,"d":"-104"},{"v":-51.9134701987158,"d":"-52"},{"v":-10.5512042167562,"d":"-11"},{"v":-220.62060248666,"d":"-221"},{"v":29.4780300225165,"d":"29"},{"v":-25.2344321267924,"d":"-25"}]
[19,{"v":-30.9957741664784,"d":"-31"},{"v":-21.8852357870506,"d":"-22"},{"v":15.533894132011,"d":"16"},{"v":-325.60170564805,"d":"-326"},{"v":-148.043164982573,"d":"-148"},{"v":-25.0128957125579,"d":"-25"},{"v":20.9197863148085,"d":"21"},{"v":-293.827251686547,"d":"-294"},{"v":35.3029622450472,"d":"35"},{"v":12.811263385655,"d":"13"},null,19,{"v":-40.2661886406929,"d":"-40"},{"v":-40.3820190421141,"d":"-40"},{"v":-0.681735996417697,"d":"-1"},{"v":-136.375046117492,"d":"-136"},{"v":-98.5594399248864,"d":"-99"},{"v":-55.817990620391,"d":"-56"},{"v":-11.8935361844986,"d":"-12"},{"v":-230.137462761499,"d":"-230"},{"v":30.3828030997339,"d":"30"},{"v":-24.6427599789149,"d":"-25"},null,19,{"v":-40.3247372468496,"d":"-40"},{"v":-43.5389744400669,"d":"-44"},{"v":-0.690031113107795,"d":"-1"},{"v":-136.375046117492,"d":"-136"},{"v":-107.933126881311,"d":"-108"},{"v":-55.8439110693536,"d":"-56"},{"v":-12.0485510368454,"d":"-12"},{"v":-230.230478366041,"d":"-230"},{"v":29.59671708764,"d":"30"},{"v":-24.9021992730464,"d":"-25"}]
[20,{"v":-32.2611813061823,"d":"-32"},{"v":-23.8086987945124,"d":"-24"},{"v":15.3928901407469,"d":"15"},{"v":-329.429530990139,"d":"-329"},{"v":-151.219941456744,"d":"-151"},{"v":-26.760108172876,"d":"-27"},{"v":20.4313524744988,"d":"20"},{"v":-300.151956983907,"d":"-300"},{"v":35.8582858409398,"d":"36"},{"v":12.2393134725891,"d":"12"},null,20,{"v":-42.7690844604672,"d":"-43"},{"v":-43.419805142679,"d":"-43"},{"v":-0.80030638662086,"d":"-1"},{"v":-139.015251784978,"d":"-139"},{"v":-102.121340636669,"d":"-102"},{"v":-59.7514617318554,"d":"-60"},{"v":-13.37878788048,"d":"-13"},{"v":-239.541560068479,"d":"-240"},{"v":30.3744758883028,"d":"30"},{"v":-24.0956005065727,"d":"-24"},null,20,{"v":-42.8517829090749,"d":"-43"},{"v":-46.389002246283,"d":"-46"},{"v":-0.814736771663764,"d":"-1"},{"v":-139.015251784978,"d":"-139"},{"v":-111.53781917505,"d":"-112"},{"v":-59.7682681842553,"d":"-60"},{"v":-13.5710019508512,"d":"-14"},{"v":-239.623381629614,"d":"-240"},{"v":29.6861666857687,"d":"30"},{"v":-24.3193628883976,"d":"-24"}]
[21,{"v":-33.5745989783237,"d":"-34"},{"v":-25.4799114045342,"d":"-25"},{"v":15.2550580729581,"d":"15"},{"v":-333.167370127555,"d":"-333"},{"v":-154.408631559831,"d":"-154"},{"v":-28.5802450972985,"d":"-29"},{"v":19.9006515900307,"d":"20"},{"v":-306.5024736165,"d":"-307"},{"v":36.4209944146222,"d":"36"},{"v":11.7170966935357,"d":"12"},null,21,{"v":-45.19280803875,"d":"-45"},{"v":-46.5056996376575,"d":"-47"},{"v":-0.781464899537633,"d":"-1"},{"v":-140.683472423885,"d":"-141"},{"v":-105.407408473221,"d":"-105"},{"v":-63.673601794004,"d":"-64"},{"v":-14.8845736669388,"d":"-15"},{"v":-248.710735147109,"d":"-249"},{"v":30.3249748918856,"d":"30"},{"v":-23.2931407168806,"d":"-23"},null,21,{"v":-45.3038150573548,"d":"-45"},{"v":-49.1517780732091,"d":"-49"},{"v":-0.803717506477739,"d":"-1"},{"v":-140.683472423885,"d":"-141"},{"v":-114.834706759765,"d":"-115"},{"v":-63.6832599264693,"d":"-64"},{"v":-15.1179836531602,"d":"-15"},{"v":-248.779640393903,"d":"-249"},{"v":29.7477375086126,"d":"30"},{"v":-23.4782010011373,"d":"-23"}]
[22,{"v":-34.9318262545714,"d":"-35"},{"v":-26.8706118600722,"d":"-27"},{"v":15.1249937056325,"d":"15"},{"v":-336.780352717471,"d":"-337"},{"v":-157.595025587925,"d":"-158"},{"v":-30.4700248688736,"d":"-30"},{"v":19.3282569670173,"d":"19"},{"v":-312.859129700848,"d":"-313"},{"v":36.9924466578042,"d":"37"},{"v":11.2523350202034,"d":"11"},null,22,{"v":-47.5331584472098,"d":"-48"},{"v":-49.6114407700057,"d":"-50"},{"v":-0.620615758180174,"d":"-1"},{"v":-141.344837691386,"d":"-141"},{"v":-108.403433730634,"d":"-108"},{"v":-67.5811291898851,"d":"-68"},{"v":-16.410320238262,"d":"-16"},{"v":-257.625316113912,"d":"-258"},{"v":30.2356588021924,"d":"30"},{"v":-22.2276586381301,"d":"-22"},null,22,{"v":-47.6766327633581,"d":"-48"},{"v":-51.7990401638016,"d":"-52"},{"v":-0.652377540561895,"d":"-1"},{"v":-141.344837691386,"d":"-141"},{"v":-117.809579931547,"d":"-118"},{"v":-67.5856046790437,"d":"-68"},{"v":-16.6889228381594,"d":"-17"},{"v":-257.67958277543,"d":"-258"},{"v":29.7827882478816,"d":"30"},{"v":-22.3709916395569,"d":"-22"}]
[23,{"v":-36.328662206594,"d":"-36"},{"v":-27.9525384040824,"d":"-28"},{"v":15.007292815758,"d":"15"},{"v":-340.233608417062,"d":"-340"},{"v":-160.764913837117,"d":"-161"},{"v":-32.4261658706496,"d":"-32"},{"v":18.7147419110718,"d":"19"},{"v":-319.202253353474,"d":"-319"},{"v":37.5740012621958,"d":"38"},{"v":10.8527504243009,"d":"11"},null,23,{"v":-49.7859347575155,"d":"-50"},{"v":-52.7087667826798,"d":"-53"},{"v":-0.313163185560645,"d":"-0"},{"v":-140.964477244655,"d":"-141"},{"v":-111.095206704999,"d":"-111"},{"v":-71.4707623025467,"d":"-71"},{"v":-17.9554542888362,"d":"-18"},{"v":-266.26563108541,"d":"-266"},{"v":30.107886310933,"d":"30"},{"v":-20.8914322986125,"d":"-21"},null,23,{"v":-49.9660350987535,"d":"-50"},{"v":-54.3025267610165,"d":"-54"},{"v":-0.356121096928367,"d":"-0"},{"v":-140.964477244655,"d":"-141"},{"v":-120.448228986487,"d":"-120"},{"v":-71.4720208250267,"d":"-71"},{"v":-18.2832462002357,"d":"-18"},{"v":-266.303536890718,"d":"-266"},{"v":29.7926775952854,"d":"30"},{"v":-20.9900128319479,"d":"-21"}]
[24,{"v":-37.7609059060603,"d":"-38"},{"v":-28.6974292795211,"d":"-29"},{"v":14.9065511803223,"d":"15"},{"v":-343.492266883501,"d":"-343"},{"v":-163.9040866035,"d":"-164"},{"v":-34.4453864856744,"d":"-34"},{"v":18.0606797278073,"d":"18"},{"v":-325.512172690901,"d":"-326"},{"v":38.1670169195067,"d":"38"},{"v":10.5260648775367,"d":"11"},null,24,{"v":-51.9469360413359,"d":"-52"},{"v":-55.7694159186359,"d":"-56"},{"v":0.145488595308794,"d":"0"},{"v":-139.507520740865,"d":"-140"},{"v":-113.468517692408,"d":"-113"},{"v":-75.339219515037,"d":"-75"},{"v":-19.5194025130484,"d":"-20"},{"v":-274.612008178126,"d":"-275"},{"v":29.9430161098172,"d":"30"},{"v":-19.2767397266191,"d":"-19"},null,24,{"v":-52.1678211352099,"d":"-52"},{"v":-56.6339761078099,"d":"-57"},{"v":0.0896476014106535,"d":"0"},{"v":-139.507520740865,"d":"-140"},{"v":-122.736444220676,"d":"-123"},{"v":-75.3392267474664,"d":"-75"},{"v":-19.9003804337757,"d":"-20"},{"v":-274.631830856289,"d":"-275"},{"v":29.7787642425341,"d":"30"},{"v":-19.3275426066015,"d":"-19"}]
[25,{"v":-39.2243564246391,"d":"-39"},{"v":-29.0770227293444,"d":"-29"},{"v":14.8273645763133,"d":"15"},{"v":-346.521457773961,"d":"-347"},{"v":-166.998334183164,"d":"-167"},{"v":-36.5244050969964,"d":"-37"},{"v":17.366643722837,"d":"17"},{"v":-331.76921582965,"d":"-332"},{"v":38.772852321447,"d":"39"},{"v":10.2800003516194,"d":"10"},null,25,{"v":-54.0119613703396,"d":"-54"},{"v":-58.7651264208301,"d":"-59"},{"v":0.759935361415985,"d":"1"},{"v":-136.93909783719,"d":"-137"},{"v":-115.509156988952,"d":"-116"},{"v":-79.1832192104042,"d":"-79"},{"v":-21.1015916052854,"d":"-21"},{"v":-282.644775508583,"d":"-283"},{"v":29.742406890555,"d":"30"},{"v":-17.3758589504415,"d":"-17"},null,25,{"v":-54.2777899443958,"d":"-54"},{"v":-58.7651264471381,"d":"-59"},{"v":0.689524331443018,"d":"1"},{"v":-136.93909783719,"d":"-137"},{"v":-124.660015930207,"d":"-125"},{"v":-79.1839408294109,"d":"-79"},{"v":-21.5397522331665,"d":"-22"},{"v":-282.644792788665,"d":"-283"},{"v":29.7424068813375,"d":"30"},{"v":-17.3758589918093,"d":"-17"}]

{"sheet":"3. Absolute CFs per turbine","index":5,"n_rows":232,"n_cols":35,"rows_kept":232,"merged":[[2,0,5,12],[8,0,9,10],[13,1,13,2]]}
["Absolute Characterization Factors for impacts on species from habitat changes associated with the turbine structures [species.yr/turbine]"]
[]
["The Characterization Factors (CFs) presented in this sheet represent the absolute impacts on species richness within each species group associated with construction, decommissioning, and the whole lifetime of a turbine structure in the North Sea. The CFs are given for structure ages 1-25 years. \n\nUnit: species.year/turbine. \n\n"]
[]
[]
[]
[]
["Color scale "]
["The cells are colored according to what is interpreted as a positive, neutral or negative impact. The coloring is different for alien species compared to all other species groups, as and increas of alien species is not considered positive like an increase in the other species groups are in LCA."]
[]
[]
[null,"Aliens","All other species "]
["Positive","Decrease in species.year (positive numbers)","Increase in species.year (negative numbers)"]
["No impact","Constant number of species"]
["Negative","Increase in species.year (negative numbers)","Decrease in species.year (positive numbers)"]
[]
["Absolute CFs for construction impacts "]
["Scenario I-C: From sandy seabed to the full structure. ",{"$nulls":11},"Scenario II-C: From hard seabed to the full structure. "]
["Unit: species.year/structure",{"$nulls":11},"Unit: species.year/structure"]
["Age, t [yr]","TOTAL","Porifera","Cnidaria","Worms","Mollusca","Arthropoda","Bryozoa","Echinodermata","Chordata","Aliens",null,"Age, t [yr]","TOTAL","Porifera","Cnidaria","Worms","Mollusca","Arthropoda","Bryozoa","Echinodermata","Chordata","Aliens"]
[1,{"v":21.1025890071613,"d":"21"},null,{"v":0.714750585132465,"d":"1"},{"v":22.498054463469,"d":"22"},{"v":5.22238503111793,"d":"5"},{"v":3.13560891662117,"d":"3"},{"v":-0.826070722532283,"d":"-1"},{"v":1.66156154264799,"d":"2"},{"v":-0.246072719777688,"d":"-0"},{"v":-2.36618237689439,"d":"-2"},null,1,{"v":7.15996151270457,"d":"7"},{"v":-0.122407883680899,"d":"-0.1"},{"v":2.93204548535419,"d":"3"},{"v":1.97782164750444,"d":"2"},{"v":-0.318912086398704,"d":"-0"},{"v":1.23788164389389,"d":"1"},{"v":0.808629942656187,"d":"1"},{"v":-0.57180874560035,"d":"-1"},{"v":0.550767634989496,"d":"1"},{"v":-0.12200277600747,"d":"-0"}]
[2,{"v":40.1483065398279,"d":"40"},null,{"v":1.06231059880194,"d":"1"},{"v":43.95510836507,"d":"44"},{"v":10.0859907854662,"d":"10"},{"v":5.63173513489249,"d":"6"},{"v":-1.75362843297161,"d":"-2"},{"v":3.21414750675792,"d":"3"},{"v":-0.507224665217387,"d":"-1"},{"v":-4.97041719635007,"d":"-5"},null,2,{"v":12.2630515509143,"d":"12"},{"v":-0.270699675215724,"d":"-0.3"},{"v":5.4969003992454,"d":"5"},{"v":2.91464273314094,"d":"3"},{"v":-0.996603449567079,"d":"-1"},{"v":1.83628058943794,"d":"2"},{"v":1.51577289740533,"d":"2"},{"v":-1.25259306973875,"d":"-1"},{"v":1.08645604431698,"d":"1"},{"v":-0.482057994576232,"d":"-0"}]
[3,{"v":57.2047493538752,"d":"57"},null,{"v":1.06273434059174,"d":"1"},{"v":64.4345623281237,"d":"64"},{"v":14.6089023407464,"d":"15"},{"v":7.50389175313174,"d":"8"},{"v":-2.78157863878378,"d":"-3"},{"v":4.66312295146004,"d":"5"},{"v":-0.782344179465557,"d":"-1"},{"v":-7.79375052780957,"d":"-8"},null,3,{"v":15.3768668705049,"d":"15"},{"v":-0.442306123964125,"d":"-0.4"},{"v":7.71461904125692,"d":"8"},{"v":2.87386388023012,"d":"3"},{"v":-2.01498901180345,"d":"-2"},{"v":1.81070993494992,"d":"2"},{"v":2.12252335678163,"d":"2"},{"v":-2.03698791328497,"d":"-2"},{"v":1.60817688483599,"d":"2"},{"v":-1.06121172514881,"d":"-1"}]
[4,{"v":72.3395142051791,"d":"72"},null,{"v":0.736076110085144,"d":"1"},{"v":83.9998169759507,"d":"84"},{"v":18.8092047746604,"d":"19"},{"v":8.76759186965671,"d":"9"},{"v":-3.90882684743457,"d":"-4"},{"v":6.01385293588458,"d":"6"},{"v":-1.07031960566866,"d":"-1"},{"v":-10.8172284407154,"d":"-11"},null,4,{"v":16.569004227352,"d":"17"},{"v":-0.634657979285752,"d":"-1"},{"v":9.60525571097206,"d":"10"},{"v":1.91888571209259,"d":"2"},{"v":-3.35598369540615,"d":"-3"},{"v":1.17668277874762,"d":"1"},{"v":2.62997581331931,"d":"3"},{"v":-2.91962821710876,"d":"-3"},{"v":2.11704181340008,"d":"2"},{"v":-1.84051003716773,"d":"-2"}]
[5,{"v":85.620197849615,"d":"86"},null,{"v":0.102390206865469,"d":"0"},{"v":102.714272931872,"d":"103"},{"v":22.7049831649097,"d":"23"},{"v":9.43834858278517,"d":"9"},{"v":-5.13427856638977,"d":"-5"},{"v":7.27170251916179,"d":"7"},{"v":-1.37003928697315,"d":"-1"},{"v":-14.0218970045101,"d":"-14"},null,5,{"v":15.9070603773312,"d":"16"},{"v":-0.845185990540255,"d":"-1"},{"v":11.1888647079741,"d":"11"},{"v":0.113108852048952,"d":"0"},{"v":-5.00150242267349,"d":"-5"},{"v":-0.0502877808511892,"d":"-0"},{"v":3.03922475955258,"d":"3"},{"v":-3.8951489220799,"d":"-4"},{"v":2.61416248686277,"d":"3"},{"v":-2.80099900007551,"d":"-3"}]
[6,{"v":97.1143970430586,"d":"97"},null,{"v":-0.818269069483989,"d":"-1"},{"v":120.641330819207,"d":"121"},{"v":26.314322589196,"d":"26"},{"v":9.53167499083492,"d":"10"},{"v":-6.45683930311518,"d":"-6"},{"v":8.44203676042189,"d":"8"},{"v":-1.68039156652549,"d":"-2"},{"v":-17.3888022886362,"d":"-17"},null,6,{"v":13.4586320763181,"d":"13"},{"v":-1.07132090708728,"d":"-1"},{"v":12.4855003318464,"d":"12"},{"v":-2.48006607658017,"d":"-2"},{"v":-6.93346011590382,"d":"-7"},{"v":-1.85468864552872,"d":"-2"},{"v":3.35136468801564,"d":"3"},{"v":-4.95818496906814,"d":"-5"},{"v":3.10065056207761,"d":"3"},{"v":-3.92372468331468,"d":"-4"}]
[7,{"v":106.889708541386,"d":"107"},null,{"v":-2.00584741937993,"d":"-2"},{"v":137.844391261278,"d":"138"},{"v":29.655308125221,"d":"30"},{"v":9.06308419212371,"d":"9"},{"v":-7.87541456507657,"d":"-8"},{"v":9.53022071879512,"d":"10"},{"v":-2.00026478747214,"d":"-2"},{"v":-20.8989903625362,"d":"-21"},null,7,{"v":9.29131608018834,"d":"9"},{"v":-1.31049347828649,"d":"-1"},{"v":13.5152168821722,"d":"14"},{"v":-5.79723845047417,"d":"-6"},{"v":-9.13377169739545,"d":"-9"},{"v":-4.22100671696719,"d":"-4"},{"v":3.56749009124272,"d":"4"},{"v":-6.10337129894324,"d":"-6"},{"v":3.57761769589815,"d":"4"},{"v":-5.18973315632776,"d":"-5"}]
[8,{"v":115.013729100472,"d":"115"},null,{"v":-3.44029054323905,"d":"-3"},{"v":154.386854881404,"d":"154"},{"v":32.7460248506863,"d":"33"},{"v":8.04808928496935,"d":"8"},{"v":-9.38890985973975,"d":"-9"},{"v":10.5416194534117,"d":"11"},{"v":-2.32854729295956,"d":"-2"},{"v":-24.5335072956526,"d":"-25"},null,8,{"v":3.47270914481762,"d":"3"},{"v":-1.56013445349752,"d":"-2"},{"v":14.2980686585348,"d":"14"},{"v":-9.77500764631243,"d":"-10"},{"v":-11.5843520894467,"d":"-12"},{"v":-7.13372889684883,"d":"-7"},{"v":3.68869546176802,"d":"4"},{"v":-7.32534285257497,"d":"-7"},{"v":4.04617554517791,"d":"4"},{"v":-6.58007048855729,"d":"-7"}]
[9,{"v":121.554055476192,"d":"122"},null,{"v":-5.10154414147805,"d":"-5"},{"v":170.332122302906,"d":"170"},{"v":35.6045578432938,"d":"36"},{"v":6.5022033676896,"d":"7"},{"v":-10.9962306945705,"d":"-11"},{"v":11.4815980234019,"d":"11"},{"v":-2.6641274261342,"d":"-3"},{"v":-28.273399157428,"d":"-28"},null,9,{"v":-3.92959197391844,"d":"-4"},{"v":-1.81767458208002,"d":"-2"},{"v":14.8541099605175,"d":"15"},{"v":-14.3499730407743,"d":"-14"},{"v":-14.2671162143559,"d":"-14"},{"v":-10.5773420868558,"d":"-11"},{"v":3.71607529212575,"d":"4"},{"v":-8.61873457083308,"d":"-9"},{"v":4.50743576677045,"d":"5"},{"v":-8.07578274944577,"d":"-8"}]
[10,{"v":126.578284424423,"d":"127"},null,{"v":-6.96955391451363,"d":"-7"},{"v":185.743594149106,"d":"186"},{"v":38.2489921807449,"d":"38"},{"v":4.44093953860226,"d":"4"},{"v":-12.6962825770346,"d":"-13"},{"v":12.355521487896,"d":"12"},{"v":-3.00589353014254,"d":"-3"},{"v":-32.0997120173049,"d":"-32"},null,10,{"v":-12.8479905201442,"d":"-13"},{"v":-2.08054461339365,"d":"-2"},{"v":15.2033950877037,"d":"15"},{"v":-19.4587340105393,"d":"-19"},{"v":-17.1639789944214,"d":"-17"},{"v":-14.5363331886705,"d":"-15"},{"v":3.65072407485013,"d":"4"},{"v":-9.97818139458735,"d":"-10"},{"v":4.9625100175293,"d":"5"},{"v":-9.65791600843573,"d":"-10"}]
[11,{"v":130.15401270104,"d":"130"},null,{"v":-9.02426556276248,"d":"-9"},{"v":200.684671043323,"d":"201"},{"v":40.6974129407414,"d":"41"},{"v":1.8798108960251,"d":"2"},{"v":-14.4879710145978,"d":"-14"},{"v":13.1687549060242,"d":"13"},{"v":-3.35273394813102,"d":"-3"},{"v":-35.9934919447258,"d":"-36"},null,11,{"v":-23.2148897379841,"d":"-23"},{"v":-2.34617529679805,"d":"-2"},{"v":15.3659783396765,"d":"15"},{"v":-25.0378899322867,"d":"-25"},{"v":-20.2568553519415,"d":"-20"},{"v":-18.9951891039749,"d":"-19"},{"v":3.49373630247536,"d":"3"},{"v":-11.3983182647075,"d":"-11"},{"v":5.412509954308,"d":"5"},{"v":-11.3075163349697,"d":"-11"}]
[12,{"v":132.348837061919,"d":"132"},null,{"v":-11.2456247866413,"d":"-11"},{"v":215.218753608878,"d":"215"},{"v":42.967905200985,"d":"43"},{"v":-1.16566946172409,"d":"-1"},{"v":-16.370201514726,"d":"-16"},{"v":13.9266633369166,"d":"14"},{"v":-3.70353702324611,"d":"-4"},{"v":-39.9357850091332,"d":"-40"},null,12,{"v":-34.9626928715624,"d":"-35"},{"v":-2.61199738165288,"d":"-3"},{"v":15.3619140160194,"d":"15"},{"v":-31.0240401826958,"d":"-31"},{"v":-23.5276602092146,"d":"-24"},{"v":-23.9383967344514,"d":"-24"},{"v":3.24620646753566,"d":"3"},{"v":-12.8737801220634,"d":"-13"},{"v":5.8585472339601,"d":"6"},{"v":-13.0056297984902,"d":"-13"}]
[13,{"v":133.230354262934,"d":"133"},null,{"v":-13.6135772865668,"d":"-14"},{"v":229.409242469093,"d":"229"},{"v":45.0785540391773,"d":"45"},{"v":-4.67998843632755,"d":"-5"},{"v":-18.3418795848849,"d":"-18"},{"v":14.6346118397037,"d":"15"},{"v":-4.05719109863427,"d":"-4"},{"v":-43.9076372799697,"d":"-44"},null,13,{"v":-48.0238031650035,"d":"-48"},{"v":-2.87544161731778,"d":"-3"},{"v":15.2112564163157,"d":"15"},{"v":-37.3537841384462,"d":"-37"},{"v":-26.9583084885389,"d":"-27"},{"v":-29.3504429817821,"d":"-29"},{"v":2.90922906256524,"d":"3"},{"v":-14.3992019075247,"d":"-14"},{"v":6.30173351333913,"d":"6"},{"v":-14.7333024684398,"d":"-15"}]
[14,{"v":132.866161059963,"d":"133"},null,{"v":-16.1080687629557,"d":"-16"},{"v":243.319538247286,"d":"243"},{"v":47.0474445330201,"d":"47"},{"v":-8.64763292946748,"d":"-9"},{"v":-20.4019107325403,"d":"-20"},{"v":15.2979654735155,"d":"15"},{"v":-4.41258451744195,"d":"-4"},{"v":-47.8900948266778,"d":"-48"},null,14,{"v":-62.3306238624318,"d":"-62"},{"v":-3.13393875315241,"d":"-3"},{"v":14.9340598401485,"d":"15"},{"v":-43.9637211762172,"d":"-44"},{"v":-30.5307151122128,"d":"-31"},{"v":-35.2158147476493,"d":"-35"},{"v":2.48389858009832,"d":"2"},{"v":-15.9692185619612,"d":"-16"},{"v":6.74318044929863,"d":"7"},{"v":-16.4715804142609,"d":"-16"}]
[15,{"v":131.32385420888,"d":"131"},null,{"v":-18.7090449162247,"d":"-19"},{"v":257.01304156678,"d":"257"},{"v":48.8926617602149,"d":"49"},{"v":-13.0530898428261,"d":"-13"},{"v":-22.549200465158,"d":"-23"},{"v":15.9220892974824,"d":"16"},{"v":-4.76860562281562,"d":"-5"},{"v":-51.8642037187,"d":"-52"},null,15,{"v":-77.8155582079716,"d":"-78"},{"v":-3.38491953851641,"d":"-3"},{"v":14.5503785871013,"d":"15"},{"v":-50.7904506726882,"d":"-51"},{"v":-34.2267950025346,"d":"-34"},{"v":-41.5189989337352,"d":"-42"},{"v":1.97130951266909,"d":"2"},{"v":-17.5784650262427,"d":"-18"},{"v":7.18399969869215,"d":"7"},{"v":-18.2015097053962,"d":"-18"}]
[16,{"v":128.671030465561,"d":"129"},null,{"v":-21.3964514467904,"d":"-21"},{"v":270.553153050894,"d":"271"},{"v":50.6322907984634,"d":"51"},{"v":-17.8808460780856,"d":"-18"},{"v":-24.7826542902037,"d":"-25"},{"v":16.5123483707345,"d":"17"},{"v":-5.12414275790173,"d":"-5"},{"v":-55.8110100254788,"d":"-56"},null,16,{"v":-94.4110094457474,"d":"-94"},{"v":-3.62581472276944,"d":"-4"},{"v":14.0802669567573,"d":"14"},{"v":-57.7705720045385,"d":"-58"},{"v":-38.0284630818026,"d":"-38"},{"v":-48.244482441722,"d":"-48"},{"v":1.37255635281179,"d":"1"},{"v":-19.2215762412388,"d":"-19"},{"v":7.62530291837322,"d":"8"},{"v":-19.9041364112881,"d":"-20"}]
[17,{"v":124.975286585882,"d":"125"},null,{"v":-24.1502340550696,"d":"-24"},{"v":284.003273322949,"d":"284"},{"v":52.2844167254674,"d":"52"},{"v":-23.1153885369283,"d":"-23"},{"v":-27.1011777151434,"d":"-27"},{"v":17.0741077524022,"d":"17"},{"v":-5.47808426584674,"d":"-5"},{"v":-59.7115598164567,"d":"-60"},null,17,{"v":-112.049380819883,"d":"-112"},{"v":-3.85405505527113,"d":"-4"},{"v":13.5437792486998,"d":"14"},{"v":-64.8406845484475,"d":"-65"},{"v":-41.9176342723153,"d":"-42"},{"v":-55.3767521732919,"d":"-55"},{"v":0.688733593060606,"d":"1"},{"v":-20.8931871478195,"d":"-21"},{"v":8.06820176519538,"d":"8"},{"v":-21.5605066013791,"d":"-22"}]
[18,{"v":120.304219325718,"d":"120"},null,{"v":-26.9503384414789,"d":"-27"},{"v":297.426803006267,"d":"297"},{"v":53.8671246189285,"d":"54"},{"v":-28.7412041210363,"d":"-29"},{"v":-29.5036762474427,"d":"-30"},{"v":17.6127325016156,"d":"18"},{"v":-5.82931848979712,"d":"-6"},{"v":-63.5468991610763,"d":"-64"},null,18,{"v":-130.663075574504,"d":"-131"},{"v":-4.06707128538116,"d":"-4"},{"v":12.9609697625122,"d":"13"},{"v":-71.9373876810947,"d":"-72"},{"v":-45.8762234963708,"d":"-46"},{"v":-62.9002950301272,"d":"-63"},{"v":-0.0790642740502382,"d":"-0"},{"v":-22.5879326868544,"d":"-23"},{"v":8.51380789601219,"d":"9"},{"v":-23.1516663451118,"d":"-23"}]
[19,{"v":114.725425440945,"d":"115"},null,{"v":-29.7767103064352,"d":"-30"},{"v":310.887142724166,"d":"311"},{"v":55.3984995565484,"d":"55"},{"v":-34.7427797320919,"d":"-35"},{"v":-31.9890553945675,"d":"-32"},{"v":18.133587677505,"d":"18"},{"v":-6.17673377289933,"d":"-6"},{"v":-67.2980741287802,"d":"-67"},null,19,{"v":-150.184496953734,"d":"-150"},{"v":-4.26229416245915,"d":"-4"},{"v":12.3518927977777,"d":"12"},{"v":-78.9972807791595,"d":"-79"},{"v":-49.8861456762675,"d":"-50"},{"v":-70.7995979139101,"d":"-71"},{"v":-0.929742755986531,"d":"-1"},{"v":-24.3004477992134,"d":"-24"},{"v":8.96323296767717,"d":"9"},{"v":-24.6586617119287,"d":"-25"}]
[20,{"v":108.306501687439,"d":"108"},null,{"v":-32.609295350355,"d":"-33"},{"v":324.447693099969,"d":"324"},{"v":56.8966266160288,"d":"57"},{"v":-41.1046022717773,"d":"-41"},{"v":-34.5562206639835,"d":"-35"},{"v":18.6420383392006,"d":"19"},{"v":-6.51921845829982,"d":"-7"},{"v":-70.9461307890107,"d":"-71"},null,20,{"v":-170.546048201697,"d":"-171"},{"v":-4.43715443586477,"d":"-4"},{"v":11.7366026540796,"d":"12"},{"v":-85.9569632193211,"d":"-86"},{"v":-53.9293157343038,"d":"-54"},{"v":-79.0591477263227,"d":"-79"},{"v":-1.86220736021406,"d":"-2"},{"v":-26.0253674257661,"d":"-26"},{"v":9.41758863704387,"d":"9"},{"v":-26.0625387712724,"d":"-26"}]
[21,{"v":101.115044821075,"d":"101"},null,{"v":-35.4280392736551,"d":"-35"},{"v":338.171854756996,"d":"338"},{"v":58.3795908750712,"d":"58"},{"v":-47.8111586417747,"d":"-48"},{"v":-37.2040775631565,"d":"-37"},{"v":19.1434495458327,"d":"19"},{"v":-6.85566088914505,"d":"-7"},{"v":-74.4721152112106,"d":"-74"},null,21,{"v":-191.680132562517,"d":"-192"},{"v":-4.58908285495766,"d":"-5"},{"v":11.1351536310012,"d":"11"},{"v":-92.7530343782591,"d":"-93"},{"v":-57.987648592778,"d":"-58"},{"v":-87.6634313690474,"d":"-88"},{"v":-2.87536359419862,"d":"-3"},{"v":-27.7573265073824,"d":"-28"},{"v":9.87798656096582,"d":"10"},{"v":-27.3443435925853,"d":"-27"}]
[22,{"v":93.2186515977288,"d":"93"},null,{"v":-38.2128877767521,"d":"-38"},{"v":352.123028318567,"d":"352"},{"v":59.8654774113775,"d":"60"},{"v":-54.8469357437663,"d":"-55"},{"v":-39.9315315995523,"d":"-40"},{"v":19.6431863565315,"d":"20"},{"v":-7.18494940858148,"d":"-7"},{"v":-77.8570734648222,"d":"-78"},null,22,{"v":-213.51915328032,"d":"-214"},{"v":-4.71551016909747,"d":"-5"},{"v":10.5676000281259,"d":"11"},{"v":-99.3220936326527,"d":"-99"},{"v":-62.0430591739884,"d":"-62"},{"v":-96.5969357437663,"d":"-97"},{"v":-3.968116965406,"d":"-4"},{"v":-29.4909599849319,"d":"-29"},{"v":10.3455383962966,"d":"10"},{"v":-28.4851222453099,"d":"-28"}]
[23,{"v":84.6849187732763,"d":"85"},null,{"v":-40.9437865600628,"d":"-41"},{"v":366.364614408003,"d":"366"},{"v":61.3723713026492,"d":"61"},{"v":-62.1964204794344,"d":"-62"},{"v":-42.7374882806368,"d":"-43"},{"v":20.1466138304272,"d":"20"},{"v":-7.50597235975557,"d":"-8"},{"v":-81.082051619288,"d":"-81"},null,23,{"v":-235.995513599229,"d":"-236"},{"v":-4.81386712764386,"d":"-5"},{"v":10.053996145037,"d":"10"},{"v":-105.600740359181,"d":"-106"},{"v":-66.0774624002333,"d":"-66"},{"v":-105.844147752162,"d":"-106"},{"v":-5.13937298130198,"d":"-5"},{"v":-31.2209027992845,"d":"-31"},{"v":10.8213557998897,"d":"11"},{"v":-29.4659207988889,"d":"-29"}]
[24,{"v":75.581443103593,"d":"76"},null,{"v":-43.6006813240039,"d":"-44"},{"v":380.960013648624,"d":"381"},{"v":62.9183576265881,"d":"63"},{"v":-69.844099750461,"d":"-70"},{"v":-45.6208531138756,"d":"-46"},{"v":20.6590970266501,"d":"21"},{"v":-7.81761808581379,"d":"-8"},{"v":-84.1280957440508,"d":"-84"},null,24,{"v":-259.041616763369,"d":"-259"},{"v":-4.88158447995647,"d":"-5"},{"v":9.61439628131763,"d":"10"},{"v":-111.525573934525,"d":"-112"},{"v":-70.072773193811,"d":"-70"},{"v":-115.389554295916,"d":"-115"},{"v":-6.38803714935235,"d":"-6"},{"v":-32.94178989131,"d":"-33"},{"v":11.3065504285986,"d":"11"},{"v":-30.2677853227647,"d":"-30"}]
[25,{"v":65.9758213445545,"d":"66"},null,{"v":-46.163517768992,"d":"-46"},{"v":395.972626663751,"d":"396"},{"v":64.5215214608958,"d":"65"},{"v":-77.7744604585287,"d":"-78"},{"v":-48.5805316067347,"d":"-49"},{"v":21.1860010043304,"d":"21"},{"v":-8.11877492990259,"d":"-8"},{"v":-86.9762519085528,"d":"-87"},null,25,{"v":-282.589866016865,"d":"-283"},{"v":-4.91609297539495,"d":"-5"},{"v":9.26885473655123,"d":"9"},{"v":-117.033193735362,"d":"-117"},{"v":-74.01090647702,"d":"-74"},{"v":-125.21764227671,"d":"-125"},{"v":-7.7130149770229,"d":"-8"},{"v":-34.648256201878,"d":"-35"},{"v":11.802233939277,"d":"12"},{"v":-30.8717618863799,"d":"-31"}]
[]
[]
["Absolute CFs for decommissioning impacts, considering 1 year after decommissioning"]
["Interpretation: the impacts of one species.year when decommissioning at age t. To look at the impacts over longer times, it should be multiplied by the number of years that the area is expected to be kept like that after decommissioning. "]
[]
["Scenario I-D: Full structure to sandy seabed",{"$nulls":11},"Scenario II-D: Full structure to scour protection",{"$nulls":11},"Scenario III-D: Full structure to scour protection + 5m of foundation"]
["Unit: species.year/structure",{"$nulls":11},"Unit: species.year/structure",{"$nulls":11},"Unit: species.year/structure"]
["Age, t [yr]","TOTAL","Porifera","Cnidaria","Worms","Mollusca","Arthropoda","Bryozoa","Echinodermata","Chordata","Aliens",null,"Age, t [yr]","TOTAL","Porifera","Cnidaria","Worms","Mollusca","Arthropoda","Bryozoa","Echinodermata","Chordata","Aliens",null,"Age, t [yr]","TOTAL","Porifera","Cnidaria","Worms","Mollusca","Arthropoda","Bryozoa","Echinodermata","Chordata","Aliens"]
[1,{"v":-20.0628871439347,"d":"-20"},{"v":0.226687136957011,"d":"0"},{"v":-0.527812916137088,"d":"-1"},{"v":-21.9669874119816,"d":"-22"},{"v":-5.03998121311615,"d":"-5"},{"v":-2.81328205105995,"d":"-3"},{"v":0.876996631908175,"d":"1"},{"v":-1.60617957685725,"d":"-2"},{"v":0.25379760875095,"d":"0"},{"v":2.48836758660128,"d":"2"},null,1,{"v":2.30517318799432,"d":"2.3"},{"v":0.0455950606436694,"d":"0.0"},{"v":0.578036768952802,"d":"0.6"},{"v":1.20910744443583,"d":"1.2"},{"v":0.337068203654274,"d":"0.3"},{"v":1.52734772202468,"d":"1.5"},{"v":0.0252163178242455,"d":"0.0"},{"v":0.179685344642685,"d":"0.2"},{"v":0.153063290811912,"d":"0.2"},{"v":0.284578107753393,"d":"0.3"},null,1,{"v":0.2095709988839,"d":"0.2"},{"v":0.105995130487508,"d":"0.1"},{"v":0.54551382918269,"d":"0.5"},{"v":1.20910744443583,"d":"1.2"},{"v":0.177404317712776,"d":"0.2"},{"v":1.4278664103711,"d":"1.4"},{"v":0.0123212291739452,"d":"0.0"},{"v":0.179685344031561,"d":"0.2"},{"v":0.144141118711964,"d":"0.1"},{"v":0.246845162408457,"d":"0.2"}]
[2,{"v":-18.0398140473777,"d":"-18"},{"v":0.251286419490762,"d":"0"},{"v":-0.170649494465752,"d":"-0"},{"v":-20.9576871617739,"d":"-21"},{"v":-4.69024447519731,"d":"-5"},{"v":-2.18155590186899,"d":"-2"},{"v":0.977936373548117,"d":"1"},{"v":-1.49988652788432,"d":"-1"},{"v":0.268321005986192,"d":"0"},{"v":2.71694306388383,"d":"3"},null,2,{"v":2.05828332414921,"d":"2.1"},{"v":0.0858021073965524,"d":"0.1"},{"v":0.517358346108472,"d":"0.5"},{"v":1.15016339240958,"d":"1.2"},{"v":0.403518183858852,"d":"0.4"},{"v":1.45889710604859,"d":"1.5"},{"v":0.0201624905168321,"d":"0.0"},{"v":0.201186435570821,"d":"0.2"},{"v":0.177745460060812,"d":"0.2"},{"v":0.259736502505275,"d":"0.3"},null,2,{"v":0.156357304861254,"d":"0.2"},{"v":0.138024982941071,"d":"0.1"},{"v":0.489064624452656,"d":"0.5"},{"v":1.15016339240958,"d":"1.2"},{"v":0.212377991504659,"d":"0.2"},{"v":1.36782961674066,"d":"1.4"},{"v":0.00992037713806959,"d":"0.0"},{"v":0.200970360413313,"d":"0.2"},{"v":0.164191286922514,"d":"0.2"},{"v":0.220160053869976,"d":"0.2"}]
[3,{"v":-16.0843377066963,"d":"-16"},{"v":0.273316451384163,"d":"0"},{"v":0.166459627622283,"d":"0"},{"v":-20.0117875348869,"d":"-20"},{"v":-4.35859281498015,"d":"-4"},{"v":-1.56534285099581,"d":"-2"},{"v":1.07778162265385,"d":"1"},{"v":-1.39895853804162,"d":"-1"},{"v":0.281732746367892,"d":"0"},{"v":2.92656461060891,"d":"3"},null,3,{"v":1.82565616255737,"d":"1.8"},{"v":0.122347689720527,"d":"0.1"},{"v":0.460056597436949,"d":"0.5"},{"v":1.0919640860741,"d":"1.1"},{"v":0.466531999300113,"d":"0.5"},{"v":1.39086534338327,"d":"1.4"},{"v":0.01567377804721,"d":"0.0"},{"v":0.220166833516893,"d":"0.2"},{"v":0.199726776583511,"d":"0.2"},{"v":0.236123926518257,"d":"0.2"},null,3,{"v":0.119909344482918,"d":"0.1"},{"v":0.166885590506465,"d":"0.2"},{"v":0.435697643822224,"d":"0.4"},{"v":1.0919640860741,"d":"1.1"},{"v":0.245543157526375,"d":"0.2"},{"v":1.30783998484043,"d":"1.3"},{"v":0.00777943756055466,"d":"0.0"},{"v":0.219753472223198,"d":"0.2"},{"v":0.181975711815264,"d":"0.2"},{"v":0.195000992781915,"d":"0.2"}]
[4,{"v":-14.1964581218906,"d":"-14"},{"v":0.292777232637214,"d":"0"},{"v":0.483514450127017,"d":"0"},{"v":-19.1292885313205,"d":"-19"},{"v":-4.04502623246466,"d":"-4"},{"v":-0.964642898440419,"d":"-1"},{"v":1.17653237922537,"d":"1"},{"v":-1.30339560732917,"d":"-1"},{"v":0.294032829896053,"d":"0"},{"v":3.11723222677651,"d":"3"},null,4,{"v":1.6072917032188,"d":"1.6"},{"v":0.155231807615593,"d":"0.2"},{"v":0.406131522938232,"d":"0.4"},{"v":1.0345095254294,"d":"1.0"},{"v":0.526109649978055,"d":"0.5"},{"v":1.32325243402872,"d":"1.3"},{"v":0.0117501804153799,"d":"0.0"},{"v":0.236626538480901,"d":"0.2"},{"v":0.219007240380009,"d":"0.2"},{"v":0.213740379792339,"d":"0.2"},null,4,{"v":0.0935499848224953,"d":"0.1"},{"v":0.19257695318369,"d":"0.2"},{"v":0.385412887291393,"d":"0.4"},{"v":1.0345095254294,"d":"1.0"},{"v":0.276899815777924,"d":"0.3"},{"v":1.24789751467039,"d":"1.2"},{"v":0.00589841044140016,"d":"0.0"},{"v":0.236034679461215,"d":"0.2"},{"v":0.197494393390214,"d":"0.2"},{"v":0.171367979144273,"d":"0.2"}]
[5,{"v":-12.3761752929605,"d":"-12"},{"v":0.309668763249915,"d":"0"},{"v":0.780514973048451,"d":"1"},{"v":-18.3101901510747,"d":"-18"},{"v":-3.74954472765085,"d":"-4"},{"v":-0.379456044202805,"d":"-0"},{"v":1.27418864326267,"d":"1"},{"v":-1.21319773574694,"d":"-1"},{"v":0.305221256570673,"d":"0"},{"v":3.28894591238664,"d":"3"},null,5,{"v":1.40318994613351,"d":"1.4"},{"v":0.18445446108175,"d":"0.2"},{"v":0.355583122612324,"d":"0.4"},{"v":0.977799710475465,"d":"1.0"},{"v":0.582251135892681,"d":"0.6"},{"v":1.25605837798494,"d":"1.3"},{"v":0.00839169762134162,"d":"0.0"},{"v":0.250565550462845,"d":"0.3"},{"v":0.235586851450306,"d":"0.2"},{"v":0.192585862327523,"d":"0.2"},null,5,{"v":0.0737405537891161,"d":"0.1"},{"v":0.215099070972746,"d":"0.2"},{"v":0.338210354860165,"d":"0.3"},{"v":0.977799710475465,"d":"1.0"},{"v":0.306447966259305,"d":"0.3"},{"v":1.18800220623057,"d":"1.2"},{"v":0.00427729578060632,"d":"0.0"},{"v":0.249813982127366,"d":"0.2"},{"v":0.210747331647363,"d":"0.2"},{"v":0.149261012957051,"d":"0.1"}]
[6,{"v":-10.6234892199061,"d":"-11"},{"v":0.323991043222265,"d":"0"},{"v":1.05746119638658,"d":"1"},{"v":-17.5544923941495,"d":"-18"},{"v":-3.47214830053871,"d":"-3"},{"v":0.190217711717027,"d":"0"},{"v":1.37075041476577,"d":"1"},{"v":-1.12836492329496,"d":"-1"},{"v":0.315298026391752,"d":"0"},{"v":3.44170566743929,"d":"3"},null,6,{"v":1.2133508913015,"d":"1.2"},{"v":0.210015650118998,"d":"0.2"},{"v":0.308411396459222,"d":"0.3"},{"v":0.92183464121231,"d":"0.9"},{"v":0.634956457043987,"d":"0.6"},{"v":1.18928317525193,"d":"1.2"},{"v":0.00559832966509499,"d":"0.0"},{"v":0.261983869462726,"d":"0.3"},{"v":0.249465609794402,"d":"0.2"},{"v":0.172660374123807,"d":"0.2"},null,6,{"v":0.0584313228631503,"d":"0.1"},{"v":0.234451943873634,"d":"0.2"},{"v":0.294090046528539,"d":"0.3"},{"v":0.92183464121231,"d":"0.9"},{"v":0.33418760897052,"d":"0.3"},{"v":1.12815405952094,"d":"1.1"},{"v":0.00291609357817335,"d":"0.0"},{"v":0.26109138022165,"d":"0.3"},{"v":0.221734526586713,"d":"0.2"},{"v":0.128680094220249,"d":"0.1"}]
[7,{"v":-8.93839990272727,"d":"-9"},{"v":0.335744072554266,"d":"0"},{"v":1.31435312014141,"d":"1"},{"v":-16.862195260545,"d":"-17"},{"v":-3.21283695112824,"d":"-3"},{"v":0.74437836931908,"d":"1"},{"v":1.46621769373465,"d":"1"},{"v":-1.04889716997322,"d":"-1"},{"v":0.324263139359291,"d":"0"},{"v":3.57551149193447,"d":"4"},null,7,{"v":1.03777453872277,"d":"1.0"},{"v":0.231915374727338,"d":"0.2"},{"v":0.264616344478927,"d":"0.3"},{"v":0.866614317639931,"d":"0.9"},{"v":0.684225613431975,"d":"0.7"},{"v":1.12292682582969,"d":"1.1"},{"v":0.00337007654664023,"d":"0.0"},{"v":0.270881495480542,"d":"0.3"},{"v":0.260643515412297,"d":"0.3"},{"v":0.153963915181192,"d":"0.2"},null,7,{"v":0.0463534272061279,"d":"0.0"},{"v":0.250635571886352,"d":"0.3"},{"v":0.253051962296514,"d":"0.3"},{"v":0.866614317639931,"d":"0.9"},{"v":0.360118743911566,"d":"0.4"},{"v":1.06835307454153,"d":"1.1"},{"v":1.81480383410104E-3,"d":"0.0"},{"v":0.269866873744067,"d":"0.3"},{"v":0.230455978208263,"d":"0.2"},{"v":0.109625222933866,"d":"0.1"}]
[8,{"v":-7.32090734142411,"d":"-7"},{"v":0.344927851245916,"d":"0"},{"v":1.55119074431294,"d":"2"},{"v":-16.233298750261,"d":"-16"},{"v":-2.97161067941945,"d":"-3"},{"v":1.28302592860335,"d":"1"},{"v":1.56059048016932,"d":"2"},{"v":-0.974794475781708,"d":"-1"},{"v":0.332116595473289,"d":"0"},{"v":3.69036338587216,"d":"4"},null,8,{"v":0.876460888397304,"d":"0.9"},{"v":0.250153634906769,"d":"0.3"},{"v":0.22419796667144,"d":"0.2"},{"v":0.812138739758323,"d":"0.8"},{"v":0.730058605056646,"d":"0.7"},{"v":1.05698932971822,"d":"1.1"},{"v":1.70693826597712E-3,"d":"0.0"},{"v":0.277258428516294,"d":"0.3"},{"v":0.26912056830399,"d":"0.3"},{"v":0.136496485499678,"d":"0.1"},null,8,{"v":0.036679813942899,"d":"0.0"},{"v":0.263649955010902,"d":"0.3"},{"v":0.215096102164091,"d":"0.2"},{"v":0.812138739758323,"d":"0.8"},{"v":0.384241371082445,"d":"0.4"},{"v":1.00859925129232,"d":"1.0"},{"v":0.000973426548389389,"d":"0.0"},{"v":0.276140462694617,"d":"0.3"},{"v":0.236911686512013,"d":"0.2"},{"v":0.0920963990979051,"d":"0.1"}]
[9,{"v":-5.77101153599656,"d":"-6"},{"v":0.351542379297216,"d":"0"},{"v":1.76797406890117,"d":"2"},{"v":-15.6678028632977,"d":"-16"},{"v":-2.74846948541233,"d":"-3"},{"v":1.80616038956984,"d":"2"},{"v":1.65386877406978,"d":"2"},{"v":-0.906056840720437,"d":"-1"},{"v":0.338858394733747,"d":"0"},{"v":3.78626134925239,"d":"4"},null,9,{"v":0.729409940325127,"d":"0.7"},{"v":0.264730430657292,"d":"0.3"},{"v":0.187156263036759,"d":"0.2"},{"v":0.75840790756749,"d":"0.8"},{"v":0.772455431917999,"d":"0.8"},{"v":0.991470686917516,"d":"1.0"},{"v":0.000608914823105433,"d":"0.0"},{"v":0.281114668569983,"d":"0.3"},{"v":0.274896768469483,"d":"0.3"},{"v":0.120258085079264,"d":"0.1"},null,9,{"v":0.028848775614882,"d":"0.0"},{"v":0.273495093247283,"d":"0.3"},{"v":0.18022246613127,"d":"0.2"},{"v":0.75840790756749,"d":"0.8"},{"v":0.406555490483157,"d":"0.4"},{"v":0.948892589773309,"d":"0.9"},{"v":0.000391961721037948,"d":"0.0"},{"v":0.2799121470733,"d":"0.3"},{"v":0.241101651497962,"d":"0.2"},{"v":0.0760936227123619,"d":"0.1"}]
[10,{"v":-4.28871248644467,"d":"-4"},{"v":0.355587656708166,"d":"0"},{"v":1.9647030939061,"d":"2"},{"v":-15.1657075996549,"d":"-15"},{"v":-2.54341336910688,"d":"-3"},{"v":2.31378175221855,"d":"2"},{"v":1.74605257543603,"d":"2"},{"v":-0.842684264789405,"d":"-1"},{"v":0.344488537140665,"d":"0"},{"v":3.86320538207514,"d":"4"},null,10,{"v":0.596621694506215,"d":"0.6"},{"v":0.275645761978906,"d":"0.3"},{"v":0.153491233574886,"d":"0.2"},{"v":0.705421821067434,"d":"0.7"},{"v":0.811416094016034,"d":"0.8"},{"v":0.926370897427587,"d":"0.9"},{"$f":"7.6006218026059*10^-5","v":{"v":7.6006218026059e-05,"d":"0.0"}},{"v":0.282450215641608,"d":"0.3"},{"v":0.277972115908774,"d":"0.3"},{"v":0.105248713919953,"d":"0.1"},null,10,{"v":0.0224658462972311,"d":"0.0"},{"v":0.280170986595495,"d":"0.3"},{"v":0.148431054198051,"d":"0.1"},{"v":0.705421821067434,"d":"0.7"},{"v":0.427061102113702,"d":"0.4"},{"v":0.889233089984506,"d":"0.9"},{"$f":"7.04093520473847*10^-5","v":{"v":7.04093520473847e-05,"d":"0.0"}},{"v":0.281181926880115,"d":"0.3"},{"v":0.243025873166112,"d":"0.2"},{"v":0.0616168937772397,"d":"0.1"}]
[11,{"v":-2.87401019276841,"d":"-3"},{"v":0.357063683478765,"d":"0"},{"v":2.14137781932773,"d":"2"},{"v":-14.7270129593328,"d":"-15"},{"v":-2.35644233050311,"d":"-2"},{"v":2.80589001654948,"d":"3"},{"v":1.83714188426807,"d":"2"},{"v":-0.784676747988609,"d":"-1"},{"v":0.349007022694042,"d":"0"},{"v":3.92119548434041,"d":"4"},null,11,{"v":0.478096150940587,"d":"0.5"},{"v":0.282899628871611,"d":"0.3"},{"v":0.12320287828582,"d":"0.1"},{"v":0.653180480258152,"d":"0.7"},{"v":0.846940591350751,"d":"0.8"},{"v":0.861689961248429,"d":"0.9"},{"v":0.000108212450737444,"d":"0.0"},{"v":0.281265069731168,"d":"0.3"},{"v":0.278346610621865,"d":"0.3"},{"v":0.0914683720217404,"d":"0.1"},null,11,{"v":0.0172462644789433,"d":"0.0"},{"v":0.283677635055538,"d":"0.3"},{"v":0.119721866364434,"d":"0.1"},{"v":0.653180480258152,"d":"0.7"},{"v":0.445758205974078,"d":"0.4"},{"v":0.829620751925912,"d":"0.8"},{"$f":"8.76944141747771*10^-6","v":{"v":8.76944141747771e-06,"d":"0.0"}},{"v":0.279949802115064,"d":"0.3"},{"v":0.242684351516462,"d":"0.2"},{"v":0.0486662122925372,"d":"0.0"}]
[12,{"v":-1.52690465496778,"d":"-2"},{"v":0.355970459609015,"d":"0"},{"v":2.29799824516605,"d":"2"},{"v":-14.3517189423313,"d":"-14"},{"v":-2.18755636960101,"d":"-2"},{"v":3.28248518256262,"d":"3"},{"v":1.9271367005659,"d":"2"},{"v":-0.732034290318052,"d":"-1"},{"v":0.352413851393879,"d":"0"},{"v":3.9602316560482,"d":"4"},null,12,{"v":0.373833309628232,"d":"0.4"},{"v":0.286492031335408,"d":"0.3"},{"v":0.0962911971695597,"d":"0.1"},{"v":0.601683885139646,"d":"0.6"},{"v":0.87902892392215,"d":"0.9"},{"v":0.79742787838004,"d":"0.8"},{"v":0.000705533521241808,"d":"0.0"},{"v":0.277559230838665,"d":"0.3"},{"v":0.276020252608754,"d":"0.3"},{"v":0.0789170593846285,"d":"0.1"},null,12,{"v":0.0129796983489664,"d":"0.0"},{"v":0.284015038627413,"d":"0.3"},{"v":0.0940949026304185,"d":"0.1"},{"v":0.601683885139646,"d":"0.6"},{"v":0.46264680206429,"d":"0.5"},{"v":0.770055575597519,"d":"0.8"},{"v":2.07041989148671E-4,"d":"0.0"},{"v":0.276215772778146,"d":"0.3"},{"v":0.240077086549011,"d":"0.2"},{"v":0.0372415782582536,"d":"0.0"}]
[13,{"v":-0.247395873042787,"d":"-0"},{"v":0.352307985098914,"d":"0"},{"v":2.43456437142108,"d":"2"},{"v":-14.0398255486504,"d":"-14"},{"v":-2.03675548640058,"d":"-2"},{"v":3.74356725025799,"d":"4"},{"v":2.01603702432951,"d":"2"},{"v":-0.684756891777732,"d":"-1"},{"v":0.354709023240175,"d":"0"},{"v":3.98031389719852,"d":"4"},null,13,{"v":0.283833170569149,"d":"0.3"},{"v":0.286422969370296,"d":"0.3"},{"v":0.0727561902261069,"d":"0.1"},{"v":0.550932035711911,"d":"0.6"},{"v":0.907681091730232,"d":"0.9"},{"v":0.733584648822422,"d":"0.7"},{"v":0.00186796942953782,"d":"0.0"},{"v":0.271332698964098,"d":"0.3"},{"v":0.270993041869443,"d":"0.3"},{"v":0.0675947760086189,"d":"0.1"},null,13,{"v":0.00950779720766092,"d":"0.0"},{"v":0.281183197311118,"d":"0.3"},{"v":0.0715501629960036,"d":"0.1"},{"v":0.550932035711911,"d":"0.6"},{"v":0.477726890384332,"d":"0.5"},{"v":0.710537560999333,"d":"0.7"},{"v":6.65226995240076E-4,"d":"0.0"},{"v":0.269979838869361,"d":"0.3"},{"v":0.235204078263761,"d":"0.2"},{"v":0.0273429916743906,"d":"0.0"}]
[14,{"v":0.964516153006567,"d":"1"},{"v":0.346076259948463,"d":"0"},{"v":2.5510761980928,"d":"3"},{"v":-13.7913327782901,"d":"-14"},{"v":-1.90403968090183,"d":"-2"},{"v":4.18913621963557,"d":"4"},{"v":2.10384285555891,"d":"2"},{"v":-0.642844552367649,"d":"-1"},{"v":0.355892538232931,"d":"0"},{"v":3.98144220779136,"d":"4"},null,14,{"v":0.208095733763351,"d":"0.2"},{"v":0.282692442976275,"d":"0.3"},{"v":0.0525978574554626,"d":"0.1"},{"v":0.500924931974954,"d":"0.5"},{"v":0.932897094774994,"d":"0.9"},{"v":0.670160272575574,"d":"0.7"},{"v":0.00359552017562503,"d":"0.0"},{"v":0.262585474107467,"d":"0.3"},{"v":0.26326497840393,"d":"0.3"},{"v":0.0575015218937072,"d":"0.1"},null,14,{"v":0.00670944343875668,"d":"0.0"},{"v":0.275182111106655,"d":"0.3"},{"v":0.0520876474611933,"d":"0.1"},{"v":0.500924931974954,"d":"0.5"},{"v":0.490998470934207,"d":"0.5"},{"v":0.651066708131351,"d":"0.7"},{"v":1.38332445969258E-3,"d":"0.0"},{"v":0.261242000388709,"d":"0.3"},{"v":0.22806532666071,"d":"0.2"},{"v":0.0189704525409464,"d":"0.0"}]
[15,{"v":2.10883142318029,"d":"2"},{"v":0.337275284157662,"d":"0"},{"v":2.64753372518122,"d":"3"},{"v":-13.6062406312505,"d":"-14"},{"v":-1.78940895310475,"d":"-2"},{"v":4.61919209069537,"d":"5"},{"v":2.1905541942541,"d":"2"},{"v":-0.606297272087805,"d":"-1"},{"v":0.355964396372146,"d":"0"},{"v":3.96361658782673,"d":"4"},null,15,{"v":0.146620999210825,"d":"0.1"},{"v":0.275300452153346,"d":"0.3"},{"v":0.0358161988576242,"d":"0.0"},{"v":0.451662573928768,"d":"0.5"},{"v":0.954676933056439,"d":"1.0"},{"v":0.607154749639493,"d":"0.6"},{"v":0.00588818575950434,"d":"0.0"},{"v":0.251317556268772,"d":"0.3"},{"v":0.252836062212216,"d":"0.3"},{"v":0.0486372970398996,"d":"0.0"},null,15,{"v":0.0044907945664569,"d":"0.0"},{"v":0.266011780014023,"d":"0.3"},{"v":0.0357073560259842,"d":"0.0"},{"v":0.451662573928768,"d":"0.5"},{"v":0.502461543713915,"d":"0.5"},{"v":0.59164301699357,"d":"0.6"},{"v":0.0023613343825053,"d":"0.0"},{"v":0.25000225733619,"d":"0.3"},{"v":0.21866083173986,"d":"0.2"},{"v":0.0121239608579238,"d":"0.0"}]
[16,{"v":3.18554993747837,"d":"3"},{"v":0.325905057726511,"d":"0"},{"v":2.72393695268635,"d":"3"},{"v":-13.4845491075314,"d":"-13"},{"v":-1.69286330300934,"d":"-2"},{"v":5.0337348634374,"d":"5"},{"v":2.27617104041508,"d":"2"},{"v":-0.575115050938198,"d":"-1"},{"v":0.354924597657821,"d":"0"},{"v":3.92683703730462,"d":"4"},null,16,{"v":0.0994089669115752,"d":"0.1"},{"v":0.264246996901508,"d":"0.3"},{"v":0.0224112144325925,"d":"0.0"},{"v":0.403144961573364,"d":"0.4"},{"v":0.973020606574566,"d":"1.0"},{"v":0.544568080014187,"d":"0.5"},{"v":0.00874596618117485,"d":"0.0"},{"v":0.237528945448013,"d":"0.2"},{"v":0.239706293294301,"d":"0.2"},{"v":0.0410021014471909,"d":"0.0"},null,16,{"v":0.00277839836343934,"d":"0.0"},{"v":0.253672204033222,"d":"0.3"},{"v":0.0224092886903744,"d":"0.0"},{"v":0.403144961573364,"d":"0.4"},{"v":0.512116108723455,"d":"0.5"},{"v":0.532266487586,"d":"0.5"},{"v":0.00359925676367823,"d":"0.0"},{"v":0.236260609711804,"d":"0.2"},{"v":0.20699059350121,"d":"0.2"},{"v":0.00680351662531997,"d":"0.0"}]
[17,{"v":4.19467169590082,"d":"4"},{"v":0.311965580655009,"d":"0"},{"v":2.78028588060817,"d":"3"},{"v":-13.426258207133,"d":"-13"},{"v":-1.61440273061561,"d":"-2"},{"v":5.43276453786164,"d":"5"},{"v":2.36069339404185,"d":"2"},{"v":-0.549297888918828,"d":"-1"},{"v":0.352773142089955,"d":"0"},{"v":3.87110355622504,"d":"4"},null,17,{"v":0.066459636865595,"d":"0.1"},{"v":0.249532077220762,"d":"0.2"},{"v":0.0123829041803694,"d":"0.0"},{"v":0.355372094908727,"d":"0.4"},{"v":0.987928115329376,"d":"1.0"},{"v":0.482400263699649,"d":"0.5"},{"v":0.0121688614406379,"d":"0.0"},{"v":0.221219641645191,"d":"0.2"},{"v":0.223875671650185,"d":"0.2"},{"v":0.0345959351155845,"d":"0.0"},null,17,{"v":0.00151433382683377,"d":"0.0"},{"v":0.238163383164252,"d":"0.2"},{"v":0.0121934454543675,"d":"0.0"},{"v":0.355372094908727,"d":"0.4"},{"v":0.519962165962829,"d":"0.5"},{"v":0.472937119908632,"d":"0.5"},{"v":0.00509709160321314,"d":"0.0"},{"v":0.220017057515551,"d":"0.2"},{"v":0.193054611944759,"d":"0.2"},{"v":0.00300911984313679,"d":"0.0"}]
[18,{"v":5.13619669844763,"d":"5"},{"v":0.295456852943157,"d":"0"},{"v":2.81658050894669,"d":"3"},{"v":-13.4313679300551,"d":"-13"},{"v":-1.55402723592355,"d":"-2"},{"v":5.8162811139681,"d":"6"},{"v":2.44412125513441,"d":"2"},{"v":-0.528845786029696,"d":"-1"},{"v":0.349510029668549,"d":"0"},{"v":3.79641614458798,"d":"4"},null,18,{"v":0.0477730090728983,"d":"0.0"},{"v":0.231155693111107,"d":"0.2"},{"v":0.00573126810095292,"d":"0.0"},{"v":0.308343973934868,"d":"0.3"},{"v":0.999399459320867,"d":"1.0"},{"v":0.42065130069588,"d":"0.4"},{"v":0.0161568715378926,"d":"0.0"},{"v":0.202389644860304,"d":"0.2"},{"v":0.205344197279868,"d":"0.2"},{"v":0.0294187980450764,"d":"0.0"},null,18,{"v":0.00065272049199923,"d":"0.0"},{"v":0.219485317407113,"d":"0.2"},{"v":0.00505982631796442,"d":"0.0"},{"v":0.308343973934868,"d":"0.3"},{"v":0.525999715432035,"d":"0.5"},{"v":0.413654913961469,"d":"0.4"},{"v":0.00685483890110783,"d":"0.0"},{"v":0.201271600747432,"d":"0.2"},{"v":0.176852887070509,"d":"0.2"},{"v":0.000740770511372446,"d":"0.0"}]
[19,{"v":6.01012494511881,"d":"6"},{"v":0.276378874590956,"d":"0"},{"v":2.8328208377019,"d":"3"},{"v":-13.4998782762979,"d":"-13"},{"v":-1.51173681893317,"d":"-2"},{"v":6.18428459175678,"d":"6"},{"v":2.52645462369275,"d":"3"},{"v":-0.513758742270802,"d":"-1"},{"v":0.345135260393603,"d":"0"},{"v":3.70277480239345,"d":"4"},null,19,{"v":0.043349083533478,"d":"0.0"},{"v":0.209117844572543,"d":"0.2"},{"v":0.00245630619434234,"d":"0.0"},{"v":0.262060598651784,"d":"0.3"},{"v":1.00743463854904,"d":"1.0"},{"v":0.359321191002884,"d":"0.4"},{"v":0.0207099964729385,"d":"0.0"},{"v":0.181038955093354,"d":"0.2"},{"v":0.18411187018335,"d":"0.2"},{"v":0.0254706902356707,"d":"0.0"},null,19,{"v":0.000157172477219181,"d":"0.0"},{"v":0.197638006761805,"d":"0.2"},{"v":0.00100843128116157,"d":"0.0"},{"v":0.262060598651784,"d":"0.3"},{"v":0.530228757131074,"d":"0.5"},{"v":0.354419869744513,"d":"0.4"},{"v":0.00887249865736317,"d":"0.0"},{"v":0.180024239407445,"d":"0.2"},{"v":0.158385418878458,"d":"0.2"},{"v":-1.53136997083081e-06,"d":"-0.0"}]
[20,{"v":6.81645643591434,"d":"7"},{"v":0.254731645598404,"d":"0"},{"v":2.82900686687382,"d":"3"},{"v":-13.6317892458613,"d":"-14"},{"v":-1.48753147964445,"d":"-1"},{"v":6.53677497122768,"d":"7"},{"v":2.60769349971689,"d":"3"},{"v":-0.504036757642146,"d":"-1"},{"v":0.339648834265116,"d":"0"},{"v":3.59017952964143,"d":"4"},null,20,{"v":0.0531878602473341,"d":"0.1"},{"v":0.183418531605071,"d":"0.2"},{"v":2.55801846054027E-3,"d":"0.0"},{"v":0.216521969059473,"d":"0.2"},{"v":1.0120336530139,"d":"1.0"},{"v":0.298409934620652,"d":"0.3"},{"v":0.0258282362457769,"d":"0.0"},{"v":0.157167572344339,"d":"0.2"},{"v":0.160178690360631,"d":"0.2"},{"v":0.0227516116873643,"d":"0.0"},null,20,{"v":-1.08191317267319e-06,"d":"-0.0"},{"v":0.172621451228329,"d":"0.2"},{"$f":"3.92603439607342*10^-5","v":{"v":3.92603439607342e-05,"d":"0.0"}},{"v":0.216521969059473,"d":"0.2"},{"v":0.532649291059944,"d":"0.5"},{"v":0.295231987257758,"d":"0.3"},{"v":0.0111500708719796,"d":"0.0"},{"v":0.156274973495591,"d":"0.2"},{"v":0.137652207368608,"d":"0.1"},{"v":0.00078221419910296,"d":"0.0"}]
[21,{"v":7.55519117083425,"d":"8"},{"v":0.230515165965501,"d":"0"},{"v":2.80513859646244,"d":"3"},{"v":-13.8271008387453,"d":"-14"},{"v":-1.48141121805742,"d":"-1"},{"v":6.87375225238079,"d":"7"},{"v":2.68783788320681,"d":"3"},{"v":-0.499679832143727,"d":"-0"},{"v":0.333050751283089,"d":"0"},{"v":3.45863032633195,"d":"3"},null,21,{"v":0.0772893392144667,"d":"0.1"},{"v":0.15405775420869,"d":"0.2"},{"v":0.00603640489954493,"d":"0.0"},{"v":0.171728085157937,"d":"0.2"},{"v":1.01319650271543,"d":"1.0"},{"v":0.237917531549199,"d":"0.2"},{"v":0.0315115908564056,"d":"0.0"},{"v":0.13077549661326,"d":"0.1"},{"v":0.133544657811711,"d":"0.1"},{"v":0.0212615624001611,"d":"0.0"},null,21,{"v":0.000155397263228243,"d":"0.0"},{"v":0.144435650806684,"d":"0.1"},{"v":0.0021523135063628,"d":"0.0"},{"v":0.171728085157937,"d":"0.2"},{"v":0.533261317218649,"d":"0.5"},{"v":0.236091266501216,"d":"0.2"},{"v":0.0136875555449563,"d":"0.0"},{"v":0.13002380301187,"d":"0.1"},{"v":0.114653252540958,"d":"0.1"},{"v":3.09200721860137E-3,"d":"0.0"}]
[22,{"v":8.22632914987852,"d":"8"},{"v":0.203729435692249,"d":"0"},{"v":2.76121602646775,"d":"3"},{"v":-14.0858130549499,"d":"-14"},{"v":-1.49337603417205,"d":"-1"},{"v":7.19521643521613,"d":"7"},{"v":2.76688777416252,"d":"3"},{"v":-0.500687965775545,"d":"-1"},{"v":0.325341011447521,"d":"0"},{"v":3.30812719246499,"d":"3"},null,22,{"v":0.115653520434876,"d":"0.1"},{"v":0.1210355123834,"d":"0.1"},{"v":0.0128914655113563,"d":"0.0"},{"v":0.127678946947178,"d":"0.1"},{"v":1.01092318765365,"d":"1.0"},{"v":0.177843981788511,"d":"0.2"},{"v":0.0377600603048278,"d":"0.0"},{"v":0.101862727900119,"d":"0.1"},{"v":0.10420977253659,"d":"0.1"},{"v":0.0210005423740576,"d":"0.0"},null,22,{"v":0.000609208445091645,"d":"0.0"},{"v":0.11308060549687,"d":"0.1"},{"v":0.00734759076836511,"d":"0.0"},{"v":0.127678946947178,"d":"0.1"},{"v":0.532064835607184,"d":"0.5"},{"v":0.176997707474872,"d":"0.2"},{"v":0.0164849526762936,"d":"0.0"},{"v":0.101270727956283,"d":"0.1"},{"v":0.089388554395507,"d":"0.1"},{"v":0.00692784768851862,"d":"0.0"}]
[23,{"v":8.82987037304714,"d":"9"},{"v":0.174374454778647,"d":"0"},{"v":2.69723915688977,"d":"3"},{"v":-14.4079258944752,"d":"-14"},{"v":-1.52342592798836,"d":"-2"},{"v":7.50116751973368,"d":"8"},{"v":2.84484317258401,"d":"3"},{"v":-0.507061158537602,"d":"-1"},{"v":0.316519614758412,"d":"0"},{"v":3.13867012804055,"d":"3"},null,23,{"v":0.16828040390854,"d":"0.2"},{"v":0.0843518061292017,"d":"0.1"},{"v":0.0231232002959754,"d":"0.0"},{"v":0.084374554427189,"d":"0.1"},{"v":1.00521370782855,"d":"1.0"},{"v":0.118189285338593,"d":"0.1"},{"v":0.0445736445910403,"d":"0.0"},{"v":0.0704292662049129,"d":"0.1"},{"v":0.0721740345352672,"d":"0.1"},{"v":0.021968551609052,"d":"0.0"},null,23,{"v":0.00134731561853226,"d":"0.0"},{"v":0.0785563152988865,"d":"0.1"},{"v":0.015625092129973,"d":"0.0"},{"v":0.084374554427189,"d":"0.1"},{"v":0.529059846225552,"d":"0.5"},{"v":0.117951310178729,"d":"0.1"},{"v":0.019542262265992,"d":"0.0"},{"v":0.070015748328828,"d":"0.1"},{"v":0.0618581129322565,"d":"0.1"},{"v":0.0122897356088503,"d":"0.0"}]
[24,{"v":9.36581484034015,"d":"9"},{"v":0.142450223224694,"d":"0"},{"v":2.61320798772848,"d":"3"},{"v":-14.793439357321,"d":"-15"},{"v":-1.57156089950634,"d":"-2"},{"v":7.79160550593346,"d":"8"},{"v":2.9217040784713,"d":"3"},{"v":-0.518799410429896,"d":"-1"},{"v":0.306586561215763,"d":"0"},{"v":2.95025913305863,"d":"3"},null,24,{"v":0.235169989635509,"d":"0.2"},{"v":0.0440066354460948,"d":"0.0"},{"v":0.0367316092533994,"d":"0.0"},{"v":0.0418149075979812,"d":"0.0"},{"v":0.996068063240136,"d":"1.0"},{"v":0.0589534421994493,"d":"0.1"},{"v":0.0519523437150453,"d":"0.1"},{"v":0.036475111527642,"d":"0.0"},{"v":0.0374374438077437,"d":"0.0"},{"v":0.0241655901051514,"d":"0.0"},null,24,{"v":0.00236045284167553,"d":"0.0"},{"v":0.0408627802127347,"d":"0.0"},{"v":0.0269848175911784,"d":"0.0"},{"v":0.0418149075979812,"d":"0.0"},{"v":0.524246349073755,"d":"0.5"},{"v":0.0589520746128045,"d":"0.1"},{"v":0.0228594843140502,"d":"0.0"},{"v":0.0362588641295061,"d":"0.0"},{"v":0.032061928151206,"d":"0.0"},{"v":0.019177670979607,"d":"0.0"}]
[25,{"v":9.8341625517575,"d":"10"},{"v":0.107956741030391,"d":"0"},{"v":2.50912251898389,"d":"3"},{"v":-15.2423534434874,"d":"-15"},{"v":-1.63778094872599,"d":"-2"},{"v":8.06653039381545,"d":"8"},{"v":2.99747049182438,"d":"3"},{"v":-0.535902721452428,"d":"-1"},{"v":0.295541850819574,"d":"0"},{"v":2.74289420751924,"d":"3"},null,25,{"v":0.316322277615726,"d":"0.3"},{"$f":"3.340792087414*10^-10","v":{"v":3.340792087414e-10,"d":"0.0"}},{"v":0.0537166923836319,"d":"0.1"},{"$f":"6.45954045808139*10^-9","v":{"v":6.45954045808139e-09,"d":"0.0"}},{"v":0.983486253888401,"d":"1.0"},{"v":0.000136452371069851,"d":"0.0"},{"v":0.0598961576768424,"d":"0.1"},{"$f":"2.63868308092441*10^-7","v":{"v":2.63868308092441e-07,"d":"0.0"}},{"$f":"3.54019202841727*10^-10","v":{"v":3.54019202841727e-10,"d":"0.0"}},{"v":0.0275916578623487,"d":"0.0"},null,25,{"v":0.00364268177002229,"d":"0.0"},{"$f":"2.38413871977983*10^-10","v":{"v":2.38413871977983E-10,"d":"0.0"}},{"v":0.0414267671519868,"d":"0.0"},{"$f":"6.45954045808139*10^-9","v":{"v":6.45954045808139e-09,"d":"0.0"}},{"v":0.51762434415179,"d":"0.5"},{"$f":"7.77072628466158*10^-10","v":{"v":7.770726284661581e-10,"d":"0.0"}},{"v":0.0264366188204703,"d":"0.0"},{"$f":"7.53583171420047*10^-8","v":{"v":7.5358317142004707E-8,"d":"0.0"}},{"$f":"5.23554533060633*10^-11","v":{"v":5.2355453306063295E-11,"d":"0.0"}},{"v":0.0275916538007817,"d":"0.0"}]
[]
[]
["Absolute CFs for decommissioning impacts, considering 25 years after decommissioning"]
["Scenario I-D: Full structure to sandy seabed",{"$nulls":11},"Scenario II-D: Full structure to scour protection",{"$nulls":11},"Scenario III-D: Full structure to scour protection + 5m of foundation"]
["Unit: species.year/structure",{"$nulls":11},"Unit: species.year/structure",{"$nulls":11},"Unit: species.year/structure"]
["Age, t [yr]","TOTAL","Porifera","Cnidaria","Worms","Mollusca","Arthropoda","Bryozoa","Echinodermata","Chordata","Aliens",null,"Age, t [yr]","TOTAL","Porifera","Cnidaria","Worms","Mollusca","Arthropoda","Bryozoa","Echinodermata","Chordata","Aliens",null,"Age, t [yr]","TOTAL","Porifera","Cnidaria","Worms","Mollusca","Arthropoda","Bryozoa","Echinodermata","Chordata","Aliens"]
[1,{"$f":"B54*25","v":{"v":-501.5721785983675,"d":"-502"}},{"v":5.667178423925275,"d":"6"},{"v":-13.1953229034272,"d":"-13"},{"v":-549.17468529954,"d":"-549"},{"v":-125.99953032790374,"d":"-126"},{"v":-70.33205127649876,"d":"-70"},{"v":21.924915797704376,"d":"22"},{"v":-40.15448942143125,"d":"-40"},{"v":6.34494021877375,"d":"6"},{"v":62.20918966503201,"d":"62"},null,1,{"$f":"N54*25","v":{"v":57.629329699858,"d":"58"}},{"$f":"O54*25","v":{"v":1.139876516091735,"d":"1"}},{"v":14.45091922382005,"d":"14"},{"v":30.227686110895753,"d":"30"},{"v":8.42670509135685,"d":"8"},{"v":38.183693050617,"d":"38"},{"v":0.6304079456061376,"d":"1"},{"v":4.492133616067125,"d":"4"},{"v":3.8265822702978,"d":"4"},{"v":7.114452693834824,"d":"7"},null,1,{"$f":"Z54*25","v":{"v":5.239274972097499,"d":"5"}},{"v":2.6498782621877,"d":"3"},{"v":13.63784572956725,"d":"14"},{"v":30.227686110895753,"d":"30"},{"v":4.435107942819401,"d":"4"},{"v":35.6966602592775,"d":"36"},{"v":0.30803072934863,"d":"0"},{"v":4.492133600789025,"d":"4"},{"v":3.6035279677991,"d":"4"},{"v":6.171129060211425,"d":"6"}]
[2,{"$f":"B55*25","v":{"v":-450.9953511844425,"d":"-451"}},{"v":6.282160487269051,"d":"6"},{"v":-4.2662373616438005,"d":"-4"},{"v":-523.9421790443475,"d":"-524"},{"v":-117.25611187993275,"d":"-117"},{"v":-54.538897546724755,"d":"-55"},{"v":24.448409338702927,"d":"24"},{"v":-37.497163197108,"d":"-37"},{"v":6.708025149654801,"d":"7"},{"v":67.92357659709575,"d":"68"},null,2,{"$f":"N55*25","v":{"v":51.45708310373025,"d":"51"}},{"v":2.1450526849138103,"d":"2"},{"v":12.9339586527118,"d":"13"},{"v":28.7540848102395,"d":"29"},{"v":10.0879545964713,"d":"10"},{"v":36.47242765121475,"d":"36"},{"v":0.5040622629208025,"d":"1"},{"v":5.029660889270525,"d":"5"},{"v":4.4436365015203,"d":"4"},{"v":6.4934125626318755,"d":"6"},null,2,{"$f":"Z55*25","v":{"v":3.9089326215313496,"d":"4"}},{"v":3.450624573526775,"d":"3"},{"v":12.2266156113164,"d":"12"},{"v":28.7540848102395,"d":"29"},{"v":5.309449787616475,"d":"5"},{"v":34.1957404185165,"d":"34"},{"v":0.24800942845173973,"d":"0"},{"v":5.024259010332825,"d":"5"},{"v":4.10478217306285,"d":"4"},{"v":5.5040013467494004,"d":"6"}]
[3,{"$f":"B56*25","v":{"v":-402.1084426674075,"d":"-402"}},{"v":6.832911284604075,"d":"7"},{"v":4.161490690557075,"d":"4"},{"v":-500.29468837217246,"d":"-500"},{"v":-108.96482037450374,"d":"-109"},{"v":-39.13357127489525,"d":"-39"},{"v":26.944540566346248,"d":"27"},{"v":-34.973963451040504,"d":"-35"},{"v":7.0433186591973,"d":"7"},{"v":73.16411526522275,"d":"73"},null,3,{"$f":"N56*25","v":{"v":45.641404063934246,"d":"46"}},{"v":3.0586922430131747,"d":"3"},{"v":11.501414935923725,"d":"12"},{"v":27.2991021518525,"d":"27"},{"v":11.663299982502826,"d":"12"},{"v":34.77163358458175,"d":"35"},{"v":0.39184445118024996,"d":"0"},{"v":5.5041708379223255,"d":"6"},{"v":4.993169414587776,"d":"5"},{"v":5.903098162956425,"d":"6"},null,3,{"$f":"Z56*25","v":{"v":2.99773361207295,"d":"3"}},{"v":4.172139762661625,"d":"4"},{"v":10.892441095555599,"d":"11"},{"v":27.2991021518525,"d":"27"},{"v":6.138578938159375,"d":"6"},{"v":32.69599962101075,"d":"33"},{"v":0.19448593901386652,"d":"0"},{"v":5.49383680557995,"d":"5"},{"v":4.5493927953816,"d":"5"},{"v":4.875024819547875,"d":"5"}]
[4,{"$f":"B57*25","v":{"v":-354.911453047265,"d":"-355"}},{"v":7.31943081593035,"d":"7"},{"v":12.087861253175426,"d":"12"},{"v":-478.2322132830125,"d":"-478"},{"v":-101.1256558116165,"d":"-101"},{"v":-24.116072461010475,"d":"-24"},{"v":29.413309480634247,"d":"29"},{"v":-32.58489018322925,"d":"-33"},{"v":7.350820747401325,"d":"7"},{"v":77.93080566941275,"d":"78"},null,4,{"$f":"N57*25","v":{"v":40.182292580470005,"d":"40"}},{"v":3.880795190389825,"d":"4"},{"v":10.1532880734558,"d":"10"},{"v":25.862738135734997,"d":"26"},{"v":13.152741249451374,"d":"13"},{"v":33.081310850718,"d":"33"},{"v":0.2937545103844975,"d":"0"},{"v":5.9156634620225255,"d":"6"},{"v":5.475181009500225,"d":"5"},{"v":5.343509494808475,"d":"5"},null,4,{"$f":"Z57*25","v":{"v":2.3387496205623823,"d":"2"}},{"v":4.81442382959225,"d":"5"},{"v":9.635322182284826,"d":"10"},{"v":25.862738135734997,"d":"26"},{"v":6.9224953944481,"d":"7"},{"v":31.19743786675975,"d":"31"},{"v":0.147460261035004,"d":"0"},{"v":5.900866986530375,"d":"6"},{"v":4.93735983475535,"d":"5"},{"v":4.284199478606825,"d":"4"}]
[5,{"$f":"B58*25","v":{"v":-309.4043823240125,"d":"-309"}},{"v":7.741719081247875,"d":"8"},{"v":19.512874326211275,"d":"20"},{"v":-457.7547537768675,"d":"-458"},{"v":-93.73861819127126,"d":"-94"},{"v":-9.486401105070124,"d":"-9"},{"v":31.854716081566746,"d":"32"},{"v":-30.329943393673496,"d":"-30"},{"v":7.630531414266825,"d":"8"},{"v":82.223647809666,"d":"82"},null,5,{"$f":"N58*25","v":{"v":35.07974865333775,"d":"35"}},{"v":4.6113615270437505,"d":"5"},{"v":8.8895780653081,"d":"9"},{"v":24.444992761886624,"d":"24"},{"v":14.556278397317024,"d":"15"},{"v":31.4014594496235,"d":"31"},{"v":0.20979244053354051,"d":"0"},{"v":6.264138761571125,"d":"6"},{"v":5.88967128625765,"d":"6"},{"v":4.814646558188075,"d":"5"},null,5,{"$f":"Z58*25","v":{"v":1.8435138447279027,"d":"2"}},{"v":5.37747677431865,"d":"5"},{"v":8.455258871504125,"d":"8"},{"v":24.444992761886624,"d":"24"},{"v":7.661199156482625,"d":"8"},{"v":29.70005515576425,"d":"30"},{"v":0.10693239451515799,"d":"0"},{"v":6.24534955318415,"d":"6"},{"v":5.268683291184075,"d":"5"},{"v":3.7315253239262747,"d":"4"}]
[6,{"$f":"B59*25","v":{"v":-265.5872304976525,"d":"-266"}},{"v":8.099776080556625,"d":"8"},{"v":26.436529909664504,"d":"26"},{"v":-438.8623098537375,"d":"-439"},{"v":-86.80370751346776,"d":"-87"},{"v":4.755442792925675,"d":"5"},{"v":34.26876036914425,"d":"34"},{"v":-28.209123082374,"d":"-28"},{"v":7.8824506597937996,"d":"8"},{"v":86.04264168598225,"d":"86"},null,6,{"$f":"N59*25","v":{"v":30.333772282537502,"d":"30"}},{"v":5.25039125297495,"d":"5"},{"v":7.71028491148055,"d":"8"},{"v":23.04586603030775,"d":"23"},{"v":15.873911426099674,"d":"16"},{"v":29.73207938129825,"d":"30"},{"v":0.13995824162737475,"d":"0"},{"v":6.54959673656815,"d":"7"},{"v":6.23664024486005,"d":"6"},{"v":4.316509353095175,"d":"4"},null,6,{"$f":"Z59*25","v":{"v":1.4607830715787575,"d":"1"}},{"v":5.86129859684085,"d":"6"},{"v":7.352251163213475,"d":"7"},{"v":23.04586603030775,"d":"23"},{"v":8.354690224263,"d":"8"},{"v":28.203851488023503,"d":"28"},{"v":0.07290233945433375,"d":"0"},{"v":6.5272845055412505,"d":"7"},{"v":5.543363164667825,"d":"6"},{"v":3.2170023555062253,"d":"3"}]
[7,{"$f":"B60*25","v":{"v":-223.45999756818173,"d":"-223"}},{"v":8.39360181385665,"d":"8"},{"v":32.85882800353525,"d":"33"},{"v":-421.554881513625,"d":"-422"},{"v":-80.320923778206,"d":"-80"},{"v":18.609459232977,"d":"19"},{"v":36.65544234336625,"d":"37"},{"v":-26.2224292493305,"d":"-26"},{"v":8.106578483982275,"d":"8"},{"v":89.38778729836176,"d":"89"},null,7,{"$f":"N60*25","v":{"v":25.94436346806925,"d":"26"}},{"v":5.79788436818345,"d":"6"},{"v":6.615408611973176,"d":"7"},{"v":21.665357940998277,"d":"22"},{"v":17.105640335799375,"d":"17"},{"v":28.073170645742252,"d":"28"},{"v":0.08425191366600575,"d":"0"},{"v":6.77203738701355,"d":"7"},{"v":6.516087885307425,"d":"7"},{"v":3.8490978795298005,"d":"4"},null,7,{"$f":"Z60*25","v":{"v":1.1588356801531976,"d":"1"}},{"v":6.2658892971588,"d":"6"},{"v":6.32629905741285,"d":"6"},{"v":21.665357940998277,"d":"22"},{"v":9.00296859778915,"d":"9"},{"v":26.70882686353825,"d":"27"},{"v":0.045370095852526,"d":"0"},{"v":6.746671843601675,"d":"7"},{"v":5.761399455206575,"d":"6"},{"v":2.74063057334665,"d":"3"}]
[8,{"$f":"B61*25","v":{"v":-183.02268353560277,"d":"-183"}},{"v":8.6231962811479,"d":"9"},{"v":38.7797686078235,"d":"39"},{"v":-405.832468756525,"d":"-406"},{"v":-74.29026698548626,"d":"-74"},{"v":32.07564821508375,"d":"32"},{"v":39.014762004233,"d":"39"},{"v":-24.369861894542698,"d":"-24"},{"v":8.302914886832225,"d":"8"},{"v":92.259084646804,"d":"92"},null,8,{"$f":"N61*25","v":{"v":21.9115222099326,"d":"22"}},{"v":6.253840872669225,"d":"6"},{"v":5.6049491667860005,"d":"6"},{"v":20.303468493958075,"d":"20"},{"v":18.25146512641615,"d":"18"},{"v":26.4247332429555,"d":"26"},{"v":0.042673456649427996,"d":"0"},{"v":6.93146071290735,"d":"7"},{"v":6.72801420759975,"d":"7"},{"v":3.41241213749195,"d":"3"},null,8,{"$f":"Z61*25","v":{"v":0.916995348572475,"d":"1"}},{"v":6.59124887527255,"d":"7"},{"v":5.377402554102275,"d":"5"},{"v":20.303468493958075,"d":"20"},{"v":9.606034277061125,"d":"10"},{"v":25.214981282308003,"d":"25"},{"v":0.024335663709734726,"d":"0"},{"v":6.903511567365425,"d":"7"},{"v":5.922792162800325,"d":"6"},{"v":2.302409977447627,"d":"2"}]
[9,{"$f":"B62*25","v":{"v":-144.275288399914,"d":"-144"}},{"v":8.788559482430399,"d":"9"},{"v":44.19935172252925,"d":"44"},{"v":-391.6950715824425,"d":"-392"},{"v":-68.71173713530825,"d":"-69"},{"v":45.154009739246,"d":"45"},{"v":41.3467193517445,"d":"41"},{"v":-22.651421018010925,"d":"-23"},{"v":8.471459868343675,"d":"8"},{"v":94.65653373130975,"d":"95"},null,9,{"$f":"N62*25","v":{"v":18.235248508128173,"d":"18"}},{"v":6.6182607664323,"d":"7"},{"v":4.678906575918975,"d":"5"},{"v":18.96019768918725,"d":"19"},{"v":19.311385797949974,"d":"19"},{"v":24.7867671729379,"d":"25"},{"v":0.015222870577635824,"d":"0"},{"v":7.027866714249575,"d":"7"},{"v":6.872419211737076,"d":"7"},{"v":3.0064521269816,"d":"3"},null,9,{"$f":"Z62*25","v":{"v":0.72121939037205,"d":"1"}},{"v":6.837377331182075,"d":"7"},{"v":4.50556165328175,"d":"5"},{"v":18.96019768918725,"d":"19"},{"v":10.163887262078925,"d":"10"},{"v":23.722314744332724,"d":"24"},{"v":0.0097990430259487,"d":"0"},{"v":6.9978036768325,"d":"7"},{"v":6.02754128744905,"d":"6"},{"v":1.9023405678090477,"d":"2"}]
[10,{"$f":"B63*25","v":{"v":-107.21781216111674,"d":"-107"}},{"v":8.88969141770415,"d":"9"},{"v":49.1175773476525,"d":"49"},{"v":-379.1426899913725,"d":"-379"},{"v":-63.585334227672,"d":"-64"},{"v":57.84454380546376,"d":"58"},{"v":43.651314385900754,"d":"44"},{"v":-21.067106619735124,"d":"-21"},{"v":8.612213428516625,"d":"9"},{"v":96.5801345518785,"d":"97"},null,10,{"$f":"N63*25","v":{"v":14.915542362655376,"d":"15"}},{"v":6.89114404947265,"d":"7"},{"v":3.8372808393721503,"d":"4"},{"v":17.63554552668585,"d":"18"},{"v":20.28540235040085,"d":"20"},{"v":23.159272435689676,"d":"23"},{"v":0.001900155450651475,"d":"0"},{"v":7.0612553910402,"d":"7"},{"v":6.949302897719351,"d":"7"},{"v":2.631217847998825,"d":"3"},null,10,{"$f":"Z63*25","v":{"v":0.5616461574307775,"d":"1"}},{"v":7.004274664887375,"d":"7"},{"v":3.710776354951275,"d":"4"},{"v":17.63554552668585,"d":"18"},{"v":10.67652755284255,"d":"11"},{"v":22.230827249612652,"d":"22"},{"v":1.7602338011846175E-3,"d":"0"},{"v":7.029548172002875,"d":"7"},{"v":6.0756468291528,"d":"6"},{"v":1.5404223444309926,"d":"2"}]
[11,{"$f":"B64*25","v":{"v":-71.85025481921025,"d":"-72"}},{"v":8.926592086969125,"d":"9"},{"v":53.53444548319325,"d":"54"},{"v":-368.17532398332,"d":"-368"},{"v":-58.911058262577754,"d":"-59"},{"v":70.147250413737,"d":"70"},{"v":45.92854710670175,"d":"46"},{"v":-19.616918699715225,"d":"-20"},{"v":8.72517556735105,"d":"9"},{"v":98.02988710851025,"d":"98"},null,11,{"$f":"N64*25","v":{"v":11.952403773514675,"d":"12"}},{"v":7.072490721790276,"d":"7"},{"v":3.0800719571455,"d":"3"},{"v":16.3295120064538,"d":"16"},{"v":21.173514783768773,"d":"21"},{"v":21.542249031210726,"d":"22"},{"v":0.0027053112684361,"d":"0"},{"v":7.0316267432792,"d":"7"},{"v":6.958665265546625,"d":"7"},{"v":2.2867093005435097,"d":"2"},null,11,{"$f":"Z64*25","v":{"v":0.43115661197358246,"d":"0"}},{"v":7.09194087638845,"d":"7"},{"v":2.99304665911085,"d":"3"},{"v":16.3295120064538,"d":"16"},{"v":11.14395514935195,"d":"11"},{"v":20.7405187981478,"d":"21"},{"v":2.1923603543694275E-4,"d":"0"},{"v":6.9987450528765995,"d":"7"},{"v":6.06710878791155,"d":"6"},{"v":1.21665530731343,"d":"1"}]
[12,{"$f":"B65*25","v":{"v":-38.172616374194504,"d":"-38"}},{"v":8.899261490225376,"d":"9"},{"v":57.449956129151246,"d":"57"},{"v":-358.7929735582825,"d":"-359"},{"v":-54.688909240025254,"d":"-55"},{"v":82.0621295640655,"d":"82"},{"v":48.1784175141475,"d":"48"},{"v":-18.3008572579513,"d":"-18"},{"v":8.810346284846975,"d":"9"},{"v":99.005791401205,"d":"99"},null,12,{"$f":"N65*25","v":{"v":9.3458327407058,"d":"9"}},{"v":7.1623007833852,"d":"7"},{"v":2.4072799292389924,"d":"2"},{"v":15.04209712849115,"d":"15"},{"v":21.975723098053752,"d":"22"},{"v":19.935696959501,"d":"20"},{"v":0.0176383380310452,"d":"0"},{"v":6.938980770966626,"d":"7"},{"v":6.90050631521885,"d":"7"},{"v":1.9729264846157124,"d":"2"},null,12,{"$f":"Z65*25","v":{"v":0.32449245872416,"d":"0"}},{"v":7.100375965685325,"d":"7"},{"v":2.3523725657604624,"d":"2"},{"v":15.04209712849115,"d":"15"},{"v":11.56617005160725,"d":"12"},{"v":19.251389389937977,"d":"19"},{"v":0.005176049728716775,"d":"0"},{"v":6.9053943194536505,"d":"7"},{"v":6.001927163725275,"d":"6"},{"v":0.9310394564563401,"d":"1"}]
[13,{"$f":"B66*25","v":{"v":-6.184896826069675,"d":"-6"}},{"v":8.80769962747285,"d":"9"},{"v":60.864109285527,"d":"61"},{"v":-350.99563871626003,"d":"-351"},{"v":-50.918887160014506,"d":"-51"},{"v":93.58918125644975,"d":"94"},{"v":50.40092560823774,"d":"50"},{"v":-17.1189222944433,"d":"-17"},{"v":8.867725581004375,"d":"9"},{"v":99.50784742996301,"d":"100"},null,13,{"$f":"N66*25","v":{"v":7.095829264228724,"d":"7"}},{"v":7.1605742342574,"d":"7"},{"v":1.8189047556526723,"d":"2"},{"v":13.773300892797774,"d":"14"},{"v":22.6920272932558,"d":"23"},{"v":18.33961622056055,"d":"18"},{"v":0.0466992357384455,"d":"0"},{"v":6.78331747410245,"d":"7"},{"v":6.7748260467360755,"d":"7"},{"v":1.6898694002154726,"d":"2"},null,13,{"$f":"Z66*25","v":{"v":0.237694930191523,"d":"0"}},{"v":7.02957993277795,"d":"7"},{"v":1.78875407490009,"d":"2"},{"v":13.773300892797774,"d":"14"},{"v":11.9431722596083,"d":"12"},{"v":17.763439024983324,"d":"18"},{"v":0.0166306748810019,"d":"0"},{"v":6.749495971734025,"d":"7"},{"v":5.880101956594025,"d":"6"},{"v":0.683574791859765,"d":"1"}]
[14,{"$f":"B67*25","v":{"v":24.112903825164175,"d":"24"}},{"v":8.651906498711575,"d":"9"},{"v":63.77690495232,"d":"64"},{"v":-344.7833194572525,"d":"-345"},{"v":-47.60099202254575,"d":"-48"},{"v":104.72840549088924,"d":"105"},{"v":52.59607138897275,"d":"53"},{"v":-16.071113809191225,"d":"-16"},{"v":8.897313455823275,"d":"9"},{"v":99.536055194784,"d":"100"},null,14,{"$f":"N67*25","v":{"v":5.202393344083775,"d":"5"}},{"v":7.067311074406875,"d":"7"},{"v":1.314946436386565,"d":"1"},{"v":12.52312329937385,"d":"13"},{"v":23.32242736937485,"d":"23"},{"v":16.75400681438935,"d":"17"},{"v":0.08988800439062576,"d":"0"},{"v":6.564636852686675,"d":"7"},{"v":6.58162446009825,"d":"7"},{"v":1.43753804734268,"d":"1"},null,14,{"$f":"Z67*25","v":{"v":0.167736085968917,"d":"0"}},{"v":6.879552777666376,"d":"7"},{"v":1.3021911865298326,"d":"1"},{"v":12.52312329937385,"d":"13"},{"v":12.274961773355175,"d":"12"},{"v":16.276667703283778,"d":"16"},{"v":0.0345831114923145,"d":"0"},{"v":6.531050009717725,"d":"7"},{"v":5.70163316651775,"d":"6"},{"v":0.47426131352366,"d":"0"}]
[15,{"$f":"B68*25","v":{"v":52.72078557950724,"d":"53"}},{"v":8.43188210394155,"d":"8"},{"v":66.18834312953051,"d":"66"},{"v":-340.1560157812625,"d":"-340"},{"v":-44.735223827618746,"d":"-45"},{"v":115.47980226738426,"d":"115"},{"v":54.7638548563525,"d":"55"},{"v":-15.157431802195125,"d":"-15"},{"v":8.89910990930365,"d":"9"},{"v":99.09041469566824,"d":"99"},null,15,{"$f":"N68*25","v":{"v":3.665524980270625,"d":"4"}},{"v":6.882511303833649,"d":"7"},{"v":0.895404971440605,"d":"1"},{"v":11.2915643482192,"d":"11"},{"v":23.866923326410973,"d":"24"},{"v":15.178868740987324,"d":"15"},{"v":0.14720464398760852,"d":"0"},{"v":6.2829389067193,"d":"6"},{"v":6.3209015553054,"d":"6"},{"v":1.21593242599749,"d":"1"},null,15,{"$f":"Z68*25","v":{"v":0.1122698641614225,"d":"0"}},{"v":6.650294500350575,"d":"7"},{"v":0.8926839006496049,"d":"1"},{"v":11.2915643482192,"d":"11"},{"v":12.561538592847876,"d":"13"},{"v":14.791075424839251,"d":"15"},{"v":0.059033359562632504,"d":"0"},{"v":6.250056433404751,"d":"6"},{"v":5.4665207934965006,"d":"5"},{"v":0.303099021448095,"d":"0"}]
[16,{"$f":"B69*25","v":{"v":79.63874843695925,"d":"80"}},{"v":8.147626443162775,"d":"8"},{"v":68.09842381715875,"d":"68"},{"v":-337.113727688285,"d":"-337"},{"v":-42.3215825752335,"d":"-42"},{"v":125.84337158593499,"d":"126"},{"v":56.904276010377,"d":"57"},{"v":-14.377876273454952,"d":"-14"},{"v":8.873114941445523,"d":"9"},{"v":98.1709259326155,"d":"98"},null,16,{"$f":"N69*25","v":{"v":2.4852241727893802,"d":"2"}},{"v":6.6061749225377,"d":"7"},{"v":0.5602803608148125,"d":"1"},{"v":10.0786240393341,"d":"10"},{"v":24.325515164364152,"d":"24"},{"v":13.614202000354675,"d":"14"},{"v":0.21864915452937125,"d":"0"},{"v":5.938223636200325,"d":"6"},{"v":5.992657332357525,"d":"6"},{"v":1.0250525361797724,"d":"1"},null,16,{"$f":"Z69*25","v":{"v":0.0694599590859835,"d":"0"}},{"v":6.34180510083055,"d":"6"},{"v":0.56023221725936,"d":"1"},{"v":10.0786240393341,"d":"10"},{"v":12.802902718086376,"d":"13"},{"v":13.306662189650002,"d":"13"},{"v":0.08998141909195574,"d":"0"},{"v":5.906515242795099,"d":"6"},{"v":5.17476483753025,"d":"5"},{"v":0.17008791563299924,"d":"0"}]
[17,{"$f":"B70*25","v":{"v":104.8667923975205,"d":"105"}},{"v":7.7991395163752255,"d":"8"},{"v":69.50714701520425,"d":"70"},{"v":-335.65645517832496,"d":"-336"},{"v":-40.36006826539025,"d":"-40"},{"v":135.819113446541,"d":"136"},{"v":59.01733485104626,"d":"59"},{"v":-13.7324472229707,"d":"-14"},{"v":8.819328552248876,"d":"9"},{"v":96.777588905626,"d":"97"},null,17,{"$f":"N70*25","v":{"v":1.661490921639875,"d":"2"}},{"v":6.23830193051905,"d":"6"},{"v":0.309572604509235,"d":"0"},{"v":8.884302372718174,"d":"9"},{"v":24.698202883234398,"d":"25"},{"v":12.060006592491225,"d":"12"},{"v":0.30422153601594754,"d":"0"},{"v":5.530491041129775,"d":"6"},{"v":5.596891791254625,"d":"6"},{"v":0.8648983778896125,"d":"1"},null,17,{"$f":"Z70*25","v":{"v":0.03785834567084425,"d":"0"}},{"v":5.954084579106301,"d":"6"},{"v":0.3048361363591875,"d":"0"},{"v":8.884302372718174,"d":"9"},{"v":12.999054149070725,"d":"13"},{"v":11.8234279977158,"d":"12"},{"v":0.1274272900803285,"d":"0"},{"v":5.500426437888775,"d":"6"},{"v":4.826365298618975,"d":"5"},{"v":0.07522799607841975,"d":"0"}]
[18,{"$f":"B71*25","v":{"v":128.40491746119076,"d":"128"}},{"v":7.386421323578925,"d":"7"},{"v":70.41451272366726,"d":"70"},{"v":-335.78419825137746,"d":"-336"},{"v":-38.850680898088754,"d":"-39"},{"v":145.4070278492025,"d":"145"},{"v":61.10303137836025,"d":"61"},{"v":-13.2211446507424,"d":"-13"},{"v":8.737750741713725,"d":"9"},{"v":94.9104036146995,"d":"95"},null,18,{"$f":"N71*25","v":{"v":1.1943252268224573,"d":"1"}},{"v":5.778892327777675,"d":"6"},{"v":0.143281702523823,"d":"0"},{"v":7.7085993483717,"d":"8"},{"v":24.984986483021675,"d":"25"},{"v":10.516282517397,"d":"11"},{"v":0.403921788447315,"d":"0"},{"v":5.0597411215076,"d":"5"},{"v":5.1336049319967,"d":"5"},{"v":0.73546995112691,"d":"1"},null,18,{"$f":"Z71*25","v":{"v":0.01631801229998075,"d":"0"}},{"v":5.487132935177825,"d":"5"},{"v":0.1264956579491105,"d":"0"},{"v":7.7085993483717,"d":"8"},{"v":13.149992885800877,"d":"13"},{"v":10.341372849036725,"d":"10"},{"v":0.17137097252769576,"d":"0"},{"v":5.0317900186858004,"d":"5"},{"v":4.421322176762725,"d":"4"},{"v":0.01851926278431115,"d":"0"}]
[19,{"$f":"B72*25","v":{"v":150.25312362797024,"d":"150"}},{"v":6.9094718647739,"d":"7"},{"v":70.8205209425475,"d":"71"},{"v":-337.4969569074475,"d":"-337"},{"v":-37.79342047332925,"d":"-38"},{"v":154.60711479391952,"d":"155"},{"v":63.16136559231875,"d":"63"},{"v":-12.843968556770049,"d":"-13"},{"v":8.628381509840075,"d":"9"},{"v":92.56937005983626,"d":"93"},null,19,{"$f":"N72*25","v":{"v":1.08372708833695,"d":"1"}},{"v":5.227946114313575,"d":"5"},{"v":0.0614076548585585,"d":"0"},{"v":6.5515149662946,"d":"7"},{"v":25.185865963726002,"d":"25"},{"v":8.9830297750721,"d":"9"},{"v":0.5177499118234624,"d":"1"},{"v":4.52597387733385,"d":"5"},{"v":4.602796754583751,"d":"5"},{"v":0.6367672558917675,"d":"1"},null,19,{"$f":"Z72*25","v":{"v":0.003929311930479525,"d":"0"}},{"v":4.940950169045125,"d":"5"},{"v":0.025210782029039248,"d":"0"},{"v":6.5515149662946,"d":"7"},{"v":13.255718928276849,"d":"13"},{"v":8.860496743612826,"d":"9"},{"v":0.22181246643407926,"d":"0"},{"v":4.500605985186125,"d":"5"},{"v":3.95963547196145,"d":"4"},{"v":-3.8284249270770246E-5,"d":"-0"}]
[20,{"$f":"B73*25","v":{"v":170.4114108978585,"d":"170"}},{"v":6.3682911399601,"d":"6"},{"v":70.7251716718455,"d":"71"},{"v":-340.7947311465325,"d":"-341"},{"v":-37.188286991111255,"d":"-37"},{"v":163.419374280692,"d":"163"},{"v":65.19233749292225,"d":"65"},{"v":-12.60091894105365,"d":"-13"},{"v":8.4912208566279,"d":"8"},{"v":89.75448824103574,"d":"90"},null,20,{"$f":"N73*25","v":{"v":1.3296965061833526,"d":"1"}},{"v":4.585463290126775,"d":"5"},{"v":0.06395046151350675,"d":"0"},{"v":5.413049226486825,"d":"5"},{"v":25.300841325347502,"d":"25"},{"v":7.460248365516301,"d":"7"},{"v":0.6457059061444225,"d":"1"},{"v":3.9291893086084753,"d":"4"},{"v":4.004467259015775,"d":"4"},{"v":0.5687902921841075,"d":"1"},null,20,{"$f":"Z73*25","v":{"v":-2.7047829316829748E-5,"d":"-0"}},{"v":4.315536280708225,"d":"4"},{"v":9.8150859901835518E-4,"d":"0"},{"v":5.413049226486825,"d":"5"},{"v":13.3162322764986,"d":"13"},{"v":7.38079968144395,"d":"7"},{"v":0.27875177179949,"d":"0"},{"v":3.906874337389775,"d":"4"},{"v":3.4413051842152003,"d":"3"},{"v":0.019555354977573998,"d":"0"}]
[21,{"$f":"B74*25","v":{"v":188.87977927085623,"d":"189"}},{"v":5.762879149137525,"d":"6"},{"v":70.128464911561,"d":"70"},{"v":-345.6775209686325,"d":"-346"},{"v":-37.0352804514355,"d":"-37"},{"v":171.84380630951975,"d":"172"},{"v":67.19594708017024,"d":"67"},{"v":-12.491995803593175,"d":"-12"},{"v":8.326268782077225,"d":"8"},{"v":86.46575815829874,"d":"86"},null,21,{"$f":"N74*25","v":{"v":1.9322334803616676,"d":"2"}},{"v":3.85144385521725,"d":"4"},{"v":0.15091012248862326,"d":"0"},{"v":4.293202128948425,"d":"4"},{"v":25.32991256788575,"d":"25"},{"v":5.947938288729975,"d":"6"},{"v":0.78778977141014,"d":"1"},{"v":3.2693874153315,"d":"3"},{"v":3.3386164452927747,"d":"3"},{"v":0.5315390600040275,"d":"1"},null,21,{"$f":"Z74*25","v":{"v":0.003884931580706075,"d":"0"}},{"v":3.6108912701671,"d":"4"},{"v":0.053807837659070004,"d":"0"},{"v":4.293202128948425,"d":"4"},{"v":13.331532930466224,"d":"13"},{"v":5.9022816625304,"d":"6"},{"v":0.3421888886239075,"d":"0"},{"v":3.25059507529675,"d":"3"},{"v":2.86633131352395,"d":"3"},{"v":0.07730018046503424,"d":"0"}]
[22,{"$f":"B75*25","v":{"v":205.658228746963,"d":"206"}},{"v":5.093235892306225,"d":"5"},{"v":69.03040066169375,"d":"69"},{"v":-352.14532637374754,"d":"-352"},{"v":-37.33440085430125,"d":"-37"},{"v":179.88041088040325,"d":"180"},{"v":69.172194354063,"d":"69"},{"v":-12.517199144388623,"d":"-13"},{"v":8.133525286188025,"d":"8"},{"v":82.70317981162475,"d":"83"},null,22,{"$f":"N75*25","v":{"v":2.8913380108719,"d":"3"}},{"v":3.025887809585,"d":"3"},{"v":0.32228663778390754,"d":"0"},{"v":3.19197367367945,"d":"3"},{"v":25.27307969134125,"d":"25"},{"v":4.446099544712775,"d":"4"},{"v":0.944001507620695,"d":"1"},{"v":2.546568197502975,"d":"3"},{"v":2.60524431341475,"d":"3"},{"v":0.52501355935144,"d":"1"},null,22,{"$f":"Z75*25","v":{"v":0.015230211127291126,"d":"0"}},{"v":2.8270151374217503,"d":"3"},{"v":0.18368976920912775,"d":"0"},{"v":3.19197367367945,"d":"3"},{"v":13.3016208901796,"d":"13"},{"v":4.4249426868718,"d":"4"},{"v":0.41212381690734,"d":"0"},{"v":2.5317681989070753,"d":"3"},{"v":2.234713859887675,"d":"2"},{"v":0.1731961922129655,"d":"0"}]
[23,{"$f":"B76*25","v":{"v":220.74675932617848,"d":"221"}},{"v":4.359361369466175,"d":"4"},{"v":67.43097892224425,"d":"67"},{"v":-360.19814736188,"d":"-360"},{"v":-38.085648199709,"d":"-38"},{"v":187.529187993342,"d":"188"},{"v":71.12107931460025,"d":"71"},{"v":-12.67652896344005,"d":"-13"},{"v":7.9129903689603,"d":"8"},{"v":78.46675320101374,"d":"78"},null,23,{"$f":"N76*25","v":{"v":4.2070100977135,"d":"4"}},{"v":2.1087951532300426,"d":"2"},{"v":0.578080007399385,"d":"1"},{"v":2.109363860679725,"d":"2"},{"v":25.130342695713747,"d":"25"},{"v":2.9547321334648253,"d":"3"},{"v":1.1143411147760076,"d":"1"},{"v":1.7607316551228225,"d":"2"},{"v":1.80435086338168,"d":"2"},{"v":0.5492137902263,"d":"1"},null,23,{"$f":"Z76*25","v":{"v":0.033682890463306504,"d":"0"}},{"v":1.9639078824721625,"d":"2"},{"v":0.39062730324932504,"d":"0"},{"v":2.109363860679725,"d":"2"},{"v":13.2264961556388,"d":"13"},{"v":2.948782754468225,"d":"3"},{"v":0.4885565566498,"d":"0"},{"v":1.7503937082207,"d":"2"},{"v":1.5464528233064125,"d":"2"},{"v":0.30724339022125746,"d":"0"}]
[24,{"$f":"B77*25","v":{"v":234.14537100850373,"d":"234"}},{"v":3.56125558061735,"d":"4"},{"v":65.330199693212,"d":"65"},{"v":-369.83598393302503,"d":"-370"},{"v":-39.2890224876585,"d":"-39"},{"v":194.7901376483365,"d":"195"},{"v":73.04260196178251,"d":"73"},{"v":-12.9699852607474,"d":"-13"},{"v":7.664664030394075,"d":"8"},{"v":73.75647832646575,"d":"74"},null,24,{"$f":"N77*25","v":{"v":5.879249740887725,"d":"6"}},{"v":1.10016588615237,"d":"1"},{"v":0.9182902313349849,"d":"1"},{"v":1.04537268994953,"d":"1"},{"v":24.9017015810034,"d":"25"},{"v":1.4738360549862324,"d":"1"},{"v":1.2988085928761324,"d":"1"},{"v":0.9118777881910499,"d":"1"},{"v":0.9359360951935924,"d":"1"},{"v":0.6041397526287849,"d":"1"},null,24,{"$f":"Z77*25","v":{"v":0.05901132104188825,"d":"0"}},{"v":1.0215695053183675,"d":"1"},{"v":0.67462043977946,"d":"1"},{"v":1.04537268994953,"d":"1"},{"v":13.106158726843875,"d":"13"},{"v":1.4738018653201126,"d":"1"},{"v":0.571487107851255,"d":"1"},{"v":0.9064716032376525,"d":"1"},{"v":0.80154820378015,"d":"1"},{"v":0.479441774490175,"d":"0"}]
[25,{"$f":"B78*25","v":{"v":245.85406379393748,"d":"246"}},{"v":2.698918525759775,"d":"3"},{"v":62.72806297459725,"d":"63"},{"v":-381.058836087185,"d":"-381"},{"v":-40.94452371814975,"d":"-41"},{"v":201.66325984538625,"d":"202"},{"v":74.9367622956095,"d":"75"},{"v":-13.3975680363107,"d":"-13"},{"v":7.388546270489351,"d":"7"},{"v":68.572355187981,"d":"69"},null,25,{"$f":"N78*25","v":{"v":7.90805694039315,"d":"8"}},{"v":8.3519802185350012E-9,"d":"0"},{"v":1.3429173095907976,"d":"1"},{"v":1.6148851145203475E-7,"d":"0"},{"v":24.587156347210026,"d":"25"},{"v":3.4113092767462747E-3,"d":"0"},{"v":1.49740394192106,"d":"1"},{"v":6.5967077023110246E-6,"d":"0"},{"v":8.8504800710431752E-9,"d":"0"},{"v":0.6897914465587175,"d":"1"},null,25,{"$f":"Z78*25","v":{"v":0.09106704425055724,"d":"0"}},{"v":5.9603467994495748E-9,"d":"0"},{"v":1.0356691787996701,"d":"1"},{"v":1.6148851145203475E-7,"d":"0"},{"v":12.94060860379475,"d":"13"},{"v":1.9426815711653951E-8,"d":"0"},{"v":0.6609154705117576,"d":"1"},{"v":1.8839579285501178E-6,"d":"0"},{"v":1.3088863326515825E-9,"d":"0"},{"v":0.6897913450195424,"d":"1"}]
[]
[]
[]
[]
["Absolute CFs for lifetime impacts, considering 1 year after decommissioning"]
[{"$nulls":12},"Sandy seabed to scour protection",{"$nulls":11},"Sandy seabed to scour protection + 5m of foundation"]
[{"$nulls":12},"Unit: species.year/structure",{"$nulls":11},"Unit: species.year/structure"]
[{"$nulls":12},"Age, t [yr]","TOTAL","Porifera","Cnidaria","Worms","Mollusca","Arthropoda","Bryozoa","Echinodermata","Chordata","Aliens",null,"Age, t [yr]","TOTAL","Porifera","Cnidaria","Worms","Mollusca","Arthropoda","Bryozoa","Echinodermata","Chordata","Aliens"]
[{"$nulls":12},1,{"v":43.4706493390903,"d":"43"},null,{"v":1.82060027022235,"d":"2"},{"v":45.6741493198864,"d":"46"},{"v":10.5994344478883,"d":"11"},{"v":7.47623868970579,"d":"7"},{"v":-1.67785103661621,"d":"-2"},{"v":3.44742646414793,"d":"3"},{"v":-0.346807037716726,"d":"-0"},{"v":-4.56997185574228,"d":"-5"},null,1,{"v":43.2550351140579,"d":"43"},null,{"v":1.78807733045224,"d":"2"},{"v":45.6741493198864,"d":"46"},{"v":10.4397705619468,"d":"10"},{"v":7.37675737805222,"d":"7"},{"v":-1.69074612526651,"d":"-2"},{"v":3.4474264635368,"d":"3"},{"v":-0.355729209816674,"d":"-0"},{"v":-4.60770480108721,"d":"-5"}]
[{"$nulls":12},2,{"v":60.2464039113547,"d":"60"},null,{"v":1.75031843937617,"d":"2"},{"v":66.0629589192535,"d":"66"},{"v":15.1797534445223,"d":"15"},{"v":9.27218814281007,"d":"9"},{"v":-2.7114023160029,"d":"-3"},{"v":4.91522047021306,"d":"5"},{"v":-0.597800211142767,"d":"-1"},{"v":-7.42762375772863,"d":"-7"},null,2,{"v":60.063426718499,"d":"60"},null,{"v":1.72202471772035,"d":"2"},{"v":66.0629589192535,"d":"66"},{"v":14.9886132521682,"d":"15"},{"v":9.18112065350214,"d":"9"},{"v":-2.72164442938166,"d":"-3"},{"v":4.91500439505556,"d":"5"},{"v":-0.611354384281065,"d":"-1"},{"v":-7.46720020636393,"d":"-7"}]
[{"$nulls":12},3,{"v":75.1147432231289,"d":"75"},null,{"v":1.3563313104064,"d":"1"},{"v":85.5383139490847,"d":"86"},{"v":19.4340271550267,"d":"19"},{"v":10.4600999475108,"d":"10"},{"v":-3.84368648339042,"d":"-4"},{"v":6.28224832301856,"d":"6"},{"v":-0.864350149249939,"d":"-1"},{"v":-10.4841912119002,"d":"-10"},null,3,{"v":74.9617263541747,"d":"75"},null,{"v":1.33197235679168,"d":"1"},{"v":85.5383139490847,"d":"86"},{"v":19.213038313253,"d":"19"},{"v":10.377074588968,"d":"10"},{"v":-3.85158082387707,"d":"-4"},{"v":6.28183496172486,"d":"6"},{"v":-0.882101214018186,"d":"-1"},{"v":-10.5253141456366,"d":"-11"}]
[{"$nulls":12},4,{"v":88.1432640302885,"d":"88"},null,{"v":0.65869318289636,"d":"1"},{"v":104.163615032701,"d":"104"},{"v":23.3803406571031,"d":"23"},{"v":11.0554872021258,"d":"11"},{"v":-5.07360904624456,"d":"-5"},{"v":7.55387508169465,"d":"8"},{"v":-1.1453451951847,"d":"-1"},{"v":-13.7207202876996,"d":"-14"},null,4,{"v":88.0175307769604,"d":"88"},null,{"v":0.637974547249521,"d":"1"},{"v":104.163615032701,"d":"104"},{"v":23.131130822903,"d":"23"},{"v":10.9801322827675,"d":"11"},{"v":-5.07946081621854,"d":"-5"},{"v":7.55328322267496,"d":"8"},{"v":-1.1668580421745,"d":"-1"},{"v":-13.7630926883476,"d":"-14"}]
[{"$nulls":12},5,{"v":99.399563088709,"d":"99"},null,{"v":-0.322541643570658,"d":"-0"},{"v":122.002262793422,"d":"122"},{"v":27.0367790284532,"d":"27"},{"v":11.0738630049729,"d":"11"},{"v":-6.4000755120311,"d":"-6"},{"v":8.73546580537158,"d":"9"},{"v":-1.43967369209352,"d":"-1"},{"v":-17.1182570545692,"d":"-17"},null,5,{"v":99.298436742732,"d":"99"},null,{"v":-0.339914411322817,"d":"-0"},{"v":122.002262793422,"d":"122"},{"v":26.7609758588198,"d":"27"},{"v":11.0058068332185,"d":"11"},{"v":-6.40418991387184,"d":"-6"},{"v":8.7347142370361,"d":"9"},{"v":-1.46451321189646,"d":"-1"},{"v":-17.1615819039397,"d":"-17"}]
[{"$nulls":12},6,{"v":108.951237154266,"d":"109"},null,{"v":-1.56731886941135,"d":"-2"},{"v":139.117657854569,"d":"139"},{"v":30.4214273467787,"d":"30"},{"v":10.5307404543698,"d":"11"},{"v":-7.82199138821585,"d":"-8"},{"v":9.83238555317957,"d":"10"},{"v":-1.74622398312284,"d":"-2"},{"v":-20.6578475819517,"d":"-21"},null,6,{"v":108.872041007365,"d":"109"},null,{"v":-1.58164021934203,"d":"-2"},{"v":139.117657854569,"d":"139"},{"v":30.1206584987052,"d":"30"},{"v":10.4696113386388,"d":"10"},{"v":-7.82467362430277,"d":"-8"},{"v":9.8314930639385,"d":"10"},{"v":-1.77395506633053,"d":"-2"},{"v":-20.7018278618552,"d":"-21"}]
[{"$nulls":12},7,{"v":116.865882982836,"d":"117"},null,{"v":-3.05558419504242,"d":"-3"},{"v":155.573200839462,"d":"156"},{"v":33.5523706897812,"d":"34"},{"v":9.44163264863432,"d":"9"},{"v":-9.33826218226458,"d":"-9"},{"v":10.8499993842489,"d":"11"},{"v":-2.06388441141913,"d":"-2"},{"v":-24.3205379392895,"d":"-24"},null,7,{"v":116.805940326735,"d":"117"},null,{"v":-3.06714857722483,"d":"-3"},{"v":155.573200839462,"d":"156"},{"v":33.2282638202608,"d":"33"},{"v":9.38705889734616,"d":"9"},{"v":-9.33981745497713,"d":"-9"},{"v":10.8489847625124,"d":"11"},{"v":-2.09407194862317,"d":"-2"},{"v":-24.3648766315368,"d":"-24"}]
[{"$nulls":12},8,{"v":123.211097330293,"d":"123"},null,{"v":-4.76728332088055,"d":"-5"},{"v":171.432292371423,"d":"171"},{"v":36.4476941351624,"d":"36"},{"v":7.82205268608422,"d":"8"},{"v":-10.9477934016431,"d":"-11"},{"v":11.7936723577097,"d":"12"},{"v":-2.39154332012886,"d":"-2"},{"v":-28.0873741960251,"d":"-28"},null,8,{"v":123.167731456718,"d":"123"},null,{"v":-4.7763851853879,"d":"-5"},{"v":171.432292371423,"d":"171"},{"v":36.1018769011882,"d":"36"},{"v":7.77366260765831,"d":"8"},{"v":-10.9485269133607,"d":"-11"},{"v":11.7925543918881,"d":"12"},{"v":-2.42375220192084,"d":"-2"},{"v":-28.1317742824269,"d":"-28"}]
[{"$nulls":12},9,{"v":128.054476952514,"d":"128"},null,{"v":-6.68236194734246,"d":"-7"},{"v":186.758333073772,"d":"187"},{"v":39.1254827606241,"d":"39"},{"v":5.68751366503728,"d":"6"},{"v":-12.6494905538172,"d":"-13"},{"v":12.6687695326924,"d":"13"},{"v":-2.72808905239847,"d":"-3"},{"v":-31.9394024216012,"d":"-32"},null,9,{"v":128.025011153189,"d":"128"},null,{"v":-6.68929574424795,"d":"-7"},{"v":186.758333073772,"d":"187"},{"v":38.7595828191892,"d":"39"},{"v":5.64493556789307,"d":"6"},{"v":-12.6497075069192,"d":"-13"},{"v":12.6675670111957,"d":"13"},{"v":-2.76188416936999,"d":"-3"},{"v":-31.9835668839681,"d":"-32"}]
[{"$nulls":12},10,{"v":131.463618605374,"d":"131"},null,{"v":-8.78076577484484,"d":"-9"},{"v":201.614723569828,"d":"202"},{"v":41.6038216438678,"d":"42"},{"v":3.0535286838113,"d":"3"},{"v":-14.4422591462526,"d":"-14"},{"v":13.480655968327,"d":"13"},{"v":-3.07240995137443,"d":"-3"},{"v":-35.8576686854601,"d":"-36"},null,10,{"v":131.445376172024,"d":"131"},null,{"v":-8.78582595422168,"d":"-9"},{"v":201.614723569828,"d":"202"},{"v":41.2194666519655,"d":"41"},{"v":3.01639087636822,"d":"3"},{"v":-14.4422647431186,"d":"-14"},{"v":13.4793876795655,"d":"13"},{"v":-3.10735619411709,"d":"-3"},{"v":-35.9013005056028,"d":"-36"}]
[{"$nulls":12},11,{"v":133.506119044749,"d":"134"},null,{"v":-11.0424405038044,"d":"-11"},{"v":216.064864482914,"d":"216"},{"v":43.9007958625953,"d":"44"},{"v":-0.0643891592759475,"d":"-0"},{"v":-16.3250046864151,"d":"-16"},{"v":14.2346967237439,"d":"14"},{"v":-3.4233943602032,"d":"-3"},{"v":-39.8232190570445,"d":"-40"},null,11,{"v":133.496423269098,"d":"133"},null,{"v":-11.0459215157258,"d":"-11"},{"v":216.064864482914,"d":"216"},{"v":43.4996134772186,"d":"43"},{"v":-0.0964583685984641,"d":"-0"},{"v":-16.3251041294245,"d":"-16"},{"v":14.2333814561278,"d":"14"},{"v":-3.4590566193086,"d":"-3"},{"v":-39.8660212167737,"d":"-40"}]
[{"$nulls":12},12,{"v":134.249575026515,"d":"134"},null,{"v":-13.4473318346378,"d":"-13"},{"v":230.172156436349,"d":"230"},{"v":46.0344904945081,"d":"46"},{"v":-3.65072676590668,"d":"-4"},{"v":-18.2966326817706,"d":"-18"},{"v":14.9362568580734,"d":"15"},{"v":-3.77993062203123,"d":"-4"},{"v":-43.8170996057968,"d":"-44"},null,12,{"v":134.245749200288,"d":"134"},null,{"v":-13.449528129177,"d":"-13"},{"v":230.172156436349,"d":"230"},{"v":45.6181083726503,"d":"46"},{"v":-3.6780990686892,"d":"-4"},{"v":-18.2971311733027,"d":"-18"},{"v":14.9349134000128,"d":"15"},{"v":-3.81587378809098,"d":"-4"},{"v":-43.8587750869232,"d":"-44"}]
[{"$nulls":12},13,{"v":133.761583306546,"d":"134"},null,{"v":-15.9753854677618,"d":"-16"},{"v":244.000000053455,"d":"244"},{"v":48.0229906173081,"d":"48"},{"v":-7.68997103776312,"d":"-8"},{"v":-20.3560486397848,"d":"-20"},{"v":15.5907014304455,"d":"16"},{"v":-4.140907080005,"d":"-4"},{"v":-47.8203564011596,"d":"-48"},null,13,{"v":133.760950721469,"d":"134"},null,{"v":-15.9765914949919,"d":"-16"},{"v":244.000000053455,"d":"244"},{"v":47.5930364159622,"d":"48"},{"v":-7.71301812558621,"d":"-8"},{"v":-20.3572513822191,"d":"-20"},{"v":15.5893485703508,"d":"16"},{"v":-4.17669604361068,"d":"-4"},{"v":-47.8606081854938,"d":"-48"}]
[{"$nulls":12},14,{"v":132.10974064072,"d":"132"},null,{"v":-18.606547103593,"d":"-19"},{"v":257.611795957551,"d":"258"},{"v":49.8843813086969,"d":"50"},{"v":-12.1666088765275,"d":"-12"},{"v":-22.5021580679236,"d":"-23"},{"v":16.2033954999906,"d":"16"},{"v":-4.50521207727095,"d":"-5"},{"v":-51.8140355125754,"d":"-52"},null,14,{"v":132.109624588516,"d":"132"},null,{"v":-18.6070573135873,"d":"-19"},{"v":257.611795957551,"d":"258"},{"v":49.4424826848561,"d":"49"},{"v":-12.1857024409717,"d":"-12"},{"v":-22.5043702636395,"d":"-23"},{"v":16.2020520262719,"d":"16"},{"v":-4.54041172901417,"d":"-5"},{"v":-51.8525665819282,"d":"-52"}]
[{"$nulls":12},15,{"v":129.36164378491,"d":"129"},null,{"v":-21.3207624425483,"d":"-21"},{"v":271.070944771959,"d":"271"},{"v":51.6367476463761,"d":"52"},{"v":-17.065127183882,"d":"-17"},{"v":-24.7338664736526,"d":"-25"},{"v":16.779704125839,"d":"17"},{"v":-4.87173395697554,"d":"-5"},{"v":-55.7791830094868,"d":"-56"},null,15,{"v":129.359367557305,"d":"129"},null,{"v":-21.3208712853799,"d":"-21"},{"v":271.070944771959,"d":"271"},{"v":51.1845322570335,"d":"51"},{"v":-17.0806389165279,"d":"-17"},{"v":-24.7373933250296,"d":"-25"},{"v":16.7783888269064,"d":"17"},{"v":-4.9059091874479,"d":"-5"},{"v":-55.8156963456688,"d":"-56"}]
[{"$nulls":12},16,{"v":125.584889494994,"d":"126"},null,{"v":-24.0979771850441,"d":"-24"},{"v":284.440847119999,"d":"284"},{"v":53.2981747080473,"d":"53"},{"v":-22.3700128615088,"d":"-22"},{"v":-27.0500793644376,"d":"-27"},{"v":17.3249923671208,"d":"17"},{"v":-5.23936106226525,"d":"-5"},{"v":-59.6968449613362,"d":"-60"},null,16,{"v":125.577776383713,"d":"126"},null,{"v":-24.0979791107864,"d":"-24"},{"v":284.440847119999,"d":"284"},{"v":52.8372702101962,"d":"53"},{"v":-22.382314453937,"d":"-22"},{"v":-27.0552260738551,"d":"-27"},{"v":17.3237240313845,"d":"17"},{"v":-5.27207676205834,"d":"-5"},{"v":-59.7310435461581,"d":"-60"}]
[{"$nulls":12},17,{"v":120.847074526846,"d":"121"},null,{"v":-26.9181370314974,"d":"-27"},{"v":297.784903624991,"d":"298"},{"v":54.8867475714124,"d":"55"},{"v":-28.0657528110903,"d":"-28"},{"v":-29.4497022477446,"d":"-29"},{"v":17.8446252829662,"d":"18"},{"v":-5.60698173628651,"d":"-6"},{"v":-63.5480674375662,"d":"-64"},null,17,{"v":120.832447823613,"d":"121"},null,{"v":-26.9183264902234,"d":"-27"},{"v":297.784903624991,"d":"298"},{"v":54.4187816220459,"d":"54"},{"v":-28.0752159548813,"d":"-28"},{"v":-29.456774017582,"d":"-29"},{"v":17.8434226988366,"d":"18"},{"v":-5.63780279599194,"d":"-6"},{"v":-63.5796542528386,"d":"-64"}]
[{"$nulls":12},18,{"v":115.215795636343,"d":"115"},null,{"v":-29.7611876823247,"d":"-30"},{"v":311.166514910257,"d":"311"},{"v":56.420551314173,"d":"56"},{"v":-34.1368339343085,"d":"-34"},{"v":-31.9316406310392,"d":"-32"},{"v":18.3439679325056,"d":"18"},{"v":-5.97348432218581,"d":"-6"},{"v":-67.3138965076192,"d":"-67"},null,18,{"v":115.190978632883,"d":"115"},null,{"v":-29.7618591241077,"d":"-30"},{"v":311.166514910257,"d":"311"},{"v":55.9471515702841,"d":"56"},{"v":-34.143830321043,"d":"-34"},{"v":-31.940942663676,"d":"-32"},{"v":18.3428498883927,"d":"18"},{"v":-6.00197563239516,"d":"-6"},{"v":-67.3425745351529,"d":"-67"}]
[{"$nulls":12},19,{"v":108.75864957936,"d":"109"},null,{"v":-32.6070748379427,"d":"-33"},{"v":324.649081599116,"d":"325"},{"v":57.9176710140306,"d":"58"},{"v":-40.5677431328458,"d":"-41"},{"v":-34.4948000217873,"d":"-34"},{"v":18.8283853748692,"d":"19"},{"v":-6.33775716310958,"d":"-6"},{"v":-70.975378240938,"d":"-71"},null,19,{"v":108.720965567397,"d":"109"},null,{"v":-32.6085227128559,"d":"-33"},{"v":324.649081599116,"d":"325"},{"v":57.4404651326127,"d":"57"},{"v":-40.5726444541042,"d":"-41"},{"v":-34.5066375196029,"d":"-35"},{"v":18.8273706591833,"d":"19"},{"v":-6.36348361441447,"d":"-6"},{"v":-71.0008504625436,"d":"-71"}]
[{"$nulls":12},20,{"v":101.543233111772,"d":"102"},null,{"v":-35.4357441987683,"d":"-35"},{"v":338.29600431489,"d":"338"},{"v":59.3961917486871,"d":"59"},{"v":-47.3429673083843,"d":"-47"},{"v":-37.1380859274546,"d":"-37"},{"v":19.3032426691871,"d":"19"},{"v":-6.6986886022043,"d":"-7"},{"v":-74.5135587069648,"d":"-75"},null,20,{"v":101.490005383031,"d":"101"},null,{"v":-35.4382629568848,"d":"-35"},{"v":338.29600431489,"d":"338"},{"v":58.9168073867332,"d":"59"},{"v":-47.3461452557472,"d":"-47"},{"v":-37.1527640928284,"d":"-37"},{"v":19.3023500703384,"d":"19"},{"v":-6.72121508519632,"d":"-7"},{"v":-74.5355281044531,"d":"-75"}]
[{"$nulls":12},21,{"v":93.637142989455,"d":"94"},null,{"v":-38.227141465218,"d":"-38"},{"v":352.170683680899,"d":"352"},{"v":60.8741985958441,"d":"61"},{"v":-54.4469933626063,"d":"-54"},{"v":-39.8604038555069,"d":"-40"},{"v":19.7739048745897,"d":"20"},{"v":-7.05516698261642,"d":"-7"},{"v":-77.9094839751424,"d":"-78"},null,21,{"v":93.5656948356621,"d":"94"},null,{"v":-38.2310255566111,"d":"-38"},{"v":352.170683680899,"d":"352"},{"v":60.3942634103473,"d":"60"},{"v":-54.4488196276542,"d":"-54"},{"v":-39.8782278908183,"d":"-40"},{"v":19.7731531809883,"d":"20"},{"v":-7.07405838788718,"d":"-7"},{"v":-77.9276535303239,"d":"-78"}]
[{"$nulls":12},22,{"v":85.1079759682851,"d":"85"},null,{"v":-40.9612123377085,"d":"-41"},{"v":366.336520320464,"d":"366"},{"v":62.3697766332032,"d":"62"},{"v":-61.8643081971939,"d":"-62"},{"v":-42.66065931341,"d":"-43"},{"v":20.2457370502072,"d":"20"},{"v":-7.40608064749241,"d":"-7"},{"v":-81.1442001149131,"d":"-81"},null,22,{"v":85.0156306811642,"d":"85"},null,{"v":-40.9667562124515,"d":"-41"},{"v":366.336520320464,"d":"366"},{"v":61.8909182811567,"d":"62"},{"v":-61.8651544715075,"d":"-62"},{"v":-42.6819344210386,"d":"-43"},{"v":20.2451450502633,"d":"20"},{"v":-7.42090186563349,"d":"-7"},{"v":-81.1582728095986,"d":"-81"}]
[{"$nulls":12},23,{"v":76.0233288041377,"d":"76"},null,{"v":-43.6179025166566,"d":"-44"},{"v":380.856914856905,"d":"381"},{"v":63.9010109384661,"d":"64"},{"v":-69.5793987138294,"d":"-70"},{"v":-45.5377578086298,"d":"-46"},{"v":20.7241042551697,"d":"21"},{"v":-7.75031793997872,"d":"-8"},{"v":-84.1987531957195,"d":"-84"},null,23,{"v":75.9074096754136,"d":"76"},null,{"v":-43.6254006248226,"d":"-44"},{"v":380.856914856905,"d":"381"},{"v":63.4248570768631,"d":"63"},{"v":-69.5796366889893,"d":"-70"},{"v":-45.5627891909548,"d":"-46"},{"v":20.7236907372936,"d":"21"},{"v":-7.76063386158173,"d":"-8"},{"v":-84.2084320117197,"d":"-84"}]
[{"$nulls":12},24,{"v":66.4507982528884,"d":"66"},null,{"v":-46.177157702479,"d":"-46"},{"v":395.795267913543,"d":"396"},{"v":65.4859865893346,"d":"65"},{"v":-77.576751814195,"d":"-78"},{"v":-48.4906048486319,"d":"-48"},{"v":21.2143715486077,"d":"21"},{"v":-8.08676720322181,"d":"-8"},{"v":-87.0541892870042,"d":"-87"},null,24,{"v":66.3086285742858,"d":"66"},null,{"v":-46.1869044941412,"d":"-46"},{"v":395.795267913543,"d":"396"},{"v":65.0141648751682,"d":"65"},{"v":-77.5767531817817,"d":"-78"},{"v":-48.5196977080329,"d":"-49"},{"v":21.2141553012095,"d":"21"},{"v":-8.09214271887835,"d":"-8"},{"v":-87.0591772061298,"d":"-87"}]
[{"$nulls":12},25,{"v":56.4579810704128,"d":"56"},null,{"v":-48.6189235955923,"d":"-49"},{"v":411.214980113698,"d":"411"},{"v":67.1427886635102,"d":"67"},{"v":-85.840854399973,"d":"-86"},{"v":-51.5181059408822,"d":"-52"},{"v":21.7219039896512,"d":"22"},{"v":-8.41431678036814,"d":"-8"},{"v":-89.6915544582097,"d":"-90"},null,25,{"v":56.2868841336566,"d":"56"},null,{"v":-48.6312135208239,"d":"-49"},{"v":411.214980113698,"d":"411"},{"v":66.6769267537736,"d":"67"},{"v":-85.840990851567,"d":"-86"},{"v":-51.5515654797386,"d":"-52"},{"v":21.7219038011412,"d":"22"},{"v":-8.41431678066981,"d":"-8"},{"v":-89.6915544622713,"d":"-90"}]
[]
["Hard seabed to sandy seabed ",{"$nulls":11},"Hard seabed to scour protection",{"$nulls":11},"Hard seabed to scour protection + 5m of foundation"]
["Unit: species.year/structure",{"$nulls":11},"Unit: species.year/structure",{"$nulls":11},"Unit: species.year/structure"]
["Age, t [yr]","TOTAL","Porifera","Cnidaria","Worms","Mollusca","Arthropoda","Bryozoa","Echinodermata","Chordata","Aliens",null,"Age, t [yr]","TOTAL","Porifera","Cnidaria","Worms","Mollusca","Arthropoda","Bryozoa","Echinodermata","Chordata","Aliens",null,"Age, t [yr]","TOTAL","Porifera","Cnidaria","Worms","Mollusca","Arthropoda","Bryozoa","Echinodermata","Chordata","Aliens"]
[1,{"v":-6.78266598175219,"d":"-7"},{"v":-0.0314987927718077,"d":"-0"},{"v":5.14934038557592,"d":"5"},{"v":-18.5424111684601,"d":"-19"},{"v":-5.86020920391533,"d":"-6"},{"v":-0.659845628833377,"d":"-1"},{"v":2.44333060784466,"d":"2"},{"v":-2.80517903384869,"d":"-3"},{"v":1.34760798975668,"d":"1"},{"v":2.12217682487945,"d":"2"},null,1,{"v":15.5853943501768,"d":"16"},{"v":-0.212590869085149,"d":"-0"},{"v":6.25519007066581,"d":"6"},{"v":4.63368368795731,"d":"5"},{"v":-0.483159787144916,"d":"-0"},{"v":3.68078414425125,"d":"4"},{"v":1.59155029376073,"d":"2"},{"v":-1.01931411234875,"d":"-1"},{"v":1.24687367181764,"d":"1"},{"v":-0.0816126539684395,"d":"-0"},null,1,{"v":15.3697801251444,"d":"15"},{"v":-0.152190799241311,"d":"-0"},{"v":6.2226671308957,"d":"6"},{"v":4.63368368795731,"d":"5"},{"v":-0.642823673086414,"d":"-1"},{"v":3.58130283259767,"d":"4"},{"v":1.57865520511043,"d":"2"},{"v":-1.01931411295987,"d":"-1"},{"v":1.23795149971769,"d":"1"},{"v":-0.119345599313375,"d":"-0"}]
[2,{"v":-1.67957594354243,"d":"-2"},{"v":-0.179790584306633,"d":"-0"},{"v":7.71419529946713,"d":"8"},{"v":-17.6055900828236,"d":"-18"},{"v":-6.53790056708371,"d":"-7"},{"v":-0.0614466832893302,"d":"-0"},{"v":3.1504735625938,"d":"3"},{"v":-3.48596335798709,"d":"-3"},{"v":1.88329639908416,"d":"2"},{"v":1.76212160631069,"d":"2"},null,2,{"v":18.4185214279844,"d":"18"},{"v":-0.345274896400842,"d":"-0"},{"v":8.40220314004136,"d":"8"},{"v":4.50226047135993,"d":"5"},{"v":-1.44413790802755,"d":"-1"},{"v":3.57900632462825,"d":"4"},{"v":2.19269967956251,"d":"2"},{"v":-1.78489039453195,"d":"-2"},{"v":1.79272085315879,"d":"2"},{"v":-0.695084955067874,"d":"-1"},null,2,{"v":18.2355442351288,"d":"18"},{"v":-0.293052020856324,"d":"-0"},{"v":8.37390941838554,"d":"8"},{"v":4.50226047135993,"d":"5"},{"v":-1.63527810038174,"d":"-2"},{"v":3.48793883532032,"d":"3"},{"v":2.18245756618375,"d":"2"},{"v":-1.78510646968946,"d":"-2"},{"v":1.77916668002049,"d":"2"},{"v":-0.734661403703172,"d":"-1"}]
[3,{"v":1.43423937604816,"d":"1"},{"v":-0.351397033055034,"d":"-0"},{"v":9.93191394147865,"d":"10"},{"v":-17.6463689357344,"d":"-18"},{"v":-7.55628612932008,"d":"-8"},{"v":-0.0870173377773488,"d":"-0"},{"v":3.7572240219701,"d":"4"},{"v":-4.27035820153331,"d":"-4"},{"v":2.40501723960318,"d":"2"},{"v":1.18296787573811,"d":"1"},null,3,{"v":19.3442332453019,"d":"19"},{"v":-0.50236579471867,"d":"-1"},{"v":10.2255109112933,"d":"10"},{"v":3.45738268522661,"d":"3"},{"v":-2.73116131503982,"d":"-3"},{"v":2.86919085660173,"d":"3"},{"v":2.69511617736346,"d":"3"},{"v":-2.65123282997479,"d":"-3"},{"v":2.3230112698188,"d":"2"},{"v":-1.50747280835255,"d":"-2"},null,3,{"v":19.1912163763476,"d":"19"},{"v":-0.457827893932732,"d":"-0"},{"v":10.2011519576786,"d":"10"},{"v":3.45738268522661,"d":"3"},{"v":-2.95215015681356,"d":"-3"},{"v":2.78616549805889,"d":"3"},{"v":2.68722183687681,"d":"3"},{"v":-2.65164619126848,"d":"-3"},{"v":2.30526020505055,"d":"2"},{"v":-1.54859574208889,"d":"-2"}]
[4,{"v":2.62637673289523,"d":"3"},{"v":-0.543748888376661,"d":"-1"},{"v":11.8225506111938,"d":"12"},{"v":-18.6013471038719,"d":"-19"},{"v":-8.89728081292278,"d":"-9"},{"v":-0.721044493979653,"d":"-1"},{"v":4.26467647850778,"d":"4"},{"v":-5.1529985053571,"d":"-5"},{"v":2.91388216816726,"d":"3"},{"v":0.403669563719189,"d":"0"},null,4,{"v":18.4301265580046,"d":"18"},{"v":-0.681294313398282,"d":"-1"},{"v":11.745167684005,"d":"12"},{"v":1.56245095287796,"d":"2"},{"v":-4.32614493048006,"d":"-4"},{"v":1.56685083848948,"d":"2"},{"v":3.09989427969779,"d":"3"},{"v":-3.61297635954703,"d":"-4"},{"v":2.83885657865122,"d":"3"},{"v":-2.49982228326499,"d":"-2"},null,4,{"v":18.3043933046766,"d":"18"},{"v":-0.643949167830185,"d":"-1"},{"v":11.7244490483582,"d":"12"},{"v":1.56245095287796,"d":"2"},{"v":-4.57535476468019,"d":"-5"},{"v":1.49149591913116,"d":"1"},{"v":3.09404250972381,"d":"3"},{"v":-3.61356821856672,"d":"-4"},{"v":2.81734373166142,"d":"3"},{"v":-2.54219468391305,"d":"-3"}]
[5,{"v":1.96443288287439,"d":"2"},{"v":-0.754276899631164,"d":"-1"},{"v":13.4061596081958,"d":"13"},{"v":-20.4071239639156,"d":"-20"},{"v":-10.5427995401901,"d":"-11"},{"v":-1.94801505357846,"d":"-2"},{"v":4.67392542474105,"d":"5"},{"v":-6.12851921032824,"d":"-6"},{"v":3.41100284162995,"d":"3"},{"v":-0.556819399188593,"d":"-1"},null,5,{"v":15.7437981219684,"d":"16"},{"v":-0.879491201799329,"d":"-1"},{"v":12.9812277577597,"d":"13"},{"v":-1.1191341023654,"d":"-1"},{"v":-6.21100367664659,"d":"-6"},{"v":-0.31250063139072,"d":"-0"},{"v":3.40812847909972,"d":"3"},{"v":-4.66475592411845,"d":"-5"},{"v":3.34136843650959,"d":"3"},{"v":-3.65317944924771,"d":"-4"},null,5,{"v":15.6426717759914,"d":"16"},{"v":-0.848846591908332,"d":"-1"},{"v":12.9638549900076,"d":"13"},{"v":-1.1191341023654,"d":"-1"},{"v":-6.48680684627997,"d":"-6"},{"v":-0.38055680314509,"d":"-0"},{"v":3.40401407725898,"d":"3"},{"v":-4.66550749245393,"d":"-5"},{"v":3.31652891670665,"d":"3"},{"v":-3.69650429861818,"d":"-4"}]
[6,{"v":-0.483995418138707,"d":"-0"},{"v":-0.980411816178192,"d":"-1"},{"v":14.7027952320681,"d":"15"},{"v":-23.0002988925447,"d":"-23"},{"v":-12.4747572334204,"d":"-12"},{"v":-3.75241591825599,"d":"-4"},{"v":4.98606535320411,"d":"5"},{"v":-7.19155525731647,"d":"-7"},{"v":3.8974909168448,"d":"4"},{"v":-1.67954508242776,"d":"-2"},null,6,{"v":11.3528446930689,"d":"11"},{"v":-1.09438720928146,"d":"-1"},{"v":13.9537454321408,"d":"14"},{"v":-4.52397185718286,"d":"-5"},{"v":-8.36765247583775,"d":"-8"},{"v":-2.7533504547211,"d":"-3"},{"v":3.62091326810344,"d":"4"},{"v":-5.80120646455879,"d":"-6"},{"v":3.83165850024745,"d":"4"},{"v":-4.94859037574325,"d":"-5"},null,6,{"v":11.2736485461676,"d":"11"},{"v":-1.06995091552682,"d":"-1"},{"v":13.9394240822101,"d":"14"},{"v":-4.52397185718286,"d":"-5"},{"v":-8.66842132391122,"d":"-9"},{"v":-2.81447957045208,"d":"-3"},{"v":3.61823103201652,"d":"4"},{"v":-5.80209895379986,"d":"-6"},{"v":3.80392741703976,"d":"4"},{"v":-4.99257065564681,"d":"-5"}]
[7,{"v":-4.65131141426843,"d":"-5"},{"v":-1.2195843873774,"d":"-1"},{"v":15.7325117823939,"d":"16"},{"v":-26.3174712664387,"d":"-26"},{"v":-14.6750688149121,"d":"-15"},{"v":-6.11873398969447,"d":"-6"},{"v":5.20219075643119,"d":"5"},{"v":-8.33674158719158,"d":"-8"},{"v":4.37445805066533,"d":"4"},{"v":-2.94555355544085,"d":"-3"},null,7,{"v":5.32486302718162,"d":"5"},{"v":-1.32341308520432,"d":"-1"},{"v":14.6827750067314,"d":"15"},{"v":-8.5886616882538,"d":"-9"},{"v":-10.7780062503519,"d":"-11"},{"v":-5.74018553318386,"d":"-6"},{"v":3.73934313924318,"d":"4"},{"v":-7.01696292173782,"d":"-7"},{"v":4.31083842671834,"d":"4"},{"v":-6.36710113219412,"d":"-6"},null,7,{"v":5.26492037108085,"d":"5"},{"v":-1.30469288804531,"d":"-1"},{"v":14.671210624549,"d":"15"},{"v":-8.5886616882538,"d":"-9"},{"v":-11.1021131198723,"d":"-11"},{"v":-5.79475928447202,"d":"-6"},{"v":3.73778786653064,"d":"4"},{"v":-7.01797754347429,"d":"-7"},{"v":4.2806508895143,"d":"4"},{"v":-6.41143982444145,"d":"-6"}]
[8,{"v":-10.4699183496391,"d":"-10"},{"v":-1.46922536258842,"d":"-1"},{"v":16.5153635587565,"d":"17"},{"v":-30.295240462277,"d":"-30"},{"v":-17.1256492069633,"d":"-17"},{"v":-9.0314561695761,"d":"-9"},{"v":5.32339612695649,"d":"5"},{"v":-9.5587131408233,"d":"-10"},{"v":4.8430158999451,"d":"5"},{"v":-4.33589088767037,"d":"-4"},null,8,{"v":-2.27255011981773,"d":"-2"},{"v":-1.56399957892757,"d":"-2"},{"v":15.188370781115,"d":"15"},{"v":-13.2498029722576,"d":"-13"},{"v":-13.4239799224872,"d":"-13"},{"v":-9.25749276846124,"d":"-9"},{"v":3.76451258505314,"d":"4"},{"v":-8.3066602365253,"d":"-8"},{"v":4.7800198727758,"d":"5"},{"v":-7.88975778804286,"d":"-8"},null,8,{"v":-2.31591599339321,"d":"-2"},{"v":-1.55050325882344,"d":"-2"},{"v":15.1792689166077,"d":"15"},{"v":-13.2498029722576,"d":"-13"},{"v":-13.7697971564614,"d":"-14"},{"v":-9.30588284688714,"d":"-9"},{"v":3.76377907333555,"d":"4"},{"v":-8.30777820234698,"d":"-8"},{"v":4.74781099098382,"d":"5"},{"v":-7.93415787444463,"d":"-8"}]
[9,{"v":-17.8722194683752,"d":"-18"},{"v":-1.72676549117093,"d":"-2"},{"v":17.0714048607392,"d":"17"},{"v":-34.8702058567389,"d":"-35"},{"v":-19.8084133318726,"d":"-20"},{"v":-12.4750693595831,"d":"-12"},{"v":5.35077595731422,"d":"5"},{"v":-10.8521048590814,"d":"-11"},{"v":5.30427612153763,"d":"5"},{"v":-5.83160314855885,"d":"-6"},null,9,{"v":-11.3717979920535,"d":"-11"},{"v":-1.81357743981085,"d":"-2"},{"v":15.4905870548748,"d":"15"},{"v":-18.4439950858737,"d":"-18"},{"v":-16.2874884145422,"d":"-16"},{"v":-13.2897590622354,"d":"-13"},{"v":3.69751609806754,"d":"4"},{"v":-9.664933349791,"d":"-10"},{"v":5.24031449527337,"d":"5"},{"v":-9.49760641273197,"d":"-9"},null,9,{"v":-11.4012637913789,"d":"-11"},{"v":-1.80481277722086,"d":"-2"},{"v":15.4836532579693,"d":"15"},{"v":-18.4439950858737,"d":"-18"},{"v":-16.6533883559771,"d":"-17"},{"v":-13.3323371593796,"d":"-13"},{"v":3.69729914496547,"d":"4"},{"v":-9.66613587128768,"d":"-10"},{"v":5.20651937830185,"d":"5"},{"v":-9.54177087509887,"d":"-10"}]
[10,{"v":-26.790618014601,"d":"-27"},{"v":-1.98963552248456,"d":"-2"},{"v":17.4206899879254,"d":"17"},{"v":-39.9789668265038,"d":"-40"},{"v":-22.705276111938,"d":"-23"},{"v":-16.4340604613977,"d":"-16"},{"v":5.28542474003859,"d":"5"},{"v":-12.2115516828357,"d":"-12"},{"v":5.75935037229649,"d":"6"},{"v":-7.41373640754881,"d":"-7"},null,10,{"v":-21.9052838336501,"d":"-22"},{"v":-2.06957741721382,"d":"-2"},{"v":15.6094781275942,"d":"16"},{"v":-24.1078374057815,"d":"-24"},{"v":-19.3504466488151,"d":"-19"},{"v":-17.8214713161887,"d":"-18"},{"v":3.53944817082059,"d":"4"},{"v":-11.0864172024047,"d":"-11"},{"v":5.6928339510646,"d":"6"},{"v":-11.171693075704,"d":"-11"},null,10,{"v":-21.9235262670007,"d":"-22"},{"v":-2.06505219259723,"d":"-2"},{"v":15.6044179482173,"d":"16"},{"v":-24.1078374057815,"d":"-24"},{"v":-19.7348016407175,"d":"-20"},{"v":-17.8586091236318,"d":"-18"},{"v":3.53944257395461,"d":"4"},{"v":-11.0876854911662,"d":"-11"},{"v":5.65788770832193,"d":"6"},{"v":-11.2153248958467,"d":"-11"}]
[11,{"v":-37.1575172324409,"d":"-37"},{"v":-2.25526620588896,"d":"-2"},{"v":17.5832732398983,"d":"18"},{"v":-45.5581227482512,"d":"-46"},{"v":-25.7981524694582,"d":"-26"},{"v":-20.8929163767022,"d":"-21"},{"v":5.12843696766383,"d":"5"},{"v":-13.6316885529559,"d":"-14"},{"v":6.20935030907519,"d":"6"},{"v":-9.06333673408279,"d":"-9"},null,11,{"v":-33.8054108887319,"d":"-34"},{"v":-2.32943026049612,"d":"-2"},{"v":15.5650982988564,"d":"16"},{"v":-30.1779293086602,"d":"-30"},{"v":-22.5947695476043,"d":"-23"},{"v":-22.8371164320032,"d":"-23"},{"v":3.2914032958465,"d":"3"},{"v":-12.5657467352361,"d":"-13"},{"v":6.13868989700301,"d":"6"},{"v":-12.8930638464015,"d":"-13"},null,11,{"v":-33.8151066643829,"d":"-34"},{"v":-2.32865225431219,"d":"-2"},{"v":15.561617286935,"d":"16"},{"v":-30.1779293086602,"d":"-30"},{"v":-22.995951932981,"d":"-23"},{"v":-22.8691856413257,"d":"-23"},{"v":3.29130385283718,"d":"3"},{"v":-12.5670620028522,"d":"-13"},{"v":6.10302763789761,"d":"6"},{"v":-12.9358660061307,"d":"-13"}]
[12,{"v":-48.9053203660192,"d":"-49"},{"v":-2.52108829074379,"d":"-3"},{"v":17.5792089162412,"d":"18"},{"v":-51.5442729986604,"d":"-52"},{"v":-29.0689573267312,"d":"-29"},{"v":-25.8361240071786,"d":"-26"},{"v":4.88090713272413,"d":"5"},{"v":-15.1071504103117,"d":"-15"},{"v":6.65538758872728,"d":"7"},{"v":-10.7614501976033,"d":"-11"},null,12,{"v":-47.0045824014232,"d":"-47"},{"v":-2.5905667190174,"d":"-3"},{"v":15.3775018682447,"d":"15"},{"v":-36.5908701711894,"d":"-37"},{"v":-26.002372033208,"d":"-26"},{"v":-28.3211813113612,"d":"-28"},{"v":2.95447596567948,"d":"3"},{"v":-14.097556889155,"d":"-14"},{"v":6.57899398994216,"d":"7"},{"v":-14.6427647942669,"d":"-15"},null,12,{"v":-47.0084082276498,"d":"-47"},{"v":-2.59304371172539,"d":"-3"},{"v":15.3753055737055,"d":"15"},{"v":-36.5908701711894,"d":"-37"},{"v":-26.4187541550659,"d":"-26"},{"v":-28.3485536141437,"d":"-28"},{"v":2.95397747414738,"d":"3"},{"v":-14.0989003472155,"d":"-14"},{"v":6.54305082388241,"d":"7"},{"v":-14.6844402753932,"d":"-15"}]
[13,{"v":-61.9664306594603,"d":"-62"},{"v":-2.78453252640869,"d":"-3"},{"v":17.4285513165374,"d":"17"},{"v":-57.8740169544108,"d":"-58"},{"v":-32.4996056060555,"d":"-32"},{"v":-31.2481702545094,"d":"-31"},{"v":4.54392972775371,"d":"5"},{"v":-16.632572195773,"d":"-17"},{"v":7.09857386810631,"d":"7"},{"v":-12.4891228675529,"d":"-12"},null,13,{"v":-61.4352016158483,"d":"-61"},{"v":-2.85041754213731,"d":"-3"},{"v":15.0667431353424,"d":"15"},{"v":-43.2832593700484,"d":"-43"},{"v":-29.5551690279247,"d":"-30"},{"v":-34.2581528559449,"d":"-34"},{"v":2.52976067285374,"d":"3"},{"v":-15.6764826050312,"d":"-16"},{"v":7.01485788673558,"d":"7"},{"v":-16.4018419887428,"d":"-16"},null,13,{"v":-61.4358342009259,"d":"-61"},{"v":-2.85565731419649,"d":"-3"},{"v":15.0655371081123,"d":"15"},{"v":-43.2832593700484,"d":"-43"},{"v":-29.9851232292706,"d":"-30"},{"v":-34.281199943768,"d":"-34"},{"v":2.52855793041944,"d":"3"},{"v":-15.6778354651259,"d":"-16"},{"v":6.9790689231299,"d":"7"},{"v":-16.442093773077,"d":"-16"}]
[14,{"v":-76.2732513568886,"d":"-76"},{"v":-3.04302966224332,"d":"-3"},{"v":17.1513547403702,"d":"17"},{"v":-64.4839539921818,"d":"-64"},{"v":-36.0720122297294,"d":"-36"},{"v":-37.1135420203766,"d":"-37"},{"v":4.11859924528679,"d":"4"},{"v":-18.2025888502095,"d":"-18"},{"v":7.54002080406581,"d":"8"},{"v":-14.227400813374,"d":"-14"},null,14,{"v":-77.0296717761318,"d":"-77"},{"v":-3.10641347921551,"d":"-3"},{"v":14.6528763997329,"d":"15"},{"v":-50.1916962819167,"d":"-50"},{"v":-33.2350754540526,"d":"-33"},{"v":-40.6325179674366,"d":"-41"},{"v":2.0183519099035,"d":"2"},{"v":-17.2971588237344,"d":"-17"},{"v":7.44739324423681,"d":"7"},{"v":-18.1513414992717,"d":"-18"},null,14,{"v":-77.0297878283354,"d":"-77"},{"v":-3.11392381108513,"d":"-3"},{"v":14.6523661897386,"d":"15"},{"v":-50.1916962819167,"d":"-50"},{"v":-33.6769740778934,"d":"-34"},{"v":-40.6516115318808,"d":"-41"},{"v":2.01613971418757,"d":"2"},{"v":-17.2985022974532,"d":"-17"},{"v":7.41219359249359,"d":"7"},{"v":-18.1898725686244,"d":"-18"}]
[15,{"v":-91.7581857024284,"d":"-92"},{"v":-3.29401044760732,"d":"-3"},{"v":16.767673487323,"d":"17"},{"v":-71.3106834886527,"d":"-71"},{"v":-39.7680921200512,"d":"-40"},{"v":-43.4167262064625,"d":"-43"},{"v":3.60601017785757,"d":"4"},{"v":-19.811835314491,"d":"-20"},{"v":7.98084005345933,"d":"8"},{"v":-15.9573301045093,"d":"-16"},null,15,{"v":-93.7203961263979,"d":"-94"},{"v":-3.35598527961164,"d":"-3"},{"v":14.1559559609994,"d":"14"},{"v":-57.2527802834735,"d":"-57"},{"v":-37.02400623389,"d":"-37"},{"v":-47.4287635475184,"d":"-47"},{"v":1.42134416936297,"d":"1"},{"v":-18.9542204861344,"d":"-19"},{"v":7.8777117192994,"d":"8"},{"v":-19.8723093952961,"d":"-20"},null,15,{"v":-93.7226723540028,"d":"-94"},{"v":-3.36527395175096,"d":"-3"},{"v":14.1558471181678,"d":"14"},{"v":-57.2527802834735,"d":"-57"},{"v":-37.4762216232326,"d":"-37"},{"v":-47.4442752801643,"d":"-47"},{"v":1.41781731798597,"d":"1"},{"v":-18.955535785067,"d":"-19"},{"v":7.84353648882704,"d":"8"},{"v":-19.9088227314781,"d":"-20"}]
[16,{"v":-108.353636940204,"d":"-108"},{"v":-3.53490563186034,"d":"-4"},{"v":16.297561856979,"d":"16"},{"v":-78.290804820503,"d":"-78"},{"v":-43.5697601993193,"d":"-44"},{"v":-50.1422097144493,"d":"-50"},{"v":3.00725701800026,"d":"3"},{"v":-21.4549465294872,"d":"-21"},{"v":8.4221432731404,"d":"8"},{"v":-17.6599568104012,"d":"-18"},null,16,{"v":-111.439777910771,"d":"-111"},{"v":-3.59656369268535,"d":"-4"},{"v":13.5960361187253,"d":"14"},{"v":-64.4031107513982,"d":"-64"},{"v":-40.9038762897354,"d":"-41"},{"v":-54.6313764978725,"d":"-55"},{"v":0.739831943766349,"d":"1"},{"v":-20.642302533101,"d":"-21"},{"v":8.30692496877688,"d":"8"},{"v":-21.5457917462586,"d":"-22"},null,16,{"v":-111.446891022053,"d":"-111"},{"v":-3.60713848555363,"d":"-4"},{"v":13.596034192983,"d":"14"},{"v":-64.4031107513982,"d":"-64"},{"v":-41.3647807875865,"d":"-41"},{"v":-54.6436780903007,"d":"-55"},{"v":0.734685234348852,"d":"1"},{"v":-20.6435708688372,"d":"-21"},{"v":8.27420926898379,"d":"8"},{"v":-21.5799903310805,"d":"-22"}]
[17,{"v":-125.99200831434,"d":"-126"},{"v":-3.76314596436204,"d":"-4"},{"v":15.7610741489215,"d":"16"},{"v":-85.3609173644121,"d":"-85"},{"v":-47.4589313898319,"d":"-47"},{"v":-57.2744794460192,"d":"-57"},{"v":2.32343425824908,"d":"2"},{"v":-23.1265574360679,"d":"-23"},{"v":8.86504211996257,"d":"9"},{"v":-19.3163270004922,"d":"-19"},null,17,{"v":-130.120220373375,"d":"-130"},{"v":-3.82557946779629,"d":"-4"},{"v":12.9931711724937,"d":"13"},{"v":-71.5792870623704,"d":"-72"},{"v":-44.8566005438869,"d":"-45"},{"v":-62.2248437201812,"d":"-62"},{"v":-0.0250902743521367,"d":"-0"},{"v":-22.3560399055038,"d":"-22"},{"v":8.7361446495228,"d":"9"},{"v":-23.1528346216016,"d":"-23"},null,17,{"v":-130.134847076609,"d":"-130"},{"v":-3.8369481618528,"d":"-4"},{"v":12.9929817137677,"d":"13"},{"v":-71.5792870623704,"d":"-72"},{"v":-45.3245664932535,"d":"-45"},{"v":-62.2343068639722,"d":"-62"},{"v":-0.0321620441895614,"d":"-0"},{"v":-22.3572424896335,"d":"-22"},{"v":8.70532358981737,"d":"9"},{"v":-23.1844214368741,"d":"-23"}]
[18,{"v":-144.605703068961,"d":"-145"},{"v":-3.97616219447206,"d":"-4"},{"v":15.1782646627339,"d":"15"},{"v":-92.4576204970593,"d":"-92"},{"v":-51.4175206138874,"d":"-51"},{"v":-64.7980223028545,"d":"-65"},{"v":1.55563639113823,"d":"2"},{"v":-24.8213029751028,"d":"-25"},{"v":9.31064825077937,"d":"9"},{"v":-20.9074867442249,"d":"-21"},null,18,{"v":-149.694126758335,"d":"-150"},{"v":-4.04046335430412,"d":"-4"},{"v":12.3674154218882,"d":"12"},{"v":-78.7179085930693,"d":"-79"},{"v":-48.864093918643,"d":"-49"},{"v":-70.1936521161267,"d":"-70"},{"v":-0.872327992458283,"d":"-1"},{"v":-24.0900675442128,"d":"-24"},{"v":9.16648241839069,"d":"9"},{"v":-24.6744840907678,"d":"-25"},null,18,{"v":-149.718943761796,"d":"-150"},{"v":-4.05213373000811,"d":"-4"},{"v":12.3667439801052,"d":"12"},{"v":-78.7179085930693,"d":"-79"},{"v":-49.3374936625318,"d":"-49"},{"v":-70.2006485028611,"d":"-70"},{"v":-0.881630025095068,"d":"-1"},{"v":-24.0911855883257,"d":"-24"},{"v":9.13799110818133,"d":"9"},{"v":-24.7031621183015,"d":"-25"}]
[19,{"v":-164.12712444819,"d":"-164"},{"v":-4.17138507155006,"d":"-4"},{"v":14.5691876979994,"d":"15"},{"v":-99.517513595124,"d":"-100"},{"v":-55.4274427937842,"d":"-55"},{"v":-72.6973251866374,"d":"-73"},{"v":0.704957909201939,"d":"1"},{"v":-26.5338180874617,"d":"-27"},{"v":9.76007332244435,"d":"10"},{"v":-22.4144821110418,"d":"-22"},null,19,{"v":-170.093900309776,"d":"-170"},{"v":-4.23864610156847,"d":"-4"},{"v":11.7388231664918,"d":"12"},{"v":-85.7555747201743,"d":"-86"},{"v":-52.908271336302,"d":"-53"},{"v":-78.5222885873913,"d":"-79"},{"v":-1.80078671801787,"d":"-2"},{"v":-25.8390203900976,"d":"-26"},{"v":9.5990499322341,"d":"10"},{"v":-26.0917862231996,"d":"-26"},null,19,{"v":-170.131584321738,"d":"-170"},{"v":-4.25012593937921,"d":"-4"},{"v":11.7373752915787,"d":"12"},{"v":-85.7555747201743,"d":"-86"},{"v":-53.3854772177199,"d":"-53"},{"v":-78.5271899086496,"d":"-79"},{"v":-1.81262421583345,"d":"-2"},{"v":-25.8400351057835,"d":"-26"},{"v":9.57332348092921,"d":"10"},{"v":-26.1172584448052,"d":"-26"}]
[20,{"v":-184.488675696153,"d":"-184"},{"v":-4.34624534495568,"d":"-4"},{"v":13.9538975543013,"d":"14"},{"v":-106.477196035286,"d":"-106"},{"v":-59.4706128518204,"d":"-59"},{"v":-80.95687499905,"d":"-81"},{"v":-0.227506695025594,"d":"-0"},{"v":-28.2587377140144,"d":"-28"},{"v":10.214428991811,"d":"10"},{"v":-23.8183591703855,"d":"-24"},null,20,{"v":-191.25194427182,"d":"-191"},{"v":-4.41755845894901,"d":"-4"},{"v":11.127448705888,"d":"11"},{"v":-92.6288848203649,"d":"-93"},{"v":-56.9710477191621,"d":"-57"},{"v":-87.195240035657,"d":"-87"},{"v":-2.8093719584967,"d":"-3"},{"v":-27.597533384028,"d":"-28"},{"v":10.0349588479066,"d":"10"},{"v":-27.3857870883395,"d":"-27"},null,20,{"v":-191.305172000561,"d":"-191"},{"v":-4.42835553932575,"d":"-4"},{"v":11.1249299477715,"d":"11"},{"v":-92.6288848203649,"d":"-93"},{"v":-57.450432081116,"d":"-57"},{"v":-87.1984179830199,"d":"-87"},{"v":-2.8240501238705,"d":"-3"},{"v":-27.5984259828767,"d":"-28"},{"v":10.0124323649145,"d":"10"},{"v":-27.4077564858278,"d":"-27"}]
[21,{"v":-205.622760056974,"d":"-206"},{"v":-4.49817376404857,"d":"-4"},{"v":13.352448531223,"d":"13"},{"v":-113.273267194224,"d":"-113"},{"v":-63.5289457102946,"d":"-64"},{"v":-89.5611586417747,"d":"-90"},{"v":-1.24066292901015,"d":"-1"},{"v":-29.9906967956307,"d":"-30"},{"v":10.674826915733,"d":"11"},{"v":-25.1001639916984,"d":"-25"},null,21,{"v":-213.100661888594,"d":"-213"},{"v":-4.57463117580538,"d":"-5"},{"v":10.5533463396601,"d":"11"},{"v":-99.2744382703204,"d":"-99"},{"v":-61.0343379895218,"d":"-61"},{"v":-96.1969933626063,"d":"-96"},{"v":-3.89698922136055,"d":"-4"},{"v":-29.3602414668737,"d":"-29"},{"v":10.4753208222616,"d":"10"},{"v":-28.5375327556302,"d":"-29"},null,21,{"v":-213.172110042387,"d":"-213"},{"v":-4.58425327920739,"d":"-5"},{"v":10.5494622482669,"d":"11"},{"v":-99.2744382703204,"d":"-99"},{"v":-61.5142731750186,"d":"-62"},{"v":-96.1988196276542,"d":"-96"},{"v":-3.914813256672,"d":"-4"},{"v":-29.3609931604751,"d":"-29"},{"v":10.4564294169909,"d":"10"},{"v":-28.5557023108117,"d":"-29"}]
[22,{"v":-227.461780774777,"d":"-227"},{"v":-4.62460107818838,"d":"-5"},{"v":12.7848949283477,"d":"13"},{"v":-119.842326448617,"d":"-120"},{"v":-67.584356291505,"d":"-68"},{"v":-98.4946630164935,"d":"-98"},{"v":-2.33341630021753,"d":"-2"},{"v":-31.7243302731802,"d":"-32"},{"v":11.1423787510638,"d":"11"},{"v":-26.240942644423,"d":"-26"},null,22,{"v":-235.57245640422,"d":"-236"},{"v":-4.70729500149723,"d":"-5"},{"v":10.0365703673913,"d":"10"},{"v":-105.62883444672,"d":"-106"},{"v":-65.0800570696793,"d":"-65"},{"v":-105.512035469921,"d":"-106"},{"v":-5.06254401407522,"d":"-5"},{"v":-31.1217795795046,"d":"-31"},{"v":10.9212475121528,"d":"11"},{"v":-29.528069294514,"d":"-30"},null,22,{"v":-235.664801691341,"d":"-236"},{"v":-4.71524990838376,"d":"-5"},{"v":10.0310264926483,"d":"10"},{"v":-105.62883444672,"d":"-106"},{"v":-65.5589154217258,"d":"-66"},{"v":-105.512881744235,"d":"-106"},{"v":-5.08381912170375,"d":"-5"},{"v":-31.1223715794484,"d":"-31"},{"v":10.9064262940117,"d":"11"},{"v":-29.5421419891995,"d":"-30"}]
[23,{"v":-249.938141093686,"d":"-250"},{"v":-4.72295803673477,"d":"-5"},{"v":12.2712910452587,"d":"12"},{"v":-126.120973175146,"d":"-126"},{"v":-71.6187595177499,"d":"-72"},{"v":-107.741875024889,"d":"-108"},{"v":-3.50467231611351,"d":"-4"},{"v":-33.4542730875329,"d":"-33"},{"v":11.6181961546568,"d":"12"},{"v":-27.221741198002,"d":"-27"},null,23,{"v":-258.599731062825,"d":"-259"},{"v":-4.81298068538421,"d":"-5"},{"v":9.5971750886649,"d":"10"},{"v":-111.628672726244,"d":"-112"},{"v":-69.090119881933,"d":"-69"},{"v":-115.124853259284,"d":"-115"},{"v":-6.30494184410648,"d":"-6"},{"v":-32.8767826627903,"d":"-33"},{"v":11.3738505744337,"d":"11"},{"v":-30.3384427744335,"d":"-30"},null,23,{"v":-258.715650191549,"d":"-259"},{"v":-4.81877617621453,"d":"-5"},{"v":9.5896769804989,"d":"10"},{"v":-111.628672726244,"d":"-112"},{"v":-69.566273743536,"d":"-70"},{"v":-115.125091234444,"d":"-115"},{"v":-6.32997322643153,"d":"-6"},{"v":-32.8771961806664,"d":"-33"},{"v":11.3635346528307,"d":"11"},{"v":-30.3481215904337,"d":"-30"}]
[24,{"v":-272.984244257826,"d":"-273"},{"v":-4.79067538904738,"d":"-5"},{"v":11.8316911815394,"d":"12"},{"v":-132.045806750489,"d":"-132"},{"v":-75.6140703113277,"d":"-76"},{"v":-117.287281568643,"d":"-117"},{"v":-4.75333648416388,"d":"-5"},{"v":-35.1751601795583,"d":"-35"},{"v":12.1033907833658,"d":"12"},{"v":-28.0236057218778,"d":"-28"},null,24,{"v":-282.114889108531,"d":"-282"},{"v":-4.88911897682598,"d":"-5"},{"v":9.25521480306428,"d":"9"},{"v":-117.21055248557,"d":"-117"},{"v":-73.0464413485812,"d":"-73"},{"v":-125.019933632377,"d":"-125"},{"v":-7.62308821892014,"d":"-8"},{"v":-34.6198856576008,"d":"-35"},{"v":11.8342416659578,"d":"12"},{"v":-30.9496992648313,"d":"-31"},null,24,{"v":-282.257058787133,"d":"-282"},{"v":-4.89226283205934,"d":"-5"},{"v":9.24546801140206,"d":"9"},{"v":-117.21055248557,"d":"-117"},{"v":-73.5182630627476,"d":"-74"},{"v":-125.019934999964,"d":"-125"},{"v":-7.65218107832113,"d":"-8"},{"v":-34.6201019049989,"d":"-35"},{"v":11.8288661503013,"d":"12"},{"v":-30.9546871839568,"d":"-31"}]
[25,{"v":-296.532493511321,"d":"-297"},{"v":-4.82518388448586,"d":"-5"},{"v":11.486149636773,"d":"11"},{"v":-137.553426551326,"d":"-138"},{"v":-79.5522035945366,"d":"-80"},{"v":-127.115369549438,"d":"-127"},{"v":-6.07831431183443,"d":"-6"},{"v":-36.8816264901263,"d":"-37"},{"v":12.5990742940442,"d":"13"},{"v":-28.6275822854929,"d":"-29"},null,25,{"v":-306.050333785463,"d":"-306"},{"v":-4.93314062518217,"d":"-5"},{"v":9.0307438101727,"d":"9"},{"v":-122.311073101379,"d":"-122"},{"v":-76.9309363919222,"d":"-77"},{"v":-135.181763490882,"d":"-135"},{"v":-9.01588864598197,"d":"-9"},{"v":-36.3457235048056,"d":"-36"},{"v":12.3035324435786,"d":"12"},{"v":-31.3428848351498,"d":"-31"},null,25,{"v":-306.221430722219,"d":"-306"},{"v":-4.93314062527783,"d":"-5"},{"v":9.01845388494105,"d":"9"},{"v":-122.311073101379,"d":"-122"},{"v":-77.3967983016588,"d":"-77"},{"v":-135.181899942476,"d":"-135"},{"v":-9.04934818483834,"d":"-9"},{"v":-36.3457236933156,"d":"-36"},{"v":12.303532443277,"d":"12"},{"v":-31.3428848392114,"d":"-31"}]
[]
[]
[]
["Absolute CFs for lifetime impacts, considering 25 years after decommissioning"]
[{"$nulls":12},"Sandy seabed to scour protection",{"$nulls":11},"Sandy seabed to scour protection + 5m of foundation"]
[{"$nulls":12},"Unit: species.year/structure",{"$nulls":11},"Unit: species.year/structure"]
[{"$nulls":12},"Age, t [yr]","TOTAL","Porifera","Cnidaria","Worms","Mollusca","Arthropoda","Bryozoa","Echinodermata","Chordata","Aliens",null,"Age, t [yr]","TOTAL","Porifera","Cnidaria","Worms","Mollusca","Arthropoda","Bryozoa","Echinodermata","Chordata","Aliens"]
[{"$nulls":12},1,{"v":580.304097305386,"d":"580"},null,{"v":28.3609927123797,"d":"28"},{"v":601.900425873904,"d":"602"},{"v":139.648620450378,"d":"140"},{"v":111.651353243737,"d":"112"},{"v":-22.1205785746305,"d":"-22"},{"v":46.3081845801465,"d":"46"},{"v":-2.76443066825365,"d":"-3"},{"v":-57.4609193480916,"d":"-57"},null,1,{"v":574.913741679576,"d":"575"},null,{"v":27.5479192181269,"d":"28"},{"v":601.900425873904,"d":"602"},{"v":135.657023301841,"d":"136"},{"v":109.164320452397,"d":"109"},{"v":-22.442955790888,"d":"-22"},{"v":46.3081845648684,"d":"46"},{"v":-2.98748497075234,"d":"-3"},{"v":-58.404242981715,"d":"-58"}]
[{"$nulls":12},2,{"v":542.600740828,"d":"543"},null,{"v":18.2625066131575,"d":"18"},{"v":596.651372219658,"d":"597"},{"v":137.43005726187,"d":"137"},{"v":96.6430603328319,"d":"97"},{"v":-25.6979755087537,"d":"-26"},{"v":45.7409715931365,"d":"46"},{"v":-2.77161331335187,"d":"-3"},{"v":-66.4005812308141,"d":"-66"},null,2,{"v":538.026311006607,"d":"538"},null,{"v":17.5551635717621,"d":"18"},{"v":596.651372219658,"d":"597"},{"v":132.651552453015,"d":"133"},{"v":94.3663731001338,"d":"94"},{"v":-25.9540283432228,"d":"-26"},{"v":45.7355697141988,"d":"46"},{"v":-3.11046764180932,"d":"-3"},{"v":-67.3899924466965,"d":"-67"}]
[{"$nulls":12},3,{"v":504.954596085217,"d":"505"},null,{"v":8.40265858595837,"d":"8"},{"v":592.028352852149,"d":"592"},{"v":135.237022697753,"d":"135"},{"v":81.4090966126088,"d":"81"},{"v":-29.3342747539497,"d":"-29"},{"v":45.141257240423,"d":"45"},{"v":-2.83249342407509,"d":"-3"},{"v":-75.0547676300759,"d":"-75"},null,3,{"v":501.129174361361,"d":"501"},null,{"v":7.79368474559026,"d":"8"},{"v":592.028352852149,"d":"592"},{"v":129.71230165341,"d":"130"},{"v":79.3334626490377,"d":"79"},{"v":-29.5316332661161,"d":"-30"},{"v":45.1309232080806,"d":"45"},{"v":-3.27627004328127,"d":"-3"},{"v":-76.0828409734845,"d":"-76"}]
[{"$nulls":12},4,{"v":467.433259832914,"d":"467"},null,{"v":-1.19849706963447,"d":"-1"},{"v":588.094768394698,"d":"588"},{"v":133.087601835728,"d":"133"},{"v":65.9649751813851,"d":"66"},{"v":-33.0283818176842,"d":"-33"},{"v":44.5144065811363,"d":"45"},{"v":-2.94595934356975,"d":"-3"},{"v":-83.4045246153198,"d":"-83"},null,4,{"v":464.289928499714,"d":"464"},null,{"v":-1.71646296080545,"d":"-2"},{"v":588.094768394698,"d":"588"},{"v":126.857355980725,"d":"127"},{"v":64.081102197427,"d":"64"},{"v":-33.1746760670337,"d":"-33"},{"v":44.4996101056441,"d":"44"},{"v":-3.48378051831463,"d":"-3"},{"v":-84.4638346315214,"d":"-84"}]
[{"$nulls":12},5,{"v":430.104328826966,"d":"430"},null,{"v":-10.5209060540377,"d":"-11"},{"v":584.914019470626,"d":"585"},{"v":130.999879753498,"d":"131"},{"v":50.3262091374787,"d":"50"},{"v":-36.779202207423,"d":"-37"},{"v":43.8657846744065,"d":"44"},{"v":-3.11089941498231,"d":"-3"},{"v":-91.430898255988,"d":"-91"},null,5,{"v":427.57617017754,"d":"428"},null,{"v":-10.9552252478417,"d":"-11"},{"v":584.914019470626,"d":"585"},{"v":124.104800512664,"d":"124"},{"v":48.6248048436195,"d":"49"},{"v":-36.8820622534414,"d":"-37"},{"v":43.8469954660196,"d":"44"},{"v":-3.73188741005588,"d":"-4"},{"v":-92.5140194902498,"d":"-93"}]
[{"$nulls":12},6,{"v":393.035399823248,"d":"393"},null,{"v":-19.544514067668,"d":"-20"},{"v":582.549506703253,"d":"583"},{"v":128.991941528763,"d":"129"},{"v":34.5083115792074,"d":"35"},{"v":-40.585641430632,"d":"-41"},{"v":43.2007565793641,"d":"43"},{"v":-3.32620198145924,"d":"-3"},{"v":-99.1149346215233,"d":"-99"},null,6,{"v":391.055496150716,"d":"391"},null,{"v":-19.9025478159351,"d":"-20"},{"v":582.549506703253,"d":"583"},{"v":121.472720326927,"d":"121"},{"v":32.9800836859329,"d":"33"},{"v":-40.652697332805,"d":"-41"},{"v":43.1784443483372,"d":"43"},{"v":-4.01947906165146,"d":"-4"},{"v":-100.214441619112,"d":"-100"}]
[{"$nulls":12},7,{"v":356.294069577637,"d":"356"},null,{"v":-28.2492668109421,"d":"-28"},{"v":581.0646307159,"d":"581"},{"v":127.081872239226,"d":"127"},{"v":18.5267956048889,"d":"19"},{"v":-44.4466049947769,"d":"-44"},{"v":42.5246873551391,"d":"43"},{"v":-3.590755386147,"d":"-4"},{"v":-106.437679781368,"d":"-106"},null,7,{"v":354.795503175118,"d":"355"},null,{"v":-28.5383763655024,"d":"-29"},{"v":581.0646307159,"d":"581"},{"v":118.979200501216,"d":"119"},{"v":17.1624518226849,"d":"17"},{"v":-44.4854868125903,"d":"-44"},{"v":42.4993218117272,"d":"42"},{"v":-4.34544381624784,"d":"-4"},{"v":-107.546147087551,"d":"-108"}]
[{"$nulls":12},8,{"v":319.947934846007,"d":"320"},null,{"v":-36.6151099842766,"d":"-37"},{"v":580.522792131887,"d":"581"},{"v":125.287756962589,"d":"125"},{"v":2.397174312841,"d":"2"},{"v":-48.3609984073234,"d":"-48"},{"v":41.8429420608618,"d":"42"},{"v":-3.90344797219204,"d":"-4"},{"v":-113.380179804965,"d":"-113"},null,8,{"v":318.86378800662,"d":"319"},null,{"v":-36.8426565969604,"d":"-37"},{"v":580.522792131887,"d":"581"},{"v":116.642326113234,"d":"117"},{"v":1.1874223521935,"d":"1"},{"v":-48.3793362002631,"d":"-48"},{"v":41.8149929153198,"d":"42"},{"v":-4.70867001699148,"d":"-5"},{"v":-114.490181965009,"d":"-114"}]
[{"$nulls":12},9,{"v":284.064592384235,"d":"284"},null,{"v":-44.6219892880884,"d":"-45"},{"v":580.987391574535,"d":"581"},{"v":123.627680776552,"d":"124"},{"v":-13.8650391986185,"d":"-14"},{"v":-52.3277271757375,"d":"-52"},{"v":41.1608857556625,"d":"41"},{"v":-4.26316808274082,"d":"-4"},{"v":-119.923480761756,"d":"-120"},null,9,{"v":283.327947401099,"d":"283"},null,{"v":-44.7953342107256,"d":"-45"},{"v":580.987391574535,"d":"581"},{"v":114.480182240681,"d":"114"},{"v":-14.9294916272237,"d":"-15"},{"v":-52.3331510032891,"d":"-52"},{"v":41.1308227182454,"d":"41"},{"v":-5.10804600702884,"d":"-5"},{"v":-121.027592320929,"d":"-121"}]
[{"$nulls":12},10,{"v":248.711638948196,"d":"249"},null,{"v":-52.249850422794,"d":"-52"},{"v":582.521829667165,"d":"583"},{"v":122.119728758818,"d":"122"},{"v":-30.2443318311718,"d":"-30"},{"v":-56.3456968074847,"d":"-56"},{"v":40.4838834986713,"d":"40"},{"v":-4.6688040609398,"d":"-5"},{"v":-126.048628721184,"d":"-126"},null,10,{"v":248.255578114431,"d":"248"},null,{"v":-52.3763549072149,"d":"-52"},{"v":582.521829667165,"d":"583"},{"v":112.510853961259,"d":"113"},{"v":-31.1727770172488,"d":"-31"},{"v":-56.3458367291342,"d":"-56"},{"v":40.452176279634,"d":"40"},{"v":-5.54246012950637,"d":"-6"},{"v":-127.139424224752,"d":"-127"}]
[{"$nulls":12},11,{"v":213.956671293765,"d":"214"},null,{"v":-59.4786390888102,"d":"-59"},{"v":585.189507033097,"d":"585"},{"v":120.781985987088,"d":"121"},{"v":-46.7251904865011,"d":"-47"},{"v":-60.4138128100311,"d":"-60"},{"v":39.8173003490186,"d":"40"},{"v":-5.11924424993545,"d":"-5"},{"v":-131.736669752692,"d":"-132"},null,11,{"v":213.71427690249,"d":"214"},null,{"v":-59.5656643868448,"d":"-60"},{"v":585.189507033097,"d":"585"},{"v":110.752426352671,"d":"111"},{"v":-47.526920719564,"d":"-48"},{"v":-60.4162988852641,"d":"-60"},{"v":39.784418658616,"d":"40"},{"v":-6.01080072757054,"d":"-6"},{"v":-132.806723745923,"d":"-133"}]
[{"$nulls":12},12,{"v":179.867286176819,"d":"180"},null,{"v":-66.2883009865536,"d":"-66"},{"v":589.053824295652,"d":"589"},{"v":119.632537539064,"d":"120"},{"v":-63.2921020662887,"d":"-63"},{"v":-64.5309806908423,"d":"-65"},{"v":39.1665013658346,"d":"39"},{"v":-5.61337699287422,"d":"-6"},{"v":-136.968649925723,"d":"-137"},null,12,{"v":179.771640521153,"d":"180"},null,{"v":-66.3432083500322,"d":"-66"},{"v":589.053824295652,"d":"589"},{"v":109.222984492617,"d":"109"},{"v":-63.9764096358517,"d":"-64"},{"v":-64.5434429791447,"d":"-65"},{"v":39.1329149143216,"d":"39"},{"v":-6.5119561443678,"d":"-7"},{"v":-138.010536953882,"d":"-138"}]
[{"$nulls":12},13,{"v":146.511080353233,"d":"147"},null,{"v":-72.6587818164411,"d":"-73"},{"v":594.178182078151,"d":"594"},{"v":118.689468492448,"d":"119"},{"v":-79.9295534722167,"d":"-80"},{"v":-68.6961059573842,"d":"-69"},{"v":38.5368516082494,"d":"39"},{"v":-6.15009063290258,"d":"-6"},{"v":-141.725615309717,"d":"-142"},null,13,{"v":146.495265726295,"d":"146"},null,{"v":-72.6889324971937,"d":"-73"},{"v":594.178182078151,"d":"594"},{"v":107.9406134588,"d":"108"},{"v":-80.505730667794,"d":"-81"},{"v":-68.7261745182416,"d":"-69"},{"v":38.503030105881,"d":"39"},{"v":-7.04481472304462,"d":"-7"},{"v":-142.731909918073,"d":"-143"}]
[{"$nulls":12},14,{"v":113.955650578882,"d":"114"},null,{"v":-78.5700272788892,"d":"-79"},{"v":600.625981003913,"d":"601"},{"v":117.970863924941,"d":"118"},{"v":-96.6220316059675,"d":"-97"},{"v":-72.9080941171225,"d":"-73"},{"v":37.9337161353934,"d":"38"},{"v":-6.72827351316697,"d":"-7"},{"v":-145.988611974119,"d":"-146"},null,14,{"v":113.952749273791,"d":"114"},null,{"v":-78.5827825287459,"d":"-79"},{"v":600.625981003913,"d":"601"},{"v":106.923398328921,"d":"107"},{"v":-97.099370717073,"d":"-97"},{"v":-72.9633990100208,"d":"-73"},{"v":37.9001292924245,"d":"38"},{"v":-7.60826480674746,"d":"-8"},{"v":-146.951888707938,"d":"-147"}]
[{"$nulls":12},15,{"v":82.2685936096433,"d":"82"},null,{"v":-84.0019830743147,"d":"-84"},{"v":608.46062169626,"d":"608"},{"v":117.494808914245,"d":"117"},{"v":-113.354023369223,"d":"-113"},{"v":-77.1658506775229,"d":"-77"},{"v":37.3624600063968,"d":"37"},{"v":-7.34681397681387,"d":"-7"},{"v":-149.738685988371,"d":"-150"},null,15,{"v":82.2116879195186,"d":"82"},null,{"v":-84.0047041451057,"d":"-84"},{"v":608.46062169626,"d":"608"},{"v":106.189424180681,"d":"106"},{"v":-113.741816685371,"d":"-114"},{"v":-77.2540219619479,"d":"-77"},{"v":37.3295775330823,"d":"37"},{"v":-8.20119473862277,"d":"-8"},{"v":-150.65151939292,"d":"-151"}]
[{"$nulls":12},16,{"v":51.5175062013909,"d":"52"},null,{"v":-88.9345949031342,"d":"-89"},{"v":617.745504778513,"d":"618"},{"v":117.279388538061,"d":"117"},{"v":-130.110015663666,"d":"-130"},{"v":-81.4682811460514,"d":"-81"},{"v":36.8284482803898,"d":"37"},{"v":-8.00460036698972,"d":"-8"},{"v":-152.956883421915,"d":"-153"},null,16,{"v":51.339678419352,"d":"51"},null,{"v":-88.9346430466896,"d":"-89"},{"v":617.745504778513,"d":"618"},{"v":105.756776091783,"d":"106"},{"v":-130.417555474371,"d":"-130"},{"v":-81.5969488814888,"d":"-82"},{"v":36.7967398869846,"d":"37"},{"v":-8.82249286181701,"d":"-9"},{"v":-153.811848042461,"d":"-154"}]
[{"$nulls":12},17,{"v":21.769985110001,"d":"22"},null,{"v":-93.3478084657645,"d":"-93"},{"v":628.544030873991,"d":"629"},{"v":117.342687874092,"d":"117"},{"v":-146.874495390978,"d":"-147"},{"v":-85.8142910301737,"d":"-86"},{"v":36.3370460165027,"d":"36"},{"v":-8.700521026841,"d":"-9"},{"v":-155.624250344193,"d":"-156"},null,17,{"v":21.404317529167,"d":"21"},null,{"v":-93.3525449339146,"d":"-93"},{"v":628.544030873991,"d":"629"},{"v":105.643539139928,"d":"106"},{"v":-147.111073985754,"d":"-147"},{"v":-85.9910852761093,"d":"-86"},{"v":36.3069814132617,"d":"36"},{"v":-9.47104751947665,"d":"-9"},{"v":-156.413920726004,"d":"-156"}]
[{"$nulls":12},18,{"v":-6.90637290865052,"d":"-7"},null,{"v":-97.2215694626223,"d":"-97"},{"v":640.919600606016,"d":"641"},{"v":117.702792000039,"d":"118"},{"v":-163.631949452842,"d":"-164"},{"v":-90.2027858373556,"d":"-90"},{"v":35.8936182738656,"d":"36"},{"v":-9.43346429951415,"d":"-9"},{"v":-157.721832824649,"d":"-158"},null,18,{"v":-7.52679799516066,"d":"-8"},null,{"v":-97.238355507197,"d":"-97"},{"v":640.919600606016,"d":"641"},{"v":105.867798402818,"d":"106"},{"v":-163.806859121202,"d":"-164"},{"v":-90.4353366532752,"d":"-90"},{"v":35.8656671710438,"d":"36"},{"v":-10.1457470547481,"d":"-10"},{"v":-158.438783512992,"d":"-158"}]
[{"$nulls":12},19,{"v":-34.4439710986883,"d":"-34"},null,{"v":-100.535823594124,"d":"-101"},{"v":654.935614597909,"d":"655"},{"v":118.377785993604,"d":"118"},{"v":-180.366864750939,"d":"-180"},{"v":-94.6326710750628,"d":"-95"},{"v":35.5035301116089,"d":"36"},{"v":-10.2023185281556,"d":"-10"},{"v":-159.230676932725,"d":"-159"},null,19,{"v":-35.3860713977554,"d":"-35"},null,{"v":-100.572020466954,"d":"-101"},{"v":654.935614597909,"d":"655"},{"v":106.447638958154,"d":"106"},{"v":-180.489397782399,"d":"-180"},{"v":-94.9286085204522,"d":"-95"},{"v":35.4781622194612,"d":"35"},{"v":-10.8454798107779,"d":"-11"},{"v":-159.867482472866,"d":"-160"}]
[{"$nulls":12},20,{"v":-60.7752127042365,"d":"-61"},null,{"v":-103.270516560687,"d":"-103"},{"v":670.655473472989,"d":"671"},{"v":119.385754932488,"d":"119"},{"v":-197.063728186953,"d":"-197"},{"v":-99.1028522507612,"d":"-99"},{"v":35.1721465888628,"d":"35"},{"v":-11.0059720559119,"d":"-11"},{"v":-160.131828737862,"d":"-160"},null,20,{"v":-62.1059059227414,"d":"-62"},null,{"v":-103.333485513601,"d":"-103"},{"v":670.655473472989,"d":"671"},{"v":107.401145883639,"d":"107"},{"v":-197.143176871025,"d":"-197"},{"v":-99.4698063851061,"d":"-99"},{"v":35.149831617644,"d":"35"},{"v":-11.5691341307125,"d":"-12"},{"v":-160.681063675069,"d":"-161"}]
[{"$nulls":12},21,{"v":-85.8325009694199,"d":"-86"},null,{"v":-105.405594062727,"d":"-105"},{"v":688.142577854577,"d":"688"},{"v":120.744783894392,"d":"121"},{"v":-213.707026662565,"d":"-214"},{"v":-103.612234871917,"d":"-104"},{"v":34.9048327647574,"d":"35"},{"v":-11.8433132259295,"d":"-12"},{"v":-160.406334309505,"d":"-160"},null,21,{"v":-87.6187048142429,"d":"-88"},null,{"v":-105.502696347557,"d":"-106"},{"v":688.142577854577,"d":"688"},{"v":108.746404256973,"d":"109"},{"v":-213.752683288764,"d":"-214"},{"v":-104.057835754703,"d":"-104"},{"v":34.8860404247226,"d":"35"},{"v":-12.3155983576983,"d":"-12"},{"v":-160.860573189044,"d":"-161"}]
[{"$nulls":12},22,{"v":-109.548239138362,"d":"-110"},null,{"v":-106.921001800662,"d":"-107"},{"v":707.460328365994,"d":"707"},{"v":122.47295795702,"d":"122"},{"v":-230.281247079457,"d":"-230"},{"v":-108.159724445995,"d":"-108"},{"v":34.7069536984231,"d":"35"},{"v":-12.7132303813548,"d":"-13"},{"v":-160.035239717095,"d":"-160"},null,22,{"v":-111.856871316385,"d":"-112"},null,{"v":-107.059598669237,"d":"-107"},{"v":707.460328365994,"d":"707"},{"v":110.501499155858,"d":"111"},{"v":-230.302403937298,"d":"-230"},{"v":-108.691602136708,"d":"-109"},{"v":34.6921536998272,"d":"35"},{"v":-13.0837608348818,"d":"-13"},{"v":-160.387057084234,"d":"-160"}]
[{"$nulls":12},23,{"v":-131.854830455189,"d":"-132"},null,{"v":-107.796685474908,"d":"-108"},{"v":728.672125630561,"d":"729"},{"v":124.588362198072,"d":"125"},{"v":-246.770876339312,"d":"-247"},{"v":-112.744226480461,"d":"-113"},{"v":34.5838744489901,"d":"35"},{"v":-13.6146118653342,"d":"-14"},{"v":-158.999591030075,"d":"-159"},null,23,{"v":-134.752808673291,"d":"-135"},null,{"v":-107.984138179058,"d":"-108"},{"v":728.672125630561,"d":"729"},{"v":112.684515657997,"d":"113"},{"v":-246.776825718308,"d":"-247"},{"v":-113.370011038587,"d":"-113"},{"v":34.573536502088,"d":"35"},{"v":-13.8725099054095,"d":"-14"},{"v":-159.24156143008,"d":"-159"}]
[{"$nulls":12},24,{"v":-152.684678164023,"d":"-153"},null,{"v":-108.012590785881,"d":"-108"},{"v":751.841370271598,"d":"752"},{"v":127.10908169525,"d":"127"},{"v":-263.160401343811,"d":"-263"},{"v":-117.364646482782,"d":"-117"},{"v":34.5409600755886,"d":"35"},{"v":-14.5463460210143,"d":"-15"},{"v":-157.280434317888,"d":"-157"},null,24,{"v":-156.238920129086,"d":"-156"},null,{"v":-108.256260577436,"d":"-108"},{"v":751.841370271598,"d":"752"},{"v":115.31353884109,"d":"115"},{"v":-263.160435533477,"d":"-263"},{"v":-118.091967967807,"d":"-118"},{"v":34.5355538906352,"d":"35"},{"v":-14.6807339124277,"d":"-15"},{"v":-157.405132296026,"d":"-157"}]
[{"$nulls":12},25,{"v":-171.97018550899,"d":"-172"},null,{"v":-107.548663433999,"d":"-108"},{"v":777.031462912426,"d":"777"},{"v":130.053201526256,"d":"130"},{"v":-279.434308994638,"d":"-279"},{"v":-122.019889960423,"d":"-122"},{"v":34.5835756373488,"d":"35"},{"v":-15.5073211915415,"d":"-16"},{"v":-154.858815649975,"d":"-155"},null,25,{"v":-176.247608927895,"d":"-176"},null,{"v":-107.85591156479,"d":"-108"},{"v":777.031462912426,"d":"777"},{"v":118.40665378284,"d":"118"},{"v":-279.437720284488,"d":"-279"},{"v":-122.856378431832,"d":"-123"},{"v":34.583570924599,"d":"35"},{"v":-15.5073211990831,"d":"-16"},{"v":-154.858815751514,"d":"-155"}]
[]
["Hard seabed to sandy seabed",{"$nulls":11},"Hard seabed to scour protection",{"$nulls":11},"Hard seabed to scour protection + 5m of foundation"]
["Unit: species.year/structure",{"$nulls":11},"Unit: species.year/structure",{"$nulls":11},"Unit: species.year/structure"]
["Age, t [yr]","TOTAL","Porifera","Cnidaria","Worms","Mollusca","Arthropoda","Bryozoa","Echinodermata","Chordata","Aliens",null,"Age, t [yr]","TOTAL","Porifera","Cnidaria","Worms","Mollusca","Arthropoda","Bryozoa","Echinodermata","Chordata","Aliens",null,"Age, t [yr]","TOTAL","Porifera","Cnidaria","Worms","Mollusca","Arthropoda","Bryozoa","Echinodermata","Chordata","Aliens"]
[1,{"v":-341.405725848715,"d":"-341"},{"v":2.15031938904637,"d":"2"},{"v":58.3644179908974,"d":"58"},{"v":-511.027998751609,"d":"-511"},{"v":-138.851340024314,"d":"-139"},{"v":-46.2053001742879,"d":"-46"},{"v":41.6761465723679,"d":"42"},{"v":-56.4060659518088,"d":"-56"},{"v":20.4717765041691,"d":"20"},{"v":2.12217682487945,"d":"2"},null,1,{"v":217.79578244951,"d":"218"},{"v":-2.37698251878717,"d":"-2"},{"v":86.0106601181447,"d":"86"},{"v":68.3743726588262,"d":"68"},{"v":-4.42510460505399,"d":"-4"},{"v":62.3104441528277,"d":"62"},{"v":20.3816387202697,"d":"20"},{"v":-11.7594429143103,"d":"-12"},{"v":17.9534185556931,"d":"18"},{"v":-0.0555733586550831,"d":"-0"},null,1,{"v":212.4054268237,"d":"212"},{"v":-0.866980772691207,"d":"-1"},{"v":85.1975866238919,"d":"85"},{"v":68.3743726588262,"d":"68"},{"v":-8.41670175359145,"d":"-8"},{"v":59.8234113614884,"d":"60"},{"v":20.0592615040122,"d":"20"},{"v":-11.7594429295884,"d":"-12"},{"v":17.7303642531944,"d":"18"},{"v":0.8877502749683,"d":"1"}]
[2,{"v":-336.302635810505,"d":"-336"},{"v":2.00202759751155,"d":"2"},{"v":60.9292729047886,"d":"61"},{"v":-510.091177665972,"d":"-510"},{"v":-139.529031387483,"d":"-140"},{"v":-45.6069012287439,"d":"-46"},{"v":42.3832895271171,"d":"42"},{"v":-57.0868502759472,"d":"-57"},{"v":21.0074649134966,"d":"21"},{"v":1.76212160631069,"d":"2"},null,2,{"v":166.149798477667,"d":"166"},{"v":-2.1350802048437,"d":"-2"},{"v":78.1294689191442,"d":"78"},{"v":42.6050861886155,"d":"43"},{"v":-12.1849649110788,"d":"-12"},{"v":45.4044239691956,"d":"45"},{"v":18.4389424513349,"d":"18"},{"v":-14.5600261895686,"d":"-15"},{"v":18.7430762653621,"d":"19"},{"v":-6.79714322274973,"d":"-7"},null,2,{"v":161.575368656275,"d":"162"},{"v":-0.829508316230741,"d":"-1"},{"v":77.4221258777489,"d":"77"},{"v":42.6050861886155,"d":"43"},{"v":-16.9634697199336,"d":"-17"},{"v":43.1277367364974,"d":"43"},{"v":18.1828896168659,"d":"18"},{"v":-14.5654280685063,"d":"-15"},{"v":18.4042219369047,"d":"18"},{"v":-5.80773200686727,"d":"-6"}]
[3,{"v":-333.188820490914,"d":"-333"},{"v":1.83042114876315,"d":"2"},{"v":63.1469915468002,"d":"63"},{"v":-510.131956518883,"d":"-510"},{"v":-140.547416949719,"d":"-141"},{"v":-45.6324718832319,"d":"-46"},{"v":42.9900399864934,"d":"43"},{"v":-57.8712451194934,"d":"-58"},{"v":21.5291857540156,"d":"22"},{"v":1.18296787573811,"d":"1"},null,3,{"v":114.561026240428,"d":"115"},{"v":-1.94379789282776,"d":"-2"},{"v":70.4869157921668,"d":"70"},{"v":17.4618340051423,"d":"17"},{"v":-19.9192965927126,"d":"-20"},{"v":28.2727329762451,"d":"28"},{"v":16.4373438713275,"d":"16"},{"v":-17.3931108305305,"d":"-17"},{"v":19.4790365094061,"d":"19"},{"v":-13.2458121486508,"d":"-13"},null,3,{"v":110.735604516572,"d":"111"},{"v":-0.830350373179316,"d":"-1"},{"v":69.8779419517987,"d":"70"},{"v":17.4618340051423,"d":"17"},{"v":-25.4440176370561,"d":"-25"},{"v":26.1970990126741,"d":"26"},{"v":16.2399853591611,"d":"16"},{"v":-17.4034448628728,"d":"-17"},{"v":19.0352598901999,"d":"19"},{"v":-12.2177388052422,"d":"-12"}]
[4,{"v":-331.996683134067,"d":"-332"},{"v":1.63806929344152,"d":"2"},{"v":65.0376282165153,"d":"65"},{"v":-511.086934687021,"d":"-511"},{"v":-141.888411633322,"d":"-142"},{"v":-46.2664990394342,"d":"-46"},{"v":43.4974924430311,"d":"43"},{"v":-58.7538854233172,"d":"-59"},{"v":22.0380506825797,"d":"22"},{"v":0.403669563719189,"d":"0"},null,4,{"v":63.097062493668,"d":"63"},{"v":-1.80056633209902,"d":"-2"},{"v":63.1030550367957,"d":"63"},{"v":-6.99198326827305,"d":"-7"},{"v":-27.6100145722539,"d":"-28"},{"v":10.9308842722942,"d":"11"},{"v":14.3779374727814,"d":"14"},{"v":-20.2533317780655,"d":"-20"},{"v":20.1624109446786,"d":"20"},{"v":-19.3826262058008,"d":"-19"},null,4,{"v":59.9537311604674,"d":"60"},{"v":-0.866937692896585,"d":"-1"},{"v":62.5850891456247,"d":"63"},{"v":-6.99198326827305,"d":"-7"},{"v":-33.8402604272572,"d":"-34"},{"v":9.04701128833615,"d":"9"},{"v":14.2316432234319,"d":"14"},{"v":-20.2681282535577,"d":"-20"},{"v":19.6245897699337,"d":"20"},{"v":-18.3233161895991,"d":"-18"}]
[5,{"v":-332.658626984088,"d":"-333"},{"v":1.42754128218702,"d":"1"},{"v":66.6212372135173,"d":"67"},{"v":-512.892711547064,"d":"-513"},{"v":-143.533930360589,"d":"-144"},{"v":-47.493469599033,"d":"-47"},{"v":43.9067413892643,"d":"44"},{"v":-59.7294061282883,"d":"-60"},{"v":22.5351713560424,"d":"23"},{"v":-0.556819399188593,"d":"-1"},null,5,{"v":11.825503993263,"d":"12"},{"v":-1.70281627201711,"d":"-2"},{"v":55.9979409526142,"d":"56"},{"v":-30.6929650083098,"d":"-31"},{"v":-35.239033772001,"d":"-35"},{"v":-6.60560904433947,"d":"-7"},{"v":12.2618177482311,"d":"12"},{"v":-23.1353239730436,"d":"-23"},{"v":20.7943112280332,"d":"21"},{"v":-25.1886314636423,"d":"-25"},null,5,{"v":9.29734534383705,"d":"9"},{"v":-0.936701024742197,"d":"-1"},{"v":55.5636217588102,"d":"56"},{"v":-30.6929650083098,"d":"-31"},{"v":-42.1341130128354,"d":"-42"},{"v":-8.3070133381987,"d":"-8"},{"v":12.1589577022127,"d":"12"},{"v":-23.1541131814305,"d":"-23"},{"v":20.1733232329596,"d":"20"},{"v":-24.1055102293805,"d":"-24"}]
[6,{"v":-335.107055285101,"d":"-335"},{"v":1.20140636563999,"d":"1"},{"v":67.9178728373896,"d":"68"},{"v":-515.485886475693,"d":"-515"},{"v":-145.46588805382,"d":"-145"},{"v":-49.2978704637105,"d":"-49"},{"v":44.2188813177274,"d":"44"},{"v":-60.7924421752766,"d":"-61"},{"v":23.0216594312572,"d":"23"},{"v":-1.67954508242776,"d":"-2"},null,6,{"v":-39.1860525049115,"d":"-39"},{"v":-1.64797846194169,"d":"-2"},{"v":49.1916278392056,"d":"49"},{"v":-53.5777105916473,"d":"-54"},{"v":-42.7882691142522,"d":"-43"},{"v":-24.3212338753381,"d":"-24"},{"v":10.0900791902106,"d":"10"},{"v":-26.0337223563344,"d":"-26"},{"v":21.3758490163235,"d":"21"},{"v":-30.6448739916178,"d":"-31"},null,6,{"v":-41.1659561774436,"d":"-41"},{"v":-1.0370711180758,"d":"-1"},{"v":48.8335940909385,"d":"49"},{"v":-53.5777105916473,"d":"-54"},{"v":-50.3074903160889,"d":"-50"},{"v":-25.8494617686126,"d":"-26"},{"v":10.0230232880375,"d":"10"},{"v":-26.0560345873613,"d":"-26"},{"v":20.6825719361312,"d":"21"},{"v":-29.5453669940288,"d":"-30"}]
[7,{"v":-339.274371281231,"d":"-339"},{"v":0.962233794440787,"d":"1"},{"v":68.9475893877154,"d":"69"},{"v":-518.803058849587,"d":"-519"},{"v":-147.666199635311,"d":"-148"},{"v":-51.664188535149,"d":"-52"},{"v":44.4350067209545,"d":"44"},{"v":-61.9376285051517,"d":"-62"},{"v":23.4986265650777,"d":"23"},{"v":-2.94555355544085,"d":"-3"},null,7,{"v":-89.8700102449797,"d":"-90"},{"v":-1.6334836512324,"d":"-2"},{"v":42.7041699961532,"d":"43"},{"v":-75.582819394965,"d":"-76"},{"v":-50.2396355213058,"d":"-50"},{"v":-42.2004771223838,"d":"-42"},{"v":7.86381629125419,"d":"8"},{"v":-28.9431618688077,"d":"-29"},{"v":21.9081359664029,"d":"22"},{"v":-35.7323998591698,"d":"-36"},null,7,{"v":-91.3685766474988,"d":"-91"},{"v":-1.16547872225705,"d":"-1"},{"v":42.4150604415929,"d":"42"},{"v":-75.582819394965,"d":"-76"},{"v":-58.342307259316,"d":"-58"},{"v":-43.5648209045878,"d":"-44"},{"v":7.82493447344071,"d":"8"},{"v":-28.9685274122196,"d":"-29"},{"v":21.153447536302,"d":"21"},{"v":-34.6239325529866,"d":"-35"}]
[8,{"v":-345.092978216602,"d":"-345"},{"v":0.712592819229757,"d":"1"},{"v":69.730441164078,"d":"70"},{"v":-522.780828045426,"d":"-523"},{"v":-150.116780027362,"d":"-150"},{"v":-54.5769107150306,"d":"-55"},{"v":44.5562120914798,"d":"45"},{"v":-63.1596000587834,"d":"-63"},{"v":23.9671844143575,"d":"24"},{"v":-4.33589088767037,"d":"-4"},null,8,{"v":-140.158772471066,"d":"-140"},{"v":-1.65676258924891,"d":"-2"},{"v":36.5556217230404,"d":"37"},{"v":-96.6448907949424,"d":"-97"},{"v":-57.5750479154601,"d":"-58"},{"v":-60.227825687159,"d":"-60"},{"v":5.5841235438961,"d":"6"},{"v":-31.8582774513333,"d":"-32"},{"v":22.392283735125,"d":"22"},{"v":-40.4322551357408,"d":"-40"},null,8,{"v":-141.242919310453,"d":"-141"},{"v":-1.31935458664558,"d":"-1"},{"v":36.3280751103567,"d":"36"},{"v":-96.6448907949424,"d":"-97"},{"v":-66.2204787648151,"d":"-66"},{"v":-61.4375776478065,"d":"-61"},{"v":5.56578575095641,"d":"6"},{"v":-31.8862265968753,"d":"-32"},{"v":21.5870616903256,"d":"22"},{"v":-39.3222529756965,"d":"-39"}]
[9,{"v":-352.495279335338,"d":"-352"},{"v":0.455052690647253,"d":"0"},{"v":70.2864824660607,"d":"70"},{"v":-527.355793439888,"d":"-527"},{"v":-152.799544152272,"d":"-153"},{"v":-58.0205239050377,"d":"-58"},{"v":44.5835919218375,"d":"45"},{"v":-64.4529917770415,"d":"-64"},{"v":24.4284446359501,"d":"24"},{"v":-5.83160314855885,"d":"-6"},null,9,{"v":-189.984742427295,"d":"-190"},{"v":-1.71524602535084,"d":"-2"},{"v":30.7660373194504,"d":"31"},{"v":-116.700524168259,"d":"-117"},{"v":-64.7764212190135,"d":"-65"},{"v":-78.3877664713457,"d":"-78"},{"v":3.25209544067053,"d":"3"},{"v":-34.773704044781,"d":"-35"},{"v":22.8294039793434,"d":"23"},{"v":-44.7254858907735,"d":"-45"},null,9,{"v":-190.721387410431,"d":"-191"},{"v":-1.49612946060107,"d":"-1"},{"v":30.5926923968132,"d":"31"},{"v":-116.700524168259,"d":"-117"},{"v":-73.9239197548846,"d":"-74"},{"v":-79.4522188999509,"d":"-79"},{"v":3.24667161311885,"d":"3"},{"v":-34.8037670821981,"d":"-35"},{"v":21.9845260550554,"d":"22"},{"v":-43.6213743316009,"d":"-44"}]
[10,{"v":-361.413677881563,"d":"-361"},{"v":0.192182659333624,"d":"0"},{"v":70.6357675932469,"d":"71"},{"v":-532.464554409652,"d":"-532"},{"v":-155.696406932337,"d":"-156"},{"v":-61.9795150068523,"d":"-62"},{"v":44.5182407045619,"d":"45"},{"v":-65.8124386007958,"d":"-66"},{"v":24.8835188867089,"d":"25"},{"v":-7.41373640754881,"d":"-7"},null,10,{"v":-239.280323357791,"d":"-239"},{"v":-1.80636470889787,"d":"-2"},{"v":25.3554710849665,"d":"25"},{"v":-135.686318891593,"d":"-136"},{"v":-71.8256703542643,"d":"-72"},{"v":-96.6647863766263,"d":"-97"},{"v":0.868826474111711,"d":"1"},{"v":-37.6840765900205,"d":"-38"},{"v":23.2206083559116,"d":"23"},{"v":-48.5931381937102,"d":"-49"},null,10,{"v":-239.736384191556,"d":"-240"},{"v":-1.69323409348314,"d":"-2"},{"v":25.2289666005456,"d":"25"},{"v":-135.686318891593,"d":"-136"},{"v":-81.4345451518226,"d":"-81"},{"v":-97.5932315627033,"d":"-98"},{"v":0.868686552462244,"d":"1"},{"v":-37.7157838090578,"d":"-38"},{"v":22.3469522873451,"d":"22"},{"v":-47.5023426901423,"d":"-48"}]
[11,{"v":-371.780577099403,"d":"-372"},{"v":-0.0734480240707792,"d":"-0"},{"v":70.7983508452198,"d":"71"},{"v":-538.0437103314,"d":"-538"},{"v":-158.789283289857,"d":"-159"},{"v":-66.4383709221567,"d":"-66"},{"v":44.3612529321871,"d":"44"},{"v":-67.232575470916,"d":"-67"},{"v":25.3335188234876,"d":"25"},{"v":-9.06333673408279,"d":"-9"},null,11,{"v":-287.977918506678,"d":"-288"},{"v":-1.92754938924963,"d":"-2"},{"v":20.3439773191721,"d":"20"},{"v":-153.538874341626,"d":"-154"},{"v":-78.7047102435108,"d":"-79"},{"v":-115.043372304683,"d":"-115"},{"v":-1.56458886324621,"d":"-2"},{"v":-40.5840300279215,"d":"-41"},{"v":23.5670085216832,"d":"24"},{"v":-52.0162581139935,"d":"-52"},null,11,{"v":-288.220312897954,"d":"-288"},{"v":-1.90809923465145,"d":"-2"},{"v":20.2569520211374,"d":"20"},{"v":-153.538874341626,"d":"-154"},{"v":-88.7342698779276,"d":"-89"},{"v":-115.845102537746,"d":"-116"},{"v":-1.56707493847921,"d":"-2"},{"v":-40.6169117183241,"d":"-41"},{"v":22.6754520440481,"d":"23"},{"v":-50.9462041207634,"d":"-51"}]
[12,{"v":-383.528380232982,"d":"-384"},{"v":-0.339270108925607,"d":"-0"},{"v":70.7942865215627,"d":"71"},{"v":-544.029860581809,"d":"-544"},{"v":-162.06008814713,"d":"-162"},{"v":-71.3815785526332,"d":"-71"},{"v":44.1137230972474,"d":"44"},{"v":-68.7080373282718,"d":"-69"},{"v":25.7795561031397,"d":"26"},{"v":-10.7614501976033,"d":"-11"},null,12,{"v":-336.009931118081,"d":"-336"},{"v":-2.07623081576578,"d":"-2"},{"v":15.7516103216503,"d":"16"},{"v":-170.194789895035,"d":"-170"},{"v":-85.3954558090514,"d":"-85"},{"v":-133.508011157198,"d":"-134"},{"v":-4.04705607886894,"d":"-4"},{"v":-43.4681992993539,"d":"-43"},{"v":23.8697161335116,"d":"24"},{"v":-54.975891721066,"d":"-55"},null,12,{"v":-336.105576773748,"d":"-336"},{"v":-2.13815563346566,"d":"-2"},{"v":15.6967029581718,"d":"16"},{"v":-170.194789895035,"d":"-170"},{"v":-95.8050088554979,"d":"-96"},{"v":-134.192318726761,"d":"-134"},{"v":-4.05951836717127,"d":"-4"},{"v":-43.5017857508669,"d":"-44"},{"v":22.971136982018,"d":"23"},{"v":-53.9340046929066,"d":"-54"}]
[13,{"v":-396.589490526423,"d":"-397"},{"v":-0.60271434459051,"d":"-1"},{"v":70.6436289218589,"d":"71"},{"v":-550.359604537559,"d":"-550"},{"v":-165.490736426455,"d":"-165"},{"v":-76.7936247999639,"d":"-77"},{"v":43.776745692277,"d":"44"},{"v":-70.2334591137331,"d":"-70"},{"v":26.2227423825187,"d":"26"},{"v":-12.4891228675529,"d":"-12"},null,13,{"v":-383.308764436124,"d":"-383"},{"v":-2.24983973780596,"d":"-2"},{"v":11.5984243919846,"d":"12"},{"v":-185.590664928501,"d":"-186"},{"v":-91.8798219731843,"d":"-92"},{"v":-152.043189835853,"d":"-152"},{"v":-6.57748068022231,"d":"-7"},{"v":-46.3312193451874,"d":"-46"},{"v":24.1298428482504,"d":"24"},{"v":-57.4530850843701,"d":"-57"},null,13,{"v":-383.324579063062,"d":"-383"},{"v":-2.3808340392854,"d":"-2"},{"v":11.568273711232,"d":"12"},{"v":-185.590664928501,"d":"-186"},{"v":-102.628677006832,"d":"-103"},{"v":-152.61936703143,"d":"-153"},{"v":-6.60754924107976,"d":"-7"},{"v":-46.3650408475558,"d":"-46"},{"v":23.2351187581084,"d":"23"},{"v":-56.4467904760144,"d":"-56"}]
[14,{"v":-410.896311223851,"d":"-411"},{"v":-0.861211480425137,"d":"-1"},{"v":70.3664323456917,"d":"70"},{"v":-556.96954157533,"d":"-557"},{"v":-169.063143050129,"d":"-169"},{"v":-82.6589965658311,"d":"-83"},{"v":43.3514152098101,"d":"43"},{"v":-71.8034757681696,"d":"-72"},{"v":26.6641893184782,"d":"27"},{"v":-14.227400813374,"d":"-14"},null,14,{"v":-429.806821704931,"d":"-430"},{"v":-2.44580690472983,"d":"-2"},{"v":7.90447382975825,"d":"8"},{"v":-199.663098818703,"d":"-200"},{"v":-98.139723658208,"d":"-98"},{"v":-170.633395242331,"d":"-171"},{"v":-9.15476817477212,"d":"-9"},{"v":-49.1677251062917,"d":"-49"},{"v":24.3485003227532,"d":"24"},{"v":-59.4288842733484,"d":"-59"},null,14,{"v":-429.809723010022,"d":"-430"},{"v":-2.63356520147034,"d":"-3"},{"v":7.89171857990152,"d":"8"},{"v":-199.663098818703,"d":"-200"},{"v":-109.187189254228,"d":"-109"},{"v":-171.110734353437,"d":"-171"},{"v":-9.21007306767044,"d":"-9"},{"v":-49.2013119492606,"d":"-49"},{"v":23.4685090291727,"d":"23"},{"v":-58.4656075395294,"d":"-58"}]
[15,{"v":-426.381245569391,"d":"-426"},{"v":-1.11219226578914,"d":"-1"},{"v":69.9827510926445,"d":"70"},{"v":-563.796271071801,"d":"-564"},{"v":-172.75922294045,"d":"-173"},{"v":-88.962180751917,"d":"-89"},{"v":42.8388261423809,"d":"43"},{"v":-73.4127222324511,"d":"-73"},{"v":27.1050085678717,"d":"27"},{"v":-15.9573301045093,"d":"-16"},null,15,{"v":-475.436506168627,"d":"-475"},{"v":-2.66156306589703,"d":"-3"},{"v":4.6898129345545,"d":"5"},{"v":-212.348690942321,"d":"-212"},{"v":-104.157075786421,"d":"-104"},{"v":-189.263114278314,"d":"-189"},{"v":-11.7778240699841,"d":"-12"},{"v":-51.9723515235367,"d":"-52"},{"v":24.5268002138735,"d":"25"},{"v":-60.8843353574435,"d":"-61"},null,15,{"v":-475.493411858752,"d":"-475"},{"v":-2.89377986938012,"d":"-3"},{"v":4.6870918637635,"d":"5"},{"v":-212.348690942321,"d":"-212"},{"v":-115.462460519984,"d":"-115"},{"v":-189.650907594462,"d":"-190"},{"v":-11.8659953544091,"d":"-12"},{"v":-52.0052339968512,"d":"-52"},{"v":23.6724194520646,"d":"24"},{"v":-59.9715019528941,"d":"-60"}]
[16,{"v":-442.976696807167,"d":"-443"},{"v":-1.35308745004216,"d":"-1"},{"v":69.5126394623005,"d":"70"},{"v":-570.776392403652,"d":"-571"},{"v":-176.560891019718,"d":"-177"},{"v":-95.6876642599038,"d":"-96"},{"v":42.2400729825235,"d":"42"},{"v":-75.0558334474473,"d":"-75"},{"v":27.5463117875528,"d":"28"},{"v":-17.6599568104012,"d":"-18"},null,16,{"v":-520.130221071337,"d":"-520"},{"v":-2.89453897066722,"d":"-3"},{"v":1.9744960059567,"d":"2"},{"v":-223.584040676033,"d":"-224"},{"v":-109.913793280121,"d":"-110"},{"v":-207.916833845484,"d":"-208"},{"v":-14.4455538733242,"d":"-14"},{"v":-54.739733537792,"d":"-55"},{"v":24.6658541784648,"d":"25"},{"v":-61.8004844060977,"d":"-62"},null,16,{"v":-520.308048853375,"d":"-520"},{"v":-3.15890879237438,"d":"-3"},{"v":1.97444786240124,"d":"2"},{"v":-223.584040676033,"d":"-224"},{"v":-121.436405726398,"d":"-121"},{"v":-208.224373656189,"d":"-208"},{"v":-14.5742216087616,"d":"-15"},{"v":-54.7714419311972,"d":"-55"},{"v":23.8479616836375,"d":"24"},{"v":-60.945519785551,"d":"-61"}]
[17,{"v":-460.615068181303,"d":"-461"},{"v":-1.58132778254386,"d":"-2"},{"v":68.976151754243,"d":"69"},{"v":-577.846504947561,"d":"-578"},{"v":-180.450062210231,"d":"-180"},{"v":-102.819933991474,"d":"-103"},{"v":41.5562502227724,"d":"42"},{"v":-76.727444354028,"d":"-77"},{"v":27.989210634375,"d":"28"},{"v":-19.3163270004922,"d":"-19"},null,17,{"v":-563.820369657183,"d":"-564"},{"v":-3.14216536840004,"d":"-3"},{"v":-0.221422656451878,"d":"-0"},{"v":-233.305747396519,"d":"-233"},{"v":-115.391791061606,"d":"-115"},{"v":-226.579040845524,"d":"-227"},{"v":-17.156863092258,"d":"-17"},{"v":-57.4645060899275,"d":"-57"},{"v":24.7667738733807,"d":"25"},{"v":-62.1583774887538,"d":"-62"},null,17,{"v":-564.186037238017,"d":"-564"},{"v":-3.42638271981279,"d":"-3"},{"v":-0.226159124601925,"d":"-0"},{"v":-233.305747396519,"d":"-233"},{"v":-127.09093979577,"d":"-127"},{"v":-226.815619440299,"d":"-227"},{"v":-17.3336573381936,"d":"-17"},{"v":-57.4945706931684,"d":"-57"},{"v":23.9962473807451,"d":"24"},{"v":-61.3687071069426,"d":"-61"}]
[18,{"v":-479.228762935923,"d":"-479"},{"v":-1.79434401265388,"d":"-2"},{"v":68.3933422680554,"d":"68"},{"v":-584.943208080208,"d":"-585"},{"v":-184.408651434287,"d":"-184"},{"v":-110.343476848309,"d":"-110"},{"v":40.7884523556615,"d":"41"},{"v":-78.4221898930629,"d":"-78"},{"v":28.4348167651918,"d":"28"},{"v":-20.9074867442249,"d":"-21"},null,18,{"v":-606.439355170291,"d":"-606"},{"v":-3.40187300845515,"d":"-3"},{"v":-1.87788875308792,"d":"-2"},{"v":-241.450410480458,"d":"-241"},{"v":-120.572984053176,"d":"-121"},{"v":-245.234222180115,"d":"-245"},{"v":-19.9106572342514,"d":"-20"},{"v":-60.1413041208129,"d":"-60"},{"v":24.8306709554748,"d":"25"},{"v":-61.9390606748541,"d":"-62"},null,18,{"v":-607.059780256802,"d":"-607"},{"v":-3.69363240105499,"d":"-4"},{"v":-1.89467479766263,"d":"-2"},{"v":-241.450410480458,"d":"-241"},{"v":-132.407977650397,"d":"-132"},{"v":-245.409131848475,"d":"-245"},{"v":-20.143208050171,"d":"-20"},{"v":-60.1692552236347,"d":"-60"},{"v":24.1183882002408,"d":"24"},{"v":-61.2221099865115,"d":"-61"}]
[19,{"v":-498.750184315153,"d":"-499"},{"v":-1.98956688973188,"d":"-2"},{"v":67.7842653033209,"d":"68"},{"v":-592.003101178273,"d":"-592"},{"v":-188.418573614183,"d":"-188"},{"v":-118.242779732092,"d":"-118"},{"v":39.9377738737252,"d":"40"},{"v":-80.1347050054218,"d":"-80"},{"v":28.8842418368568,"d":"29"},{"v":-22.4144821110418,"d":"-22"},null,19,{"v":-647.919580854786,"d":"-648"},{"v":-3.67109264019219,"d":"-4"},{"v":-2.97484798436813,"d":"-3"},{"v":-247.95462930453,"d":"-248"},{"v":-125.439287177128,"d":"-125"},{"v":-263.866864750939,"d":"-264"},{"v":-22.7058418067701,"d":"-23"},{"v":-62.7647625713179,"d":"-63"},{"v":24.8586570816005,"d":"25"},{"v":-61.1235800338412,"d":"-61"},null,19,{"v":-648.861681153853,"d":"-649"},{"v":-3.95808858546063,"d":"-4"},{"v":-3.01104485719765,"d":"-3"},{"v":-247.95462930453,"d":"-248"},{"v":-137.369434212577,"d":"-137"},{"v":-263.989397782399,"d":"-264"},{"v":-23.0017792521595,"d":"-23"},{"v":-62.7901304634656,"d":"-63"},{"v":24.2154957989782,"d":"24"},{"v":-60.4867744937002,"d":"-60"}]
[20,{"v":-519.111735563116,"d":"-519"},{"v":-2.16442716313749,"d":"-2"},{"v":67.1689751596228,"d":"67"},{"v":-598.962783618434,"d":"-599"},{"v":-192.46174367222,"d":"-192"},{"v":-126.502329544505,"d":"-127"},{"v":39.0053092694977,"d":"39"},{"v":-81.8596246319745,"d":"-82"},{"v":29.3385975062235,"d":"29"},{"v":-23.8183591703855,"d":"-24"},null,20,{"v":-688.193449954791,"d":"-688"},{"v":-3.94725501297082,"d":"-4"},{"v":-3.49224605070921,"d":"-3"},{"v":-252.755003245415,"d":"-253"},{"v":-129.972615355761,"d":"-130"},{"v":-282.46145545968,"d":"-282"},{"v":-25.54132231728,"d":"-26"},{"v":-65.3295163823124,"d":"-65"},{"v":24.8518439086114,"d":"25"},{"v":-59.6929816351577,"d":"-60"},null,20,{"v":-689.524143173296,"d":"-690"},{"v":-4.21718202238936,"d":"-4"},{"v":-3.5552150036237,"d":"-4"},{"v":-252.755003245415,"d":"-253"},{"v":-141.95722440461,"d":"-142"},{"v":-282.540904143753,"d":"-283"},{"v":-25.9082764516249,"d":"-26"},{"v":-65.3518313535311,"d":"-65"},{"v":24.2886818338108,"d":"24"},{"v":-59.1437466979512,"d":"-59"}]
[21,{"v":-540.245819923936,"d":"-540"},{"v":-2.31635558223039,"d":"-2"},{"v":66.5675261365445,"d":"67"},{"v":-605.758854777372,"d":"-606"},{"v":-196.520076530694,"d":"-197"},{"v":-135.106613187229,"d":"-135"},{"v":37.9921530355131,"d":"38"},{"v":-83.5915837135908,"d":"-84"},{"v":29.7989954301454,"d":"30"},{"v":-25.1001639916984,"d":"-25"},null,21,{"v":-727.193365714431,"d":"-727"},{"v":-4.22779087615068,"d":"-4"},{"v":-3.41002865252785,"d":"-3"},{"v":-255.788131679791,"d":"-256"},{"v":-134.154883511373,"d":"-134"},{"v":-301.002481208019,"d":"-301"},{"v":-28.4160042732469,"d":"-28"},{"v":-67.8302004946661,"d":"-68"},{"v":24.811343093361,"d":"25"},{"v":-57.628311548246,"d":"-58"},null,21,{"v":-728.979569559254,"d":"-729"},{"v":-4.46834346120083,"d":"-4"},{"v":-3.50713093735741,"d":"-4"},{"v":-255.788131679791,"d":"-256"},{"v":-146.153263148792,"d":"-146"},{"v":-301.048137834219,"d":"-301"},{"v":-28.8616051560331,"d":"-29"},{"v":-67.8489928347009,"d":"-68"},{"v":24.3390579615921,"d":"24"},{"v":-57.174072668707,"d":"-57"}]
[22,{"v":-562.084840641739,"d":"-562"},{"v":-2.4427828963702,"d":"-2"},{"v":65.9999725336692,"d":"66"},{"v":-612.327914031766,"d":"-612"},{"v":-200.575487111904,"d":"-201"},{"v":-144.040117561948,"d":"-144"},{"v":36.8993996643058,"d":"37"},{"v":-85.3252171911403,"d":"-85"},{"v":30.2665472654762,"d":"30"},{"v":-26.240942644423,"d":"-26"},null,22,{"v":-764.85173137783,"d":"-765"},{"v":-4.51013097909143,"d":"-5"},{"v":-2.70814149024076,"d":"-3"},{"v":-256.990613984338,"d":"-257"},{"v":-137.968006566262,"d":"-138"},{"v":-319.474428897639,"d":"-319"},{"v":-31.3287931821365,"d":"-31"},{"v":-70.2614498492487,"d":"-70"},{"v":24.7382662927029,"d":"25"},{"v":-54.9106158425487,"d":"-55"},null,22,{"v":-767.160363555853,"d":"-767"},{"v":-4.70900365125469,"d":"-5"},{"v":-2.84673835881554,"d":"-3"},{"v":-256.990613984338,"d":"-257"},{"v":-149.939465367423,"d":"-150"},{"v":-319.49558575548,"d":"-319"},{"v":-31.8606708728498,"d":"-32"},{"v":-70.2762498478446,"d":"-70"},{"v":24.3677358391758,"d":"24"},{"v":-54.5587984754102,"d":"-55"}]
[23,{"v":-584.561200960648,"d":"-585"},{"v":-2.54113985491659,"d":"-3"},{"v":65.4863686505802,"d":"65"},{"v":-618.606560758295,"d":"-619"},{"v":-204.609890338149,"d":"-205"},{"v":-153.287329570343,"d":"-153"},{"v":35.7281436484098,"d":"36"},{"v":-87.0551600054929,"d":"-87"},{"v":30.7423646690693,"d":"31"},{"v":-27.221741198002,"d":"-27"},null,23,{"v":-801.100950189114,"d":"-801"},{"v":-4.79170607115271,"d":"-5"},{"v":-1.36653026426463,"d":"-1"},{"v":-256.299049535736,"d":"-256"},{"v":-141.393899442726,"d":"-141"},{"v":-337.861785430221,"d":"-338"},{"v":-34.2785945514146,"d":"-34"},{"v":-72.6178993869301,"d":"-73"},{"v":24.6337251634906,"d":"25"},{"v":-51.5209405875084,"d":"-52"},null,23,{"v":-803.998928407216,"d":"-804"},{"v":-4.93659334191059,"d":"-5"},{"v":-1.55398296841469,"d":"-2"},{"v":-256.299049535736,"d":"-256"},{"v":-153.297745982801,"d":"-153"},{"v":-337.867734809217,"d":"-338"},{"v":-34.9043791095408,"d":"-35"},{"v":-72.6282373338322,"d":"-73"},{"v":24.3758271234154,"d":"24"},{"v":-51.2789701875033,"d":"-51"}]
[24,{"v":-607.607304124788,"d":"-608"},{"v":-2.60885720722919,"d":"-3"},{"v":65.0467687868609,"d":"65"},{"v":-624.531394333638,"d":"-625"},{"v":-208.605201131727,"d":"-209"},{"v":-162.832736114097,"d":"-163"},{"v":34.4794794803594,"d":"34"},{"v":-88.7760470975184,"d":"-89"},{"v":31.2275592977782,"d":"31"},{"v":-28.0236057218778,"d":"-28"},null,24,{"v":-835.873425392404,"d":"-836"},{"v":-5.06994690169417,"d":"-5"},{"v":0.634859324983829,"d":"1"},{"v":-253.650037710663,"d":"-254"},{"v":-144.414477063065,"d":"-144"},{"v":-356.149037707448,"d":"-356"},{"v":-37.264313888547,"d":"-37"},{"v":-74.8941840485799,"d":"-75"},{"v":24.4988313625777,"d":"24"},{"v":-47.4403318525674,"d":"-47"},null,24,{"v":-839.427667357468,"d":"-839"},{"v":-5.14854328252818,"d":"-5"},{"v":0.391189533428306,"d":"0"},{"v":-253.650037710663,"d":"-254"},{"v":-156.210019917224,"d":"-156"},{"v":-356.149071897114,"d":"-356"},{"v":-37.9916353735719,"d":"-38"},{"v":-74.8995902335333,"d":"-75"},{"v":24.3644434711643,"d":"24"},{"v":-47.3156338744288,"d":"-47"}]
[25,{"v":-631.155553378284,"d":"-631"},{"v":-2.64336570266767,"d":"-3"},{"v":64.7012272420945,"d":"65"},{"v":-630.039014134475,"d":"-630"},{"v":-212.543334414936,"d":"-213"},{"v":-172.660824094892,"d":"-173"},{"v":33.1545016526889,"d":"33"},{"v":-90.4825134080864,"d":"-90"},{"v":31.7232428084566,"d":"32"},{"v":-28.6275822854929,"d":"-29"},null,25,{"v":-869.101560231828,"d":"-869"},{"v":-5.34228422007546,"d":"-5"},{"v":3.31608157708793,"d":"3"},{"v":-248.9801778858,"d":"-249"},{"v":-147.011654349576,"d":"-147"},{"v":-374.320672631002,"d":"-374"},{"v":-40.2848567009995,"d":"-40"},{"v":-77.084938775068,"d":"-77"},{"v":24.3346965468177,"d":"24"},{"v":-42.6498357071684,"d":"-43"},null,25,{"v":-873.378983650733,"d":"-873"},{"v":-5.3422842224671,"d":"-5"},{"v":3.00883344629681,"d":"3"},{"v":-248.9801778858,"d":"-249"},{"v":-158.658202092991,"d":"-159"},{"v":-374.324083920852,"d":"-374"},{"v":-41.1213451724088,"d":"-41"},{"v":-77.0849434878178,"d":"-77"},{"v":24.3346965392762,"d":"24"},{"v":-42.6498356056292,"d":"-43"}]

{"sheet":"4. Seabed in OWF (rel & abs)","index":6,"n_rows":62,"n_cols":23,"rows_kept":62,"merged":[[2,0,6,10],[9,0,10,10],[14,1,14,2]]}
["Potentially Disappeared Fraction of species [PDF.yr/structure] and absolute impacts [species.yr/structure] from changes in seabed within the OWF"]
[]
["This sheet presents factors for the relative impacts on species (PDF.year) and the absolute impacts (species.year) from changes in the seabed within OWFs in relation to the construction and decommissioning of OWFs in the North Sea. The impacts from construction and decommissioning can be combined to cover the impacts of habitat changes associated with the whole lifetime of an OWF. \n\nUnits: PDF.year/OWF seabed and species.year/OWF seabed. Abbreviations: OWF = Offshore Wind farm, PDF = Potentially Disappeared Fraction of species\n"]
[]
[]
[]
[]
[]
["Color scale "]
["The cells are colored according to what is interpreted as a positive, neutral or negative impact. The coloring is different for alien species compared to all other species groups, as and increas of alien species is not considered positive like an increase in the other species groups are in LCA."]
[]
[]
[null,"Aliens","All other species "]
["Positive","Decrease in PDF.year or species.year  (positive numbers)","Increase in PDF.year or species.year  (negative numbers)"]
["No impact","Constant number of species"]
["Negative","Increase in PDF.year or species.year  (negative numbers)","Decrease in PDF.year or species.year  (positive numbers)"]
[]
["Relative CFs for impacts of changing the seabed within the wind farm when constructing",{"$nulls":11},"Absolute CFs for impacts of changing the seabed within the wind farm when constructing"]
["Removing the rocky seabed (sandy to rocky)",{"$nulls":11},"Removing the rocky seabed (sandy to rocky)"]
["Unit: PDF.year/turbine",{"$nulls":11},"Unit: species.year/OWF seabed"]
["Age, t [yr]","TOTAL","Porifera","Cnidaria","Worms","Mollusca","Arthropoda","Bryozoa","Echinodermata","Chordata","Aliens",null,"Age, t [yr]","TOTAL","Porifera","Cnidaria","Worms","Mollusca","Arthropoda","Bryozoa","Echinodermata","Chordata","Aliens"]
[1,{"v":-0.866490974231776,"d":"-1"},1,{"v":0.508130081300813,"d":"1"},{"v":-11.2861280487805,"d":"-11"},{"v":-4.35387630662021,"d":"-4"},{"v":-0.401442307692308,"d":"-0"},{"v":0.856271777003484,"d":"1"},{"v":-8.1890243902439,"d":"-8"},{"v":0.973915989159892,"d":"1"},{"v":0.914295392953929,"d":"1"},null,1,{"v":-13.9426274944568,"d":"-14"},{"v":0.0909090909090909,"d":"0"},{"v":2.21729490022173,"d":"2"},{"v":-20.5202328159645,"d":"-21"},{"v":-5.54129711751663,"d":"-6"},{"v":-1.89772727272727,"d":"-2"},{"v":1.63470066518847,"d":"2"},{"v":-2.23337028824834,"d":"-2"},{"v":0.796840354767184,"d":"1"},{"v":2.24417960088692,"d":"2"}]
[2,{"$f":"$B$22*A23","v":{"v":-1.732981948463552,"d":"-2"}},{"$f":"$C$22*A23","v":2},{"$f":"$D$22*A23","v":{"v":1.016260162601626,"d":"1"}},{"$f":"$E$22*A23","v":{"v":-22.572256097561,"d":"-23"}},{"$f":"$F$22*A23","v":{"v":-8.70775261324042,"d":"-9"}},{"$f":"$G$22*A23","v":{"v":-0.802884615384616,"d":"-1"}},{"$f":"$H$22*A23","v":{"v":1.712543554006968,"d":"2"}},{"$f":"$I$22*A23","v":{"v":-16.3780487804878,"d":"-16"}},{"$f":"$J$22*A23","v":{"v":1.947831978319784,"d":"2"}},{"$f":"$K$22*A23","v":{"v":1.828590785907858,"d":"2"}},null,2,{"$f":"$N$22*A23","v":{"v":-27.8852549889136,"d":"-28"}},{"$f":"$O$22*A23","v":{"v":0.1818181818181818,"d":"0"}},{"$f":"$P$22*A23","v":{"v":4.43458980044346,"d":"4"}},{"$f":"$Q$22*A23","v":{"v":-41.040465631929,"d":"-41"}},{"$f":"$R$22*A23","v":{"v":-11.08259423503326,"d":"-11"}},{"$f":"$S$22*A23","v":{"v":-3.79545454545454,"d":"-4"}},{"$f":"$T$22*A23","v":{"v":3.26940133037694,"d":"3"}},{"$f":"$U$22*A23","v":{"v":-4.46674057649668,"d":"-4"}},{"$f":"$V$22*A23","v":{"v":1.593680709534368,"d":"2"}},{"$f":"$W$22*A23","v":{"v":4.48835920177384,"d":"4"}}]
[3,{"$f":"$B$22*A24","v":{"v":-2.599472922695328,"d":"-3"}},{"$f":"$C$22*A24","v":3},{"$f":"$D$22*A24","v":{"v":1.524390243902439,"d":"2"}},{"$f":"$E$22*A24","v":{"v":-33.8583841463415,"d":"-34"}},{"$f":"$F$22*A24","v":{"v":-13.06162891986063,"d":"-13"}},{"$f":"$G$22*A24","v":{"v":-1.204326923076924,"d":"-1"}},{"$f":"$H$22*A24","v":{"v":2.568815331010452,"d":"3"}},{"$f":"$I$22*A24","v":{"v":-24.567073170731696,"d":"-25"}},{"$f":"$J$22*A24","v":{"v":2.921747967479676,"d":"3"}},{"$f":"$K$22*A24","v":{"v":2.742886178861787,"d":"3"}},null,3,{"v":-41.8278824833704,"d":"-42"},{"v":0.2727272727272727,"d":"0"},{"v":6.65188470066519,"d":"7"},{"v":-61.5606984478935,"d":"-62"},{"v":-16.62389135254989,"d":"-17"},{"v":-5.69318181818181,"d":"-6"},{"v":4.9041019955654095,"d":"5"},{"v":-6.700110864745021,"d":"-7"},{"v":2.3905210643015518,"d":"2"},{"v":6.732538802660761,"d":"7"}]
[4,{"v":-3.465963896927104,"d":"-3"},4,{"v":2.032520325203252,"d":"2"},{"v":-45.144512195122,"d":"-45"},{"v":-17.41550522648084,"d":"-17"},{"v":-1.605769230769232,"d":"-2"},{"v":3.425087108013936,"d":"3"},{"v":-32.7560975609756,"d":"-33"},{"v":3.895663956639568,"d":"4"},{"v":3.657181571815716,"d":"4"},null,4,{"v":-55.7705099778272,"d":"-56"},{"v":0.3636363636363636,"d":"0"},{"v":8.86917960088692,"d":"9"},{"v":-82.080931263858,"d":"-82"},{"v":-22.16518847006652,"d":"-22"},{"v":-7.59090909090908,"d":"-8"},{"v":6.53880266075388,"d":"7"},{"v":-8.93348115299336,"d":"-9"},{"v":3.187361419068736,"d":"3"},{"v":8.97671840354768,"d":"9"}]
[5,{"v":-4.33245487115888,"d":"-4"},5,{"v":2.5406504065040654,"d":"3"},{"v":-56.430640243902495,"d":"-56"},{"v":-21.769381533101047,"d":"-22"},{"v":-2.00721153846154,"d":"-2"},{"v":4.28135888501742,"d":"4"},{"v":-40.9451219512195,"d":"-41"},{"v":4.86957994579946,"d":"5"},{"v":4.571476964769645,"d":"5"},null,5,{"v":-69.713137472284,"d":"-70"},{"v":0.4545454545454545,"d":"0"},{"v":11.08647450110865,"d":"11"},{"v":-102.60116407982251,"d":"-103"},{"v":-27.706485587583153,"d":"-28"},{"v":-9.48863636363635,"d":"-9"},{"v":8.173503325942349,"d":"8"},{"v":-11.1668514412417,"d":"-11"},{"v":3.98420177383592,"d":"4"},{"v":11.2208980044346,"d":"11"}]
[6,{"v":-5.198945845390656,"d":"-5"},6,{"v":3.048780487804878,"d":"3"},{"v":-67.716768292683,"d":"-68"},{"v":-26.12325783972126,"d":"-26"},{"v":-2.408653846153848,"d":"-2"},{"v":5.137630662020904,"d":"5"},{"v":-49.13414634146339,"d":"-49"},{"v":5.843495934959352,"d":"6"},{"v":5.485772357723574,"d":"5"},null,6,{"v":-83.6557649667408,"d":"-84"},{"v":0.5454545454545454,"d":"1"},{"v":13.30376940133038,"d":"13"},{"v":-123.121396895787,"d":"-123"},{"v":-33.24778270509978,"d":"-33"},{"v":-11.38636363636362,"d":"-11"},{"v":9.808203991130819,"d":"10"},{"v":-13.400221729490042,"d":"-13"},{"v":4.7810421286031035,"d":"5"},{"v":13.465077605321522,"d":"13"}]
[7,{"v":-6.065436819622432,"d":"-6"},7,{"v":3.5569105691056913,"d":"4"},{"v":-79.0028963414635,"d":"-79"},{"v":-30.47713414634147,"d":"-30"},{"v":-2.810096153846156,"d":"-3"},{"v":5.993902439024388,"d":"6"},{"v":-57.32317073170729,"d":"-57"},{"v":6.817411924119244,"d":"7"},{"v":6.400067750677503,"d":"6"},null,7,{"v":-97.5983924611976,"d":"-98"},{"v":0.6363636363636362,"d":"1"},{"v":15.521064301552109,"d":"16"},{"v":-143.6416297117515,"d":"-144"},{"v":-38.789079822616415,"d":"-39"},{"v":-13.28409090909089,"d":"-13"},{"v":11.442904656319289,"d":"11"},{"v":-15.633592017738382,"d":"-16"},{"v":5.577882483370288,"d":"6"},{"v":15.709257206208441,"d":"16"}]
[8,{"v":-6.931927793854208,"d":"-7"},8,{"v":4.065040650406504,"d":"4"},{"v":-90.289024390244,"d":"-90"},{"v":-34.83101045296168,"d":"-35"},{"v":-3.211538461538464,"d":"-3"},{"v":6.850174216027872,"d":"7"},{"v":-65.5121951219512,"d":"-66"},{"v":7.791327913279136,"d":"8"},{"v":7.314363143631432,"d":"7"},null,8,{"v":-111.5410199556544,"d":"-112"},{"v":0.7272727272727272,"d":"1"},{"v":17.73835920177384,"d":"18"},{"v":-164.161862527716,"d":"-164"},{"v":-44.33037694013304,"d":"-44"},{"v":-15.18181818181816,"d":"-15"},{"v":13.07760532150776,"d":"13"},{"v":-17.86696230598672,"d":"-18"},{"v":6.374722838137472,"d":"6"},{"v":17.95343680709536,"d":"18"}]
[9,{"v":-7.798418768085984,"d":"-8"},9,{"v":4.573170731707317,"d":"5"},{"v":-101.57515243902449,"d":"-102"},{"v":-39.184886759581886,"d":"-39"},{"v":-3.612980769230772,"d":"-4"},{"v":7.706445993031356,"d":"8"},{"v":-73.7012195121951,"d":"-74"},{"v":8.765243902439028,"d":"9"},{"v":8.22865853658536,"d":"8"},null,9,{"v":-125.4836474501112,"d":"-125"},{"v":0.8181818181818181,"d":"1"},{"v":19.95565410199557,"d":"20"},{"v":-184.68209534368052,"d":"-185"},{"v":-49.87167405764967,"d":"-50"},{"v":-17.079545454545432,"d":"-17"},{"v":14.71230598669623,"d":"15"},{"v":-20.100332594235063,"d":"-20"},{"v":7.171563192904656,"d":"7"},{"v":20.19761640798228,"d":"20"}]
[10,{"v":-8.66490974231776,"d":"-9"},10,{"v":5.081300813008131,"d":"5"},{"v":-112.86128048780499,"d":"-113"},{"v":-43.538763066202094,"d":"-44"},{"v":-4.01442307692308,"d":"-4"},{"v":8.56271777003484,"d":"9"},{"v":-81.890243902439,"d":"-82"},{"v":9.73915989159892,"d":"10"},{"v":9.14295392953929,"d":"9"},null,10,{"v":-139.426274944568,"d":"-139"},{"v":0.909090909090909,"d":"1"},{"v":22.1729490022173,"d":"22"},{"v":-205.20232815964502,"d":"-205"},{"v":-55.412971175166305,"d":"-55"},{"v":-18.9772727272727,"d":"-19"},{"v":16.347006651884698,"d":"16"},{"v":-22.3337028824834,"d":"-22"},{"v":7.96840354767184,"d":"8"},{"v":22.4417960088692,"d":"22"}]
[11,{"v":-9.531400716549536,"d":"-10"},11,{"v":5.5894308943089435,"d":"6"},{"v":-124.14740853658549,"d":"-124"},{"v":-47.89263937282231,"d":"-48"},{"v":-4.415865384615388,"d":"-4"},{"v":9.418989547038324,"d":"9"},{"v":-90.0792682926829,"d":"-90"},{"v":10.713075880758812,"d":"11"},{"v":10.05724932249322,"d":"10"},null,11,{"v":-153.3689024390248,"d":"-153"},{"v":0.9999999999999999,"d":"1"},{"v":24.39024390243903,"d":"24"},{"v":-225.72256097560953,"d":"-226"},{"v":-60.95426829268293,"d":"-61"},{"v":-20.87499999999997,"d":"-21"},{"v":17.98170731707317,"d":"18"},{"v":-24.567073170731742,"d":"-25"},{"v":8.765243902439023,"d":"9"},{"v":24.68597560975612,"d":"25"}]
[12,{"v":-10.397891690781313,"d":"-10"},12,{"v":6.097560975609756,"d":"6"},{"v":-135.433536585366,"d":"-135"},{"v":-52.24651567944252,"d":"-52"},{"v":-4.817307692307696,"d":"-5"},{"v":10.275261324041807,"d":"10"},{"v":-98.26829268292678,"d":"-98"},{"v":11.686991869918703,"d":"12"},{"v":10.971544715447148,"d":"11"},null,12,{"v":-167.3115299334816,"d":"-167"},{"v":1.0909090909090908,"d":"1"},{"v":26.60753880266076,"d":"27"},{"v":-246.242793791574,"d":"-246"},{"v":-66.49556541019956,"d":"-66"},{"v":-22.77272727272724,"d":"-23"},{"v":19.616407982261638,"d":"20"},{"v":-26.800443458980084,"d":"-27"},{"v":9.562084257206207,"d":"10"},{"v":26.930155210643044,"d":"27"}]
[13,{"v":-11.264382665013088,"d":"-11"},13,{"v":6.60569105691057,"d":"7"},{"v":-146.71966463414648,"d":"-147"},{"v":-56.600391986062725,"d":"-57"},{"v":-5.2187500000000036,"d":"-5"},{"v":11.131533101045292,"d":"11"},{"v":-106.45731707317069,"d":"-106"},{"v":12.660907859078595,"d":"13"},{"v":11.885840108401077,"d":"12"},null,13,{"v":-181.25415742793842,"d":"-181"},{"v":1.1818181818181817,"d":"1"},{"v":28.82483370288249,"d":"29"},{"v":-266.7630266075385,"d":"-267"},{"v":-72.0368625277162,"d":"-72"},{"v":-24.67045454545451,"d":"-25"},{"v":21.25110864745011,"d":"21"},{"v":-29.03381374722842,"d":"-29"},{"v":10.358924611973391,"d":"10"},{"v":29.174334811529963,"d":"29"}]
[14,{"v":-12.130873639244864,"d":"-12"},14,{"v":7.1138211382113825,"d":"7"},{"v":-158.005792682927,"d":"-158"},{"v":-60.95426829268294,"d":"-61"},{"v":-5.620192307692312,"d":"-6"},{"v":11.987804878048776,"d":"12"},{"v":-114.64634146341459,"d":"-115"},{"v":13.634823848238488,"d":"14"},{"v":12.800135501355006,"d":"13"},null,14,{"v":-195.1967849223952,"d":"-195"},{"v":1.2727272727272725,"d":"1"},{"v":31.042128603104217,"d":"31"},{"v":-287.283259423503,"d":"-287"},{"v":-77.57815964523283,"d":"-78"},{"v":-26.56818181818178,"d":"-27"},{"v":22.885809312638578,"d":"23"},{"v":-31.267184035476763,"d":"-31"},{"v":11.155764966740575,"d":"11"},{"v":31.418514412416883,"d":"31"}]
[15,{"v":-12.99736461347664,"d":"-13"},15,{"v":7.621951219512196,"d":"8"},{"v":-169.29192073170748,"d":"-169"},{"v":-65.30814459930315,"d":"-65"},{"v":-6.021634615384619,"d":"-6"},{"v":12.84407665505226,"d":"13"},{"v":-122.83536585365849,"d":"-123"},{"v":14.60873983739838,"d":"15"},{"v":13.714430894308936,"d":"14"},null,15,{"v":-209.139412416852,"d":"-209"},{"v":1.3636363636363635,"d":"1"},{"v":33.25942350332595,"d":"33"},{"v":-307.8034922394675,"d":"-308"},{"v":-83.11945676274945,"d":"-83"},{"v":-28.46590909090905,"d":"-28"},{"v":24.52050997782705,"d":"25"},{"v":-33.500554323725105,"d":"-34"},{"v":11.95260532150776,"d":"12"},{"v":33.6626940133038,"d":"34"}]
[16,{"v":-13.863855587708416,"d":"-14"},16,{"v":8.130081300813009,"d":"8"},{"v":-180.578048780488,"d":"-181"},{"v":-69.66202090592336,"d":"-70"},{"v":-6.423076923076928,"d":"-6"},{"v":13.700348432055744,"d":"14"},{"v":-131.0243902439024,"d":"-131"},{"v":15.582655826558272,"d":"16"},{"v":14.628726287262865,"d":"15"},null,16,{"v":-223.0820399113088,"d":"-223"},{"v":1.4545454545454544,"d":"1"},{"v":35.47671840354768,"d":"35"},{"v":-328.323725055432,"d":"-328"},{"v":-88.66075388026609,"d":"-89"},{"v":-30.36363636363632,"d":"-30"},{"v":26.15521064301552,"d":"26"},{"v":-35.73392461197344,"d":"-36"},{"v":12.749445676274943,"d":"13"},{"v":35.90687361419072,"d":"36"}]
[17,{"v":-14.730346561940193,"d":"-15"},17,{"v":8.638211382113822,"d":"9"},{"v":-191.8641768292685,"d":"-192"},{"v":-74.01589721254356,"d":"-74"},{"v":-6.824519230769236,"d":"-7"},{"v":14.556620209059227,"d":"15"},{"v":-139.2134146341463,"d":"-139"},{"v":16.556571815718165,"d":"17"},{"v":15.543021680216793,"d":"16"},null,17,{"v":-237.02466740576563,"d":"-237"},{"v":1.5454545454545452,"d":"2"},{"v":37.69401330376941,"d":"38"},{"v":-348.8439578713965,"d":"-349"},{"v":-94.20205099778272,"d":"-94"},{"v":-32.26136363636359,"d":"-32"},{"v":27.789911308203987,"d":"28"},{"v":-37.96729490022178,"d":"-38"},{"v":13.546286031042127,"d":"14"},{"v":38.151053215077646,"d":"38"}]
[18,{"v":-15.596837536171968,"d":"-16"},18,{"v":9.146341463414634,"d":"9"},{"v":-203.15030487804898,"d":"-203"},{"v":-78.36977351916377,"d":"-78"},{"v":-7.225961538461544,"d":"-7"},{"v":15.412891986062712,"d":"15"},{"v":-147.4024390243902,"d":"-147"},{"v":17.530487804878057,"d":"18"},{"v":16.45731707317072,"d":"16"},null,18,{"v":-250.9672949002224,"d":"-251"},{"v":1.6363636363636362,"d":"2"},{"v":39.91130820399114,"d":"40"},{"v":-369.36419068736103,"d":"-369"},{"v":-99.74334811529934,"d":"-100"},{"v":-34.159090909090864,"d":"-34"},{"v":29.42461197339246,"d":"29"},{"v":-40.200665188470126,"d":"-40"},{"v":14.343126385809311,"d":"14"},{"v":40.39523281596456,"d":"40"}]
[19,{"v":-16.463328510403745,"d":"-16"},19,{"v":9.654471544715449,"d":"10"},{"v":-214.4364329268295,"d":"-214"},{"v":-82.72364982578398,"d":"-83"},{"v":-7.627403846153852,"d":"-8"},{"v":16.269163763066196,"d":"16"},{"v":-155.5914634146341,"d":"-156"},{"v":18.504403794037948,"d":"19"},{"v":17.371612466124652,"d":"17"},null,19,{"v":-264.9099223946792,"d":"-265"},{"v":1.727272727272727,"d":"2"},{"v":42.12860310421287,"d":"42"},{"v":-389.88442350332554,"d":"-390"},{"v":-105.28464523281598,"d":"-105"},{"v":-36.05681818181813,"d":"-36"},{"v":31.059312638580927,"d":"31"},{"v":-42.43403547671846,"d":"-42"},{"v":15.139966740576495,"d":"15"},{"v":42.639412416851485,"d":"43"}]
[20,{"v":-17.32981948463552,"d":"-17"},20,{"v":10.162601626016261,"d":"10"},{"v":-225.72256097560998,"d":"-226"},{"v":-87.07752613240419,"d":"-87"},{"v":-8.02884615384616,"d":"-8"},{"v":17.12543554006968,"d":"17"},{"v":-163.780487804878,"d":"-164"},{"v":19.47831978319784,"d":"19"},{"v":18.28590785907858,"d":"18"},null,20,{"v":-278.852549889136,"d":"-279"},{"v":1.818181818181818,"d":"2"},{"v":44.3458980044346,"d":"44"},{"v":-410.40465631929004,"d":"-410"},{"v":-110.82594235033261,"d":"-111"},{"v":-37.9545454545454,"d":"-38"},{"v":32.694013303769395,"d":"33"},{"v":-44.6674057649668,"d":"-45"},{"v":15.93680709534368,"d":"16"},{"v":44.8835920177384,"d":"45"}]
[21,{"v":-18.196310458867295,"d":"-18"},21,{"v":10.670731707317074,"d":"11"},{"v":-237.0086890243905,"d":"-237"},{"v":-91.43140243902441,"d":"-91"},{"v":-8.430288461538467,"d":"-8"},{"v":17.981707317073162,"d":"18"},{"v":-171.9695121951219,"d":"-172"},{"v":20.45223577235773,"d":"20"},{"v":19.20020325203251,"d":"19"},null,21,{"v":-292.79517738359283,"d":"-293"},{"v":1.909090909090909,"d":"2"},{"v":46.563192904656326,"d":"47"},{"v":-430.92488913525455,"d":"-431"},{"v":-116.36723946784923,"d":"-116"},{"v":-39.85227272727267,"d":"-40"},{"v":34.32871396895787,"d":"34"},{"v":-46.90077605321515,"d":"-47"},{"v":16.733647450110862,"d":"17"},{"v":47.127771618625324,"d":"47"}]
[22,{"v":-19.06280143309907,"d":"-19"},22,{"v":11.178861788617887,"d":"11"},{"v":-248.29481707317098,"d":"-248"},{"v":-95.78527874564462,"d":"-96"},{"v":-8.831730769230775,"d":"-9"},{"v":18.837979094076648,"d":"19"},{"v":-180.1585365853658,"d":"-180"},{"v":21.426151761517623,"d":"21"},{"v":20.11449864498644,"d":"20"},null,22,{"v":-306.7378048780496,"d":"-307"},{"v":1.9999999999999998,"d":"2"},{"v":48.78048780487806,"d":"49"},{"v":-451.44512195121905,"d":"-451"},{"v":-121.90853658536587,"d":"-122"},{"v":-41.74999999999994,"d":"-42"},{"v":35.96341463414634,"d":"36"},{"v":-49.134146341463484,"d":"-49"},{"v":17.530487804878046,"d":"18"},{"v":49.37195121951224,"d":"49"}]
[23,{"v":-19.92929240733085,"d":"-20"},23,{"v":11.6869918699187,"d":"12"},{"v":-259.58094512195146,"d":"-260"},{"v":-100.13915505226483,"d":"-100"},{"v":-9.233173076923084,"d":"-9"},{"v":19.694250871080133,"d":"20"},{"v":-188.3475609756097,"d":"-188"},{"v":22.400067750677515,"d":"22"},{"v":21.02879403794037,"d":"21"},null,23,{"v":-320.6804323725064,"d":"-321"},{"v":2.090909090909091,"d":"2"},{"v":50.99778270509979,"d":"51"},{"v":-471.96535476718356,"d":"-472"},{"v":-127.4498337028825,"d":"-127"},{"v":-43.64772727272721,"d":"-44"},{"v":37.59811529933481,"d":"38"},{"v":-51.36751662971182,"d":"-51"},{"v":18.32732815964523,"d":"18"},{"v":51.616130820399164,"d":"52"}]
[24,{"v":-20.795783381562625,"d":"-21"},24,{"v":12.195121951219512,"d":"12"},{"v":-270.867073170732,"d":"-271"},{"v":-104.49303135888503,"d":"-104"},{"v":-9.634615384615392,"d":"-10"},{"v":20.550522648083614,"d":"21"},{"v":-196.53658536585357,"d":"-197"},{"v":23.373983739837406,"d":"23"},{"v":21.943089430894297,"d":"22"},null,24,{"v":-334.6230598669632,"d":"-335"},{"v":2.1818181818181817,"d":"2"},{"v":53.21507760532152,"d":"53"},{"v":-492.485587583148,"d":"-492"},{"v":-132.99113082039912,"d":"-133"},{"v":-45.54545454545448,"d":"-46"},{"v":39.232815964523276,"d":"39"},{"v":-53.60088691796017,"d":"-54"},{"v":19.124168514412414,"d":"19"},{"v":53.86031042128609,"d":"54"}]
[25,{"v":-21.662274355794402,"d":"-22"},25,{"v":12.703252032520327,"d":"13"},{"v":-282.1532012195125,"d":"-282"},{"v":-108.84690766550524,"d":"-109"},{"v":-10.0360576923077,"d":"-10"},{"v":21.4067944250871,"d":"21"},{"v":-204.72560975609747,"d":"-205"},{"v":24.347899728997298,"d":"24"},{"v":22.857384823848225,"d":"23"},null,25,{"v":-348.56568736142003,"d":"-349"},{"v":2.2727272727272725,"d":"2"},{"v":55.43237250554325,"d":"55"},{"v":-513.0058203991125,"d":"-513"},{"v":-138.53242793791577,"d":"-139"},{"v":-47.44318181818175,"d":"-47"},{"v":40.867516629711744,"d":"41"},{"v":-55.834257206208505,"d":"-56"},{"v":19.921008869179598,"d":"20"},{"v":56.104490022173,"d":"56"}]
[]
[]
[]
[]
["Relative CFs for impacts of changing the seabed within the wind farm when decommissioning",{"$nulls":11},"Absolute CFs for impacts of changing the seabed within the wind farm when decommissioning"]
["Removing the rocky seabed (sandy to rocky) - CONSIDERING 1 YEAR AFTER DECOMMISSSIONING",{"$nulls":11},"Removing the rocky seabed (sandy to rocky) - CONSIDERING 1 YEAR AFTER DECOMMISSSIONING"]
["Unit: PDF.year/OWF seabed",{"$nulls":11},"Unit: species.year/OWF seabed"]
["Years after decom","TOTAL","Porifera","Cnidaria","Worms","Mollusca","Arthropoda","Bryozoa","Echinodermata","Chordata","Aliens",null,"Years after decom","TOTAL","Porifera","Cnidaria","Worms","Mollusca","Arthropoda","Bryozoa","Echinodermata","Chordata","Aliens"]
[1,{"$f":"B22","v":{"v":-0.866490974231776,"d":"-1"}},{"$f":"C22","v":1},{"$f":"D22","v":{"v":0.508130081300813,"d":"1"}},{"v":-11.2861280487805,"d":"-11"},{"v":-4.35387630662021,"d":"-4"},{"v":-0.401442307692308,"d":"-0"},{"v":0.856271777003484,"d":"1"},{"v":-8.1890243902439,"d":"-8"},{"v":0.973915989159892,"d":"1"},{"$f":"K22","v":{"v":0.914295392953929,"d":"1"}},null,1,{"$f":"N22","v":{"v":-13.9426274944568,"d":"-14"}},{"$f":"O22","v":{"v":0.0909090909090909,"d":"0"}},{"$f":"P22","v":{"v":2.21729490022173,"d":"2"}},{"v":-20.5202328159645,"d":"-21"},{"v":-5.54129711751663,"d":"-6"},{"v":-1.89772727272727,"d":"-2"},{"v":1.63470066518847,"d":"2"},{"v":-2.23337028824834,"d":"-2"},{"v":0.796840354767184,"d":"1"},{"$f":"W22","v":{"v":2.24417960088692,"d":"2"}}]
[]
[]
[]
["Removing the rocky seabed (sandy to rocky) - CONSIDERING 25 YEARS AFTER DECOMMISSSIONING",{"$nulls":11},"Removing the rocky seabed (sandy to rocky) - CONSIDERING 25 YEARS AFTER DECOMMISSSIONING"]
["Unit: PDF.year/OWF seabed",{"$nulls":11},"Unit: species.year/OWF seabed"]
["Years after decom","TOTAL","Porifera","Cnidaria","Worms","Mollusca","Arthropoda","Bryozoa","Echinodermata","Chordata","Aliens",null,"Years after decom","TOTAL","Porifera","Cnidaria","Worms","Mollusca","Arthropoda","Bryozoa","Echinodermata","Chordata","Aliens"]
[25,{"$f":"$B$22*A62","v":{"v":-21.662274355794402,"d":"-22"}},{"$f":"$C$22*A62","v":25},{"$f":"$D$22*A62","v":{"v":12.703252032520327,"d":"13"}},{"$f":"$E$22*A62","v":{"v":-282.1532012195125,"d":"-282"}},{"$f":"$F$22*A62","v":{"v":-108.84690766550524,"d":"-109"}},{"$f":"$G$22*A62","v":{"v":-10.0360576923077,"d":"-10"}},{"$f":"$H$22*A62","v":{"v":21.4067944250871,"d":"21"}},{"$f":"$I$22*A62","v":{"v":-204.72560975609747,"d":"-205"}},{"$f":"$J$22*A62","v":{"v":24.347899728997298,"d":"24"}},{"$f":"$K$22*A62","v":{"v":22.857384823848225,"d":"23"}},null,25,{"$f":"$N$22*A62","v":{"v":-348.56568736142003,"d":"-349"}},{"$f":"$O$22*A62","v":{"v":2.2727272727272725,"d":"2"}},{"$f":"$P$22*A62","v":{"v":55.43237250554325,"d":"55"}},{"$f":"$Q$22*A62","v":{"v":-513.0058203991125,"d":"-513"}},{"$f":"$R$22*A62","v":{"v":-138.53242793791577,"d":"-139"}},{"$f":"$S$22*A62","v":{"v":-47.44318181818175,"d":"-47"}},{"$f":"$T$22*A62","v":{"v":40.867516629711744,"d":"41"}},{"$f":"$U$22*A62","v":{"v":-55.834257206208505,"d":"-56"}},{"$f":"$V$22*A62","v":{"v":19.921008869179598,"d":"20"}},{"$f":"$W$22*A62","v":{"v":56.104490022173,"d":"56"}}]

{"sheet":"5. Reference richness","index":7,"n_rows":57,"n_cols":11,"rows_kept":57,"merged":[[2,0,7,11]]}
["Richness on reference seabed and on the full structure "]
[]
["This sheet presents the species richness on the reference seabed (also representing the seabed within the OWF) and the richness on the full turbine structure over the lifetime spanning from 1 to 25 years. This is used for the calculations of impacts in tab \"1. CF tool\". \n\nUnits: species/OWF seabed and species/turbine. Abbreviations: OWF = Offshore Wind Farm.\n"]
[]
[]
[]
[]
[]
["Seabed richness (reference for construction and lifetime impacts)"]
["Unit: species/OWF seabed"]
[]
["Sandy seabed"]
[null,"TOTAL","Porifera","Cnidaria","Worms","Mollusca","Arthropoda","Bryozoa","Echinodermata","Chordata","Aliens"]
["CI lower",{"v":27.50646,"d":"27.5"},0,{"v":1.681092,"d":"1.68"},{"v":19.22792,"d":"19.2"},{"v":5.745957,"d":"5.75"},{"v":6.043826,"d":"6.04"},{"v":0.1953127,"d":"0.195"},{"v":2.129721,"d":"2.13"},{"v":0.005619301,"d":"0.00562"},{"v":0.1621293,"d":"0.162"}]
["Mean",{"v":30.03354,"d":"30.0"},{"v":0,"d":"0.00"},{"v":2.146341,"d":"2.15"},{"v":22.33841,"d":"22.3"},{"v":6.814024,"d":"6.81"},{"v":6.625,"d":"6.63"},{"v":0.2743902,"d":"0.274"},{"v":2.506098,"d":"2.51"},{"v":0.02134146,"d":"0.0213"},{"v":0.2103659,"d":"0.210"}]
["CI upper",{"v":32.56061,"d":"32.6"},0,{"v":2.611591,"d":"2.61"},{"v":25.44891,"d":"25.4"},{"v":7.882092,"d":"7.88"},{"v":7.206174,"d":"7.21"},{"v":0.3534678,"d":"0.353"},{"v":2.882474,"d":"2.88"},{"v":0.03706363,"d":"0.0371"},{"v":0.2586024,"d":"0.259"}]
[]
[]
["Hard seabed"]
[null,"TOTAL","Porifera","Cnidaria","Worms","Mollusca","Arthropoda","Bryozoa","Echinodermata","Chordata","Aliens"]
["CI lower",{"v":6.423137,"d":"6.4"},-0.111649,{"v":2.504952,"d":"2.50"},{"v":0.2623037,"d":"0.3"},{"v":-0.3477373,"d":"-0.35"},{"v":1.196714,"d":"1.20"},{"v":1.145794,"d":"1.146"},{"v":-0.1617114,"d":"-0.16"},{"v":0.2311127,"d":"0.23111"},{"v":1.441755,"d":"1.442"}]
["Mean",{"v":16.09091,"d":"16.1"},{"v":0.09090909,"d":"0.09"},{"v":4.363636,"d":"4.36"},{"v":1.818182,"d":"1.8"},{"v":1.272727,"d":"1.27"},{"v":4.727273,"d":"4.73"},{"v":1.909091,"d":"1.909"},{"v":0.2727273,"d":"0.27"},{"v":0.8181818,"d":"0.8182"},{"v":2.454545,"d":"2.455"}]
["CI upper",{"v":25.75868,"d":"25.8"},0.2934672,{"v":6.222321,"d":"6.22"},{"v":3.37406,"d":"3.4"},{"v":2.893192,"d":"2.89"},{"v":8.257832,"d":"8.26"},{"v":2.672388,"d":"2.672"},{"v":0.7071659,"d":"0.71"},{"v":1.405251,"d":"1.4053"},{"v":3.467336,"d":"3.467"}]
[]
[]
[]
[]
["Richness on the full structure (reference for decommissioning impacts)"]
["Unit: species/turbine"]
[]
[null,"TOTAL","Porifera","Cnidaria","Worms","Mollusca","Arthropoda","Bryozoa","Echinodermata","Chordata","Aliens"]
[0,{"v":7.87997959,"d":"7.88"},{"v":0.199518604,"d":"0.20"},{"v":1.24131083,"d":"1.24"},{"v":0,"d":"0.00"},{"v":1.406221362,"d":"1.41"},{"v":3.164478701,"d":"3.16"},{"v":1.0493526416,"d":"1.05"},{"v":0.78825988,"d":"0.79"},{"v":0.2595040181,"d":"0.26"},{"v":2.451204,"d":"2.45"}]
[1,{"v":9.970649439999999,"d":"9.97"},{"v":0.22668713699999998,"d":"0.23"},{"v":1.61852855,"d":"1.62"},{"v":0.37142722999999994,"d":"0.37"},{"v":1.774043177,"d":"1.77"},{"v":3.811717949,"d":"3.81"},{"v":1.1513868757,"d":"1.15"},{"v":0.8999179900000001,"d":"0.90"},{"v":0.2751390722,"d":"0.28"},{"v":2.6987330000000003,"d":"2.70"}]
[2,{"v":11.993722530000001,"d":"11.99"},{"v":0.25128642,"d":"0.25"},{"v":1.9756919700000002,"d":"1.98"},{"v":1.4441281099999999,"d":"1.44"},{"v":2.123779914,"d":"2.12"},{"v":4.443444099,"d":"4.44"},{"v":1.2534211098,"d":"1.25"},{"v":1.00621104,"d":"1.01"},{"v":0.2896624695,"d":"0.29"},{"v":2.9273080000000005,"d":"2.93"}]
[3,{"v":13.949198860000001,"d":"13.95"},{"v":0.27331645299999996,"d":"0.27"},{"v":2.3128010900000002,"d":"2.31"},{"v":2.5168289899999996,"d":"2.52"},{"v":2.4554315730000003,"d":"2.46"},{"v":5.059657151000001,"d":"5.06"},{"v":1.3554553439,"d":"1.36"},{"v":1.10713903,"d":"1.11"},{"v":0.30307421,"d":"0.30"},{"v":3.1369290000000003,"d":"3.14"}]
[4,{"v":15.83707843,"d":"15.84"},{"v":0.292777236,"d":"0.29"},{"v":2.62985591,"d":"2.63"},{"v":3.58952987,"d":"3.59"},{"v":2.768998154,"d":"2.77"},{"v":5.660357105,"d":"5.66"},{"v":1.457489578,"d":"1.46"},{"v":1.20270196,"d":"1.20"},{"v":0.31537429370000003,"d":"0.32"},{"v":3.3275959999999998,"d":"3.33"}]
[5,{"v":17.65736124,"d":"17.66"},{"v":0.309668769,"d":"0.31"},{"v":2.92685643,"d":"2.93"},{"v":4.662230749999999,"d":"4.66"},{"v":3.0644796569999997,"d":"3.06"},{"v":6.245543961,"d":"6.25"},{"v":1.5595238121000001,"d":"1.56"},{"v":1.29289983,"d":"1.29"},{"v":0.3265627206,"d":"0.33"},{"v":3.4993090000000007,"d":"3.50"}]
[6,{"v":19.41004729,"d":"19.41"},{"v":0.323991052,"d":"0.32"},{"v":3.2038026500000005,"d":"3.20"},{"v":5.734931629999999,"d":"5.73"},{"v":3.341876082,"d":"3.34"},{"v":6.8152177190000005,"d":"6.82"},{"v":1.6615580462000001,"d":"1.66"},{"v":1.37773264,"d":"1.38"},{"v":0.33663949070000004,"d":"0.34"},{"v":3.6520680000000003,"d":"3.65"}]
[7,{"v":21.095136580000002,"d":"21.10"},{"v":0.335744085,"d":"0.34"},{"v":3.4606945700000002,"d":"3.46"},{"v":6.8076325099999995,"d":"6.81"},{"v":3.6011874290000003,"d":"3.60"},{"v":7.3693783790000005,"d":"7.37"},{"v":1.7635922803,"d":"1.76"},{"v":1.45720039,"d":"1.46"},{"v":0.34560460400000004,"d":"0.35"},{"v":3.7858730000000005,"d":"3.79"}]
[8,{"v":22.71262911,"d":"22.71"},{"v":0.34492786799999997,"d":"0.34"},{"v":3.6975321900000004,"d":"3.70"},{"v":7.8803333900000005,"d":"7.88"},{"v":3.8424136979999997,"d":"3.84"},{"v":7.908025941,"d":"7.91"},{"v":1.8656265144,"d":"1.87"},{"v":1.53130308,"d":"1.53"},{"v":0.35345806050000006,"d":"0.35"},{"v":3.9007240000000003,"d":"3.90"}]
[9,{"v":24.26252488,"d":"24.26"},{"v":0.35154240099999995,"d":"0.35"},{"v":3.91431551,"d":"3.91"},{"v":8.953034270000002,"d":"8.95"},{"v":4.065554889,"d":"4.07"},{"v":8.431160405,"d":"8.43"},{"v":1.9676607485,"d":"1.97"},{"v":1.60004071,"d":"1.60"},{"v":0.36019986020000005,"d":"0.36"},{"v":3.996621,"d":"4.00"}]
[10,{"v":25.74482389,"d":"25.74"},{"v":0.35558768399999996,"d":"0.36"},{"v":4.11104453,"d":"4.11"},{"v":10.02573515,"d":"10.03"},{"v":4.270611002000001,"d":"4.27"},{"v":8.938781771,"d":"8.94"},{"v":2.0696949826,"d":"2.07"},{"v":1.6634132799999999,"d":"1.66"},{"v":0.3658300031,"d":"0.37"},{"v":4.073564,"d":"4.07"}]
[11,{"v":27.159526140000004,"d":"27.16"},{"v":0.35706371700000006,"d":"0.36"},{"v":4.28771925,"d":"4.29"},{"v":11.098436029999998,"d":"11.10"},{"v":4.457582037000001,"d":"4.46"},{"v":9.430890039,"d":"9.43"},{"v":2.1717292167,"d":"2.17"},{"v":1.72142079,"d":"1.72"},{"v":0.3703484892000001,"d":"0.37"},{"v":4.131553000000001,"d":"4.13"}]
[12,{"v":28.50663163,"d":"28.51"},{"v":0.35597049999999997,"d":"0.36"},{"v":4.44433967,"d":"4.44"},{"v":12.17113691,"d":"12.17"},{"v":4.626467994,"d":"4.63"},{"v":9.907485209,"d":"9.91"},{"v":2.2737634508,"d":"2.27"},{"v":1.77406324,"d":"1.77"},{"v":0.3737553185,"d":"0.37"},{"v":4.1705879999999995,"d":"4.17"}]
[13,{"v":29.786140359999997,"d":"29.79"},{"v":0.352308033,"d":"0.35"},{"v":4.58090579,"d":"4.58"},{"v":13.24383779,"d":"13.24"},{"v":4.777268873000001,"d":"4.78"},{"v":10.368567281,"d":"10.37"},{"v":2.3757976849,"d":"2.38"},{"v":1.82134063,"d":"1.82"},{"v":0.376050491,"d":"0.38"},{"v":4.190669,"d":"4.19"}]
[14,{"v":30.998052330000004,"d":"31.00"},{"v":0.34607631599999994,"d":"0.35"},{"v":4.6974176100000005,"d":"4.70"},{"v":14.31653867,"d":"14.32"},{"v":4.909984674,"d":"4.91"},{"v":10.814136255000001,"d":"10.81"},{"v":2.477831919,"d":"2.48"},{"v":1.86325296,"d":"1.86"},{"v":0.3772340067,"d":"0.38"},{"v":4.191796000000001,"d":"4.19"}]
[15,{"v":32.14236754,"d":"32.14"},{"v":0.33727534899999995,"d":"0.34"},{"v":4.79387513,"d":"4.79"},{"v":15.38923955,"d":"15.39"},{"v":5.024615397,"d":"5.02"},{"v":11.244192131,"d":"11.24"},{"v":2.5798661531,"d":"2.58"},{"v":1.8998002299999999,"d":"1.90"},{"v":0.37730586560000007,"d":"0.38"},{"v":4.1739690000000005,"d":"4.17"}]
[16,{"v":33.219085989999996,"d":"33.22"},{"v":0.325905132,"d":"0.33"},{"v":4.8702783499999995,"d":"4.87"},{"v":16.46194043,"d":"16.46"},{"v":5.121161042000001,"d":"5.12"},{"v":11.658734909,"d":"11.66"},{"v":2.6819003872000002,"d":"2.68"},{"v":1.93098244,"d":"1.93"},{"v":0.37626606769999993,"d":"0.38"},{"v":4.137188,"d":"4.14"}]
[17,{"v":34.22820768,"d":"34.23"},{"v":0.311965665,"d":"0.31"},{"v":4.92662727,"d":"4.93"},{"v":17.534641309999998,"d":"17.53"},{"v":5.199621609000001,"d":"5.20"},{"v":12.057764589,"d":"12.06"},{"v":2.7839346213,"d":"2.78"},{"v":1.95679959,"d":"1.96"},{"v":0.37411461300000004,"d":"0.37"},{"v":4.081453000000001,"d":"4.08"}]
[18,{"v":35.169732610000004,"d":"35.17"},{"v":0.29545694799999994,"d":"0.30"},{"v":4.9629218900000005,"d":"4.96"},{"v":18.60734219,"d":"18.61"},{"v":5.2599970979999995,"d":"5.26"},{"v":12.441281171,"d":"12.44"},{"v":2.8859688554000003,"d":"2.89"},{"v":1.97725168,"d":"1.98"},{"v":0.37085150149999996,"d":"0.37"},{"v":4.006764000000001,"d":"4.01"}]
[19,{"v":36.04366078,"d":"36.04"},{"v":0.27637898099999997,"d":"0.28"},{"v":4.97916221,"d":"4.98"},{"v":19.680043069999996,"d":"19.68"},{"v":5.302287509,"d":"5.30"},{"v":12.809284654999999,"d":"12.81"},{"v":2.9880030895,"d":"2.99"},{"v":1.9923387099999998,"d":"1.99"},{"v":0.36647673320000007,"d":"0.37"},{"v":3.913121,"d":"3.91"}]
[20,{"v":36.849992189999995,"d":"36.85"},{"v":0.25473176399999997,"d":"0.25"},{"v":4.975348230000001,"d":"4.98"},{"v":20.752743949999996,"d":"20.75"},{"v":5.326492842,"d":"5.33"},{"v":13.161775040999999,"d":"13.16"},{"v":3.0900373236,"d":"3.09"},{"v":2.00206068,"d":"2.00"},{"v":0.3609903081,"d":"0.36"},{"v":3.8005240000000002,"d":"3.80"}]
[21,{"v":37.58872684000001,"d":"37.59"},{"v":0.23051529699999995,"d":"0.23"},{"v":4.95147995,"d":"4.95"},{"v":21.82544483,"d":"21.83"},{"v":5.332613096999999,"d":"5.33"},{"v":13.498752329,"d":"13.50"},{"v":3.1920715577,"d":"3.19"},{"v":2.00641759,"d":"2.01"},{"v":0.3543922262000001,"d":"0.35"},{"v":3.668973000000001,"d":"3.67"}]
[22,{"v":38.259864730000004,"d":"38.26"},{"v":0.20372957999999997,"d":"0.20"},{"v":4.90755737,"d":"4.91"},{"v":22.898145709999994,"d":"22.90"},{"v":5.320648274000001,"d":"5.32"},{"v":13.820216518999999,"d":"13.82"},{"v":3.2941057918,"d":"3.29"},{"v":2.00540944,"d":"2.01"},{"v":0.34668248749999997,"d":"0.35"},{"v":3.5184680000000013,"d":"3.52"}]
[23,{"v":38.86340586,"d":"38.86"},{"v":0.174374613,"d":"0.17"},{"v":4.843580490000001,"d":"4.84"},{"v":23.970846589999997,"d":"23.97"},{"v":5.290598372999999,"d":"5.29"},{"v":14.126167611,"d":"14.13"},{"v":3.3961400259,"d":"3.40"},{"v":1.99903623,"d":"2.00"},{"v":0.3378610920000001,"d":"0.34"},{"v":3.3490090000000006,"d":"3.35"}]
[24,{"v":39.39935023,"d":"39.40"},{"v":0.14245039599999998,"d":"0.14"},{"v":4.759549310000001,"d":"4.76"},{"v":25.043547469999996,"d":"25.04"},{"v":5.242463394,"d":"5.24"},{"v":14.416605605,"d":"14.42"},{"v":3.49817426,"d":"3.50"},{"v":1.98729796,"d":"1.99"},{"v":0.3279280397,"d":"0.33"},{"v":3.160596000000001,"d":"3.16"}]
[25,{"v":39.867697840000005,"d":"39.87"},{"v":0.10795692899999998,"d":"0.11"},{"v":4.65546383,"d":"4.66"},{"v":26.11624835,"d":"26.12"},{"v":5.176243337,"d":"5.18"},{"v":14.691530500999999,"d":"14.69"},{"v":3.6002084941,"d":"3.60"},{"v":1.97019463,"d":"1.97"},{"v":0.3168833306,"d":"0.32"},{"v":2.953229000000001,"d":"2.95"}]